-- Table structure for table `engine4_core_ticketreplies`
--

CREATE TABLE `engine4_core_ticketreplies` (
  `ticketreply_id` int(11) NOT NULL AUTO_INCREMENT,
  `ticket_id` int(11) NOT NULL,
  `user_id` int(11) NOT NULL,
  `description` text DEFAULT NULL,
  `creation_date` datetime NOT NULL,
  PRIMARY KEY (`ticketreply_id`),
  KEY `user_id` (`user_id`),
  KEY `ticket_id` (`ticket_id`),
  KEY `creation_date` (`creation_date`)
) ENGINE=InnoDB DEFAULT CHARSET=utf8mb4 COLLATE=utf8mb4_unicode_ci;

--
-- Dumping data for table `engine4_core_ticketreplies`
--


--
-- Table structure for table `engine4_core_tickets`
--

CREATE TABLE `engine4_core_tickets` (
  `ticket_id` int(11) NOT NULL AUTO_INCREMENT,
  `user_id` int(11) NOT NULL,
  `subject` text NOT NULL,
  `description` text DEFAULT NULL,
  `resource_type` varchar(32) NOT NULL,
  `resource_id` int(11) NOT NULL,
  `status` varchar(32) NOT NULL DEFAULT 'Open',
  `creation_date` datetime NOT NULL,
  `lastreply_date` datetime NOT NULL,
  `category_id` int(11) NOT NULL DEFAULT 0,
  `subcat_id` int(11) NOT NULL DEFAULT 0,
  `subsubcat_id` int(11) NOT NULL DEFAULT 0,
  PRIMARY KEY (`ticket_id`),
  KEY `user_id` (`user_id`),
  KEY `category_id` (`category_id`),
  KEY `subcat_id` (`subcat_id`),
  KEY `subsubcat_id` (`subsubcat_id`),
  KEY `status` (`status`),
  KEY `resource_type` (`resource_type`),
  KEY `resource_id` (`resource_id`),
  KEY `creation_date` (`creation_date`),
  KEY `lastreply_date` (`lastreply_date`)
) ENGINE=InnoDB DEFAULT CHARSET=utf8mb4 COLLATE=utf8mb4_unicode_ci;

--
-- Dumping data for table `engine4_core_tickets`
--


--
-- Table structure for table `engine4_elpis_customthemes`
--

CREATE TABLE `engine4_elpis_customthemes` (
  `customtheme_id` int(11) NOT NULL AUTO_INCREMENT,
  `name` varchar(128) NOT NULL,
  `value` varchar(32) NOT NULL,
  `column_key` varchar(128) NOT NULL,
  `theme_id` int(11) NOT NULL,
  `default` tinyint(1) NOT NULL DEFAULT 0,
  PRIMARY KEY (`customtheme_id`),
  UNIQUE KEY `UNIQUEKEY` (`column_key`,`theme_id`,`default`)
) ENGINE=InnoDB AUTO_INCREMENT=124 DEFAULT CHARSET=utf8mb4 COLLATE=utf8mb4_unicode_ci;

--
-- Dumping data for table `engine4_elpis_customthemes`
--

INSERT INTO `engine4_elpis_customthemes` VALUES (1,'Theme - 1','1','theme_color',1,0),(2,'Theme - 1','1','custom_theme_color',1,0),(3,'Theme - 1','#ffffff','elpis_header_background_color',1,0),(4,'Theme - 1','#ffffff','elpis_mainmenu_background_color',1,0),(5,'Theme - 1','#002646','elpis_mainmenu_links_color',1,0),(6,'Theme - 1','#ffffff','elpis_mainmenu_links_hover_color',1,0),(7,'Theme - 1','#2491EB','elpis_mainmenu_links_hover_background_color',1,0),(8,'Theme - 1','#FFFFFF','elpis_minimenu_links_color',1,0),(9,'Theme - 1','#2491eb','elpis_minimenu_links_background_color',1,0),(10,'Theme - 1','#002646','elpis_minimenu_signup_background_color',1,0),(11,'Theme - 1','#FFFFFF','elpis_minimenu_signup_font_color',1,0),(12,'Theme - 1','#FFFFFF','elpis_footer_background_color',1,0),(13,'Theme - 1','#676767','elpis_footer_font_color',1,0),(14,'Theme - 1','#676767','elpis_footer_links_color',1,0),(15,'Theme - 1','#e4e4e4','elpis_footer_border_color',1,0),(16,'Theme - 1','#2491eb','elpis_theme_color',1,0),(17,'Theme - 1','#eff4fb','elpis_body_background_color',1,0),(18,'Theme - 1','#5f727f','elpis_font_color',1,0),(19,'Theme - 1','#808D97','elpis_font_color_light',1,0),(20,'Theme - 1','#444f5d','elpis_links_color',1,0),(21,'Theme - 1','#2491eb','elpis_links_hover_color',1,0),(22,'Theme - 1','#1c2735','elpis_headline_color',1,0),(23,'Theme - 1','#e2e4e6','elpis_border_color',1,0),(24,'Theme - 1','#FFFFFF','elpis_box_background_color',1,0),(25,'Theme - 1','#455B6B','elpis_form_label_color',1,0),(26,'Theme - 1','#fff','elpis_input_background_color',1,0),(27,'Theme - 1','#5f727f','elpis_input_font_color',1,0),(28,'Theme - 1','#d7d8da','elpis_input_border_color',1,0),(29,'Theme - 1','#2491eb','elpis_button_background_color',1,0),(30,'Theme - 1','#59b4ff','elpis_button_background_color_hover',1,0),(31,'Theme - 1','#ffffff','elpis_button_font_color',1,0),(32,'Theme - 1','#2491eb','elpis_button_border_color',1,0),(33,'Theme - 1','#fff','elpis_comments_background_color',1,0),(34,'Theme - 2','2','theme_color',2,0),(35,'Theme - 2','2','custom_theme_color',2,0),(36,'Theme - 2','#ffffff','elpis_header_background_color',2,0),(37,'Theme - 2','#ffffff','elpis_mainmenu_background_color',2,0),(38,'Theme - 2','#002646','elpis_mainmenu_links_color',2,0),(39,'Theme - 2','#ffffff','elpis_mainmenu_links_hover_color',2,0),(40,'Theme - 2','#cc0821','elpis_mainmenu_links_hover_background_color',2,0),(41,'Theme - 2','#FFFFFF','elpis_minimenu_links_color',2,0),(42,'Theme - 2','#cc0821','elpis_minimenu_links_background_color',2,0),(43,'Theme - 2','#6b000e','elpis_minimenu_signup_background_color',2,0),(44,'Theme - 2','#FFFFFF','elpis_minimenu_signup_font_color',2,0),(45,'Theme - 2','#FFFFFF','elpis_footer_background_color',2,0),(46,'Theme - 2','#676767','elpis_footer_font_color',2,0),(47,'Theme - 2','#676767','elpis_footer_links_color',2,0),(48,'Theme - 2','#e4e4e4','elpis_footer_border_color',2,0),(49,'Theme - 2','#cc0821','elpis_theme_color',2,0),(50,'Theme - 2','#eff4fb','elpis_body_background_color',2,0),(51,'Theme - 2','#5f727f','elpis_font_color',2,0),(52,'Theme - 2','#808D97','elpis_font_color_light',2,0),(53,'Theme - 2','#444f5d','elpis_links_color',2,0),(54,'Theme - 2','#cc0821','elpis_links_hover_color',2,0),(55,'Theme - 2','#1c2735','elpis_headline_color',2,0),(56,'Theme - 2','#e2e4e6','elpis_border_color',2,0),(57,'Theme - 2','#FFFFFF','elpis_box_background_color',2,0),(58,'Theme - 2','#455B6B','elpis_form_label_color',2,0),(59,'Theme - 2','#fff','elpis_input_background_color',2,0),(60,'Theme - 2','#5f727f','elpis_input_font_color',2,0),(61,'Theme - 2','#d7d8da','elpis_input_border_color',2,0),(62,'Theme - 2','#cc0821','elpis_button_background_color',2,0),(63,'Theme - 2','#ff3952','elpis_button_background_color_hover',2,0),(64,'Theme - 2','#FFFFFF','elpis_button_font_color',2,0),(65,'Theme - 2','#cc0821','elpis_button_border_color',2,0),(66,'Theme - 2','#fff','elpis_comments_background_color',2,0),(67,'Theme - 3','3','theme_color',3,0),(68,'Theme - 3','3','custom_theme_color',3,0),(69,'Theme - 3','#0D0D0D','elpis_header_background_color',3,0),(70,'Theme - 3','#0D0D0D','elpis_mainmenu_background_color',3,0),(71,'Theme - 3','#fff','elpis_mainmenu_links_color',3,0),(72,'Theme - 3','#fff','elpis_mainmenu_links_hover_color',3,0),(73,'Theme - 3','#2491EB','elpis_mainmenu_links_hover_background_color',3,0),(74,'Theme - 3','#DDDDDD','elpis_minimenu_links_color',3,0),(75,'Theme - 3','#2491eb','elpis_minimenu_links_background_color',3,0),(76,'Theme - 3','#2491eb','elpis_minimenu_signup_background_color',3,0),(77,'Theme - 3','#FFFFFF','elpis_minimenu_signup_font_color',3,0),(78,'Theme - 3','#151515','elpis_footer_background_color',3,0),(79,'Theme - 3','#FFFFFF','elpis_footer_font_color',3,0),(80,'Theme - 3','#999999','elpis_footer_links_color',3,0),(81,'Theme - 3','#151515','elpis_footer_border_color',3,0),(82,'Theme - 3','#2491eb','elpis_theme_color',3,0),(83,'Theme - 3','#222222','elpis_body_background_color',3,0),(84,'Theme - 3','#DDDDDD','elpis_font_color',3,0),(85,'Theme - 3','#CCCCCC','elpis_font_color_light',3,0),(86,'Theme - 3','#FFFFFF','elpis_links_color',3,0),(87,'Theme - 3','#2491eb','elpis_links_hover_color',3,0),(88,'Theme - 3','#DDDDDD','elpis_headline_color',3,0),(89,'Theme - 3','#383838','elpis_border_color',3,0),(90,'Theme - 3','#2F2F2F','elpis_box_background_color',3,0),(91,'Theme - 3','#DDDDDD','elpis_form_label_color',3,0),(92,'Theme - 3','#4C4C4C','elpis_input_background_color',3,0),(93,'Theme - 3','#DDDDDD','elpis_input_font_color',3,0),(94,'Theme - 3','#666666','elpis_input_border_color',3,0),(95,'Theme - 3','#2491eb','elpis_button_background_color',3,0),(96,'Theme - 3','#59b4ff','elpis_button_background_color_hover',3,0),(97,'Theme - 3','#FFFFFF','elpis_button_font_color',3,0),(98,'Theme - 3','#2491eb','elpis_button_border_color',3,0),(99,'Theme - 3','#4C4C4C','elpis_comments_background_color',3,0),(100,'Theme - 1','#f2f2f2','elpis_box_background_color_alt',1,0),(101,'Theme - 1','#59B4FF','elpis_button_border_color_hover',1,0),(102,'Theme - 1','#f2f2f2','elpis_secondary_button_background_color',1,0),(103,'Theme - 1','#e5e5e5','elpis_secondary_button_background_color_hover',1,0),(104,'Theme - 1','#212529','elpis_secondary_button_font_color',1,0),(105,'Theme - 1','#212529','elpis_secondary_button_font_color_hover',1,0),(106,'Theme - 1','#E4E6EB','elpis_secondary_button_border_color',1,0),(107,'Theme - 1','#d8dadf','elpis_secondary_button_border_color_hover',1,0),(108,'Theme - 2','#f2f2f2','elpis_box_background_color_alt',2,0),(109,'Theme - 2','#A9081C','elpis_button_border_color_hover',2,0),(110,'Theme - 2','#f2f2f2','elpis_secondary_button_background_color',2,0),(111,'Theme - 2','#e5e5e5','elpis_secondary_button_background_color_hover',2,0),(112,'Theme - 2','#212529','elpis_secondary_button_font_color',2,0),(113,'Theme - 2','#212529','elpis_secondary_button_font_color_hover',2,0),(114,'Theme - 2','#F2F2F2','elpis_secondary_button_border_color',2,0),(115,'Theme - 2','#d8dadf','elpis_secondary_button_border_color_hover',2,0),(116,'Theme - 3','#343536','elpis_box_background_color_alt',3,0),(117,'Theme - 3','#343536','elpis_secondary_button_background_color',3,0),(118,'Theme - 3','#4c4d4e','elpis_secondary_button_background_color_hover',3,0),(119,'Theme - 3','#e4e6eb','elpis_secondary_button_font_color',3,0),(120,'Theme - 3','#e4e6eb','elpis_secondary_button_font_color_hover',3,0),(121,'Theme - 3','#343536','elpis_secondary_button_border_color',3,0),(122,'Theme - 3','#4c4d4e','elpis_secondary_button_border_color_hover',3,0),(123,'Theme - 3','#59B4FF','elpis_button_border_color_hover',3,0);

--
-- Table structure for table `engine4_invites`
--

CREATE TABLE `engine4_invites` (
  `id` int(10) unsigned NOT NULL AUTO_INCREMENT,
  `user_id` int(11) unsigned NOT NULL,
  `recipient` varchar(255) NOT NULL,
  `code` varchar(255) NOT NULL,
  `send_request` int(11) NOT NULL,
  `timestamp` datetime NOT NULL,
  `message` text NOT NULL,
  `new_user_id` int(11) unsigned NOT NULL DEFAULT 0,
  `import_method` varchar(64) NOT NULL DEFAULT 'Invite',
  PRIMARY KEY (`id`),
  KEY `code` (`code`),
  KEY `user_id` (`user_id`),
  KEY `recipient` (`recipient`)
) ENGINE=InnoDB AUTO_INCREMENT=2 DEFAULT CHARSET=utf8mb4 COLLATE=utf8mb4_unicode_ci;

--
-- Dumping data for table `engine4_invites`
--

INSERT INTO `engine4_invites` VALUES (1,1,'abhishek.jain@aheadsofttech.com','f881e42',0,'2024-09-09 10:18:53','You are being invited to join our social network.',0,'Invite');

--
-- Table structure for table `engine4_messages_conversations`
--

CREATE TABLE `engine4_messages_conversations` (
  `conversation_id` int(11) unsigned NOT NULL AUTO_INCREMENT,
  `title` varchar(255) NOT NULL DEFAULT '',
  `user_id` int(11) unsigned NOT NULL,
  `recipients` int(11) unsigned NOT NULL,
  `modified` datetime NOT NULL,
  `locked` tinyint(1) NOT NULL DEFAULT 0,
  `resource_type` varchar(64) DEFAULT '',
  `resource_id` int(11) unsigned NOT NULL DEFAULT 0,
  PRIMARY KEY (`conversation_id`),
  KEY `resource_type` (`resource_type`),
  KEY `resource_id` (`resource_id`)
) ENGINE=InnoDB DEFAULT CHARSET=utf8mb4 COLLATE=utf8mb4_unicode_ci;

--
-- Dumping data for table `engine4_messages_conversations`
--


--
-- Table structure for table `engine4_messages_messages`
--

CREATE TABLE `engine4_messages_messages` (
  `message_id` int(11) unsigned NOT NULL AUTO_INCREMENT,
  `conversation_id` int(11) unsigned NOT NULL,
  `user_id` int(11) unsigned NOT NULL,
  `title` varchar(255) NOT NULL,
  `body` text NOT NULL,
  `date` datetime NOT NULL,
  `attachment_type` varchar(24) DEFAULT '',
  `attachment_id` int(11) unsigned NOT NULL DEFAULT 0,
  PRIMARY KEY (`message_id`),
  UNIQUE KEY `CONVERSATIONS` (`conversation_id`,`message_id`)
) ENGINE=InnoDB DEFAULT CHARSET=utf8mb4 COLLATE=utf8mb4_unicode_ci;

--
-- Dumping data for table `engine4_messages_messages`
--


--
-- Table structure for table `engine4_messages_recipients`
--

CREATE TABLE `engine4_messages_recipients` (
  `user_id` int(11) unsigned NOT NULL,
  `conversation_id` int(11) unsigned NOT NULL,
  `inbox_message_id` int(11) unsigned DEFAULT NULL,
  `inbox_updated` datetime DEFAULT NULL,
  `inbox_read` tinyint(1) DEFAULT NULL,
  `inbox_deleted` tinyint(1) DEFAULT NULL,
  `outbox_message_id` int(11) unsigned DEFAULT NULL,
  `outbox_updated` datetime DEFAULT NULL,
  `outbox_deleted` tinyint(1) DEFAULT NULL,
  PRIMARY KEY (`user_id`,`conversation_id`),
  KEY `INBOX_UPDATED` (`user_id`,`conversation_id`,`inbox_updated`),
  KEY `OUTBOX_UPDATED` (`user_id`,`conversation_id`,`outbox_updated`),
  KEY `inbox_read` (`inbox_read`),
  KEY `inbox_deleted` (`inbox_deleted`),
  KEY `outbox_deleted` (`outbox_deleted`)
) ENGINE=InnoDB DEFAULT CHARSET=utf8mb4 COLLATE=utf8mb4_unicode_ci;

--
-- Dumping data for table `engine4_messages_recipients`
--


--
-- Table structure for table `engine4_network_membership`
--

CREATE TABLE `engine4_network_membership` (
  `resource_id` int(11) unsigned NOT NULL,
  `user_id` int(11) unsigned NOT NULL,
  `active` tinyint(1) NOT NULL DEFAULT 0,
  `resource_approved` tinyint(1) NOT NULL DEFAULT 0,
  `user_approved` tinyint(1) NOT NULL DEFAULT 0,
  PRIMARY KEY (`resource_id`,`user_id`)
) ENGINE=InnoDB DEFAULT CHARSET=utf8mb4 COLLATE=utf8mb4_unicode_ci;

--
-- Dumping data for table `engine4_network_membership`
--


--
-- Table structure for table `engine4_network_networks`
--

CREATE TABLE `engine4_network_networks` (
  `network_id` int(11) unsigned NOT NULL AUTO_INCREMENT,
  `title` varchar(255) NOT NULL,
  `description` varchar(255) NOT NULL,
  `field_id` int(11) unsigned NOT NULL DEFAULT 0,
  `pattern` text DEFAULT NULL,
  `member_count` int(11) unsigned NOT NULL DEFAULT 0,
  `hide` tinyint(1) NOT NULL DEFAULT 0,
  `assignment` tinyint(1) NOT NULL DEFAULT 0,
  PRIMARY KEY (`network_id`),
  KEY `assignment` (`assignment`)
) ENGINE=InnoDB AUTO_INCREMENT=8 DEFAULT CHARSET=utf8mb4 COLLATE=utf8mb4_unicode_ci;

--
-- Dumping data for table `engine4_network_networks`
--


--
-- Table structure for table `engine4_payment_currencies`
--

CREATE TABLE `engine4_payment_currencies` (
  `currency_id` int(11) unsigned NOT NULL AUTO_INCREMENT,
  `title` varchar(128) NOT NULL,
  `code` char(3) NOT NULL DEFAULT '',
  `change_rate` float NOT NULL DEFAULT 1,
  `enabled` tinyint(1) unsigned NOT NULL DEFAULT 0,
  `icon` varchar(255) DEFAULT NULL,
  `symbol` char(6) NOT NULL DEFAULT '',
  `seprator` char(2) NOT NULL DEFAULT ',',
  `placement` char(5) NOT NULL DEFAULT 'pre',
  `gateways` varchar(128) DEFAULT NULL,
  `order` int(11) NOT NULL DEFAULT 0,
  PRIMARY KEY (`currency_id`),
  KEY `enabled` (`enabled`),
  KEY `code` (`code`),
  KEY `order` (`order`)
) ENGINE=InnoDB AUTO_INCREMENT=169 DEFAULT CHARSET=utf8mb4 COLLATE=utf8mb4_unicode_ci;

--
-- Dumping data for table `engine4_payment_currencies`
--

INSERT INTO `engine4_payment_currencies` VALUES (1,'Afghan Afghani','AFA',1,0,NULL,'؋',',','pre',NULL,1),(2,'Albanian Lek','ALL',1,0,NULL,'Lek',',','pre',NULL,2),(3,'Algerian Dinar','DZD',1,0,NULL,'دج',',','pre',NULL,3),(4,'Angolan Kwanza','AOA',1,0,NULL,'Kz',',','pre',NULL,4),(5,'Argentine Peso','ARS',1,0,NULL,'$',',','pre',NULL,5),(6,'Armenian Dram','AMD',1,0,NULL,'֏',',','pre',NULL,6),(7,'Aruban Florin','AWG',1,0,NULL,'ƒ',',','pre',NULL,7),(8,'Australian Dollar','AUD',1,0,NULL,'AU$',',','pre',NULL,8),(9,'Azerbaijani Manat','AZN',1,0,NULL,'m',',','pre',NULL,9),(10,'Bahamian Dollar','BSD',1,0,NULL,'B$',',','pre',NULL,10),(11,'Bahraini Dinar','BHD',1,0,NULL,'.د.ب',',','pre',NULL,11),(12,'Bangladeshi Taka','BDT',1,0,NULL,'৳',',','pre',NULL,12),(13,'Barbadian Dollar','BBD',1,0,NULL,'Bds$',',','pre',NULL,13),(14,'Belarusian Ruble','BYR',1,0,NULL,'Br',',','pre',NULL,14),(15,'Belgian Franc','BEF',1,0,NULL,'fr',',','pre',NULL,15),(16,'Belize Dollar','BZD',1,0,NULL,'$',',','pre',NULL,16),(17,'Bermudan Dollar','BMD',1,0,NULL,'$',',','pre',NULL,17),(18,'Bhutanese Ngultrum','BTN',1,0,NULL,'Nu.',',','pre',NULL,18),(19,'Bitcoin','BTC',1,0,NULL,'฿',',','pre',NULL,19),(20,'Bolivian Boliviano','BOB',1,0,NULL,'Bs.',',','pre',NULL,20),(21,'Bosnia-Herzegovina Convertible Mark','BAM',1,0,NULL,'KM',',','pre',NULL,21),(22,'Botswanan Pula','BWP',1,0,NULL,'P',',','pre',NULL,22),(23,'Brazilian Real','BRL',1,0,NULL,'R$',',','pre',NULL,23),(24,'British Pound Sterling','GBP',1,0,NULL,'£',',','pre',NULL,24),(25,'Brunei Dollar','BND',1,0,NULL,'B$',',','pre',NULL,25),(26,'Bulgarian Lev','BGN',1,0,NULL,'Лв.',',','pre',NULL,26),(27,'Burundian Franc','BIF',1,0,NULL,'FBu',',','pre',NULL,27),(28,'Cambodian Riel','KHR',1,0,NULL,'KHR',',','pre',NULL,28),(29,'Canadian Dollar','CAD',1,0,NULL,'$',',','pre',NULL,29),(30,'Cape Verdean Escudo','CVE',1,0,NULL,'$',',','pre',NULL,30),(31,'Cayman Islands Dollar','KYD',1,0,NULL,'$',',','pre',NULL,31),(32,'CFA Franc BCEAO','XOF',1,0,NULL,'CFA',',','pre',NULL,32),(33,'CFA Franc BEAC','XAF',1,0,NULL,'FCFA',',','pre',NULL,33),(34,'CFP Franc','XPF',1,0,NULL,'₣',',','pre',NULL,34),(35,'Chilean Peso','CLP',1,0,NULL,'$',',','pre',NULL,35),(36,'Chilean Unit of Account','CLF',1,0,NULL,'CLF',',','pre',NULL,36),(37,'Chinese Yuan','CNY',1,0,NULL,'¥',',','pre',NULL,37),(38,'Colombian Peso','COP',1,0,NULL,'$',',','pre',NULL,38),(39,'Comorian Franc','KMF',1,0,NULL,'CF',',','pre',NULL,39),(40,'Congolese Franc','CDF',1,0,NULL,'FC',',','pre',NULL,40),(41,'Costa Rican Colón','CRC',1,0,NULL,'₡',',','pre',NULL,41),(42,'Croatian Kuna','HRK',1,0,NULL,'kn',',','pre',NULL,42),(43,'Cuban Convertible Peso','CUC',1,0,NULL,'$, CUC',',','pre',NULL,43),(44,'Czech Republic Koruna','CZK',1,0,NULL,'Kč',',','pre',NULL,44),(45,'Danish Krone','DKK',1,0,NULL,'Kr.',',','pre',NULL,45),(46,'Djiboutian Franc','DJF',1,0,NULL,'Fdj',',','pre',NULL,46),(47,'Dominican Peso','DOP',1,0,NULL,'$',',','pre',NULL,47),(48,'East Caribbean Dollar','XCD',1,0,NULL,'$',',','pre',NULL,48),(49,'Egyptian Pound','EGP',1,0,NULL,'ج.م',',','pre',NULL,49),(50,'Eritrean Nakfa','ERN',1,0,NULL,'Nfk',',','pre',NULL,50),(51,'Estonian Kroon','EEK',1,0,NULL,'kr',',','pre',NULL,51),(52,'Ethiopian Birr','ETB',1,0,NULL,'Nkf',',','pre',NULL,52),(53,'Euro','EUR',1,0,NULL,'€',',','pre',NULL,53),(54,'Falkland Islands Pound','FKP',1,0,NULL,'£',',','pre',NULL,54),(55,'Fijian Dollar','FJD',1,0,NULL,'FJ$',',','pre',NULL,55),(56,'Gambian Dalasi','GMD',1,0,NULL,'D',',','pre',NULL,56),(57,'Georgian Lari','GEL',1,0,NULL,'ლ',',','pre',NULL,57),(58,'German Mark','DEM',1,0,NULL,'DM',',','pre',NULL,58),(59,'Ghanaian Cedi','GHS',1,0,NULL,'GH₵',',','pre',NULL,59),(60,'Gibraltar Pound','GIP',1,0,NULL,'£',',','pre',NULL,60),(61,'Greek Drachma','GRD',1,0,NULL,'₯, Δρχ',',','pre',NULL,61),(62,'Guatemalan Quetzal','GTQ',1,0,NULL,'Q',',','pre',NULL,62),(63,'Guinean Franc','GNF',1,0,NULL,'FG',',','pre',NULL,63),(64,'Guyanaese Dollar','GYD',1,0,NULL,'$',',','pre',NULL,64),(65,'Haitian Gourde','HTG',1,0,NULL,'G',',','pre',NULL,65),(66,'Honduran Lempira','HNL',1,0,NULL,'L',',','pre',NULL,66),(67,'Hong Kong Dollar','HKD',1,0,NULL,'$',',','pre',NULL,67),(68,'Hungarian Forint','HUF',1,0,NULL,'Ft',',','pre',NULL,68),(69,'Icelandic Króna','ISK',1,0,NULL,'kr',',','pre',NULL,69),(70,'Indian Rupee','INR',1,0,NULL,'₹',',','pre',NULL,70),(71,'Indonesian Rupiah','IDR',1,0,NULL,'Rp',',','pre',NULL,71),(72,'Iranian Rial','IRR',1,0,NULL,'﷼',',','pre',NULL,72),(73,'Iraqi Dinar','IQD',1,0,NULL,'د.ع',',','pre',NULL,73),(74,'Israeli New Sheqel','ILS',1,0,NULL,'₪',',','pre',NULL,74),(75,'Italian Lira','ITL',1,0,NULL,'L,£',',','pre',NULL,75),(76,'Jamaican Dollar','JMD',1,0,NULL,'J$',',','pre',NULL,76),(77,'Japanese Yen','JPY',1,0,NULL,'¥',',','pre',NULL,77),(78,'Jordanian Dinar','JOD',1,0,NULL,'ا.د',',','pre',NULL,78),(79,'Kazakhstani Tenge','KZT',1,0,NULL,'лв',',','pre',NULL,79),(80,'Kenyan Shilling','KES',1,0,NULL,'KSh',',','pre',NULL,80),(81,'Kuwaiti Dinar','KWD',1,0,NULL,'ك.د',',','pre',NULL,81),(82,'Kyrgystani Som','KGS',1,0,NULL,'лв',',','pre',NULL,82),(83,'Laotian Kip','LAK',1,0,NULL,'₭',',','pre',NULL,83),(84,'Latvian Lats','LVL',1,0,NULL,'Ls',',','pre',NULL,84),(85,'Lebanese Pound','LBP',1,0,NULL,'£',',','pre',NULL,85),(86,'Lesotho Loti','LSL',1,0,NULL,'L',',','pre',NULL,86),(87,'Liberian Dollar','LRD',1,0,NULL,'$',',','pre',NULL,87),(88,'Libyan Dinar','LYD',1,0,NULL,'د.ل',',','pre',NULL,88),(89,'Litecoin','LTC',1,0,NULL,'Ł',',','pre',NULL,89),(90,'Lithuanian Litas','LTL',1,0,NULL,'Lt',',','pre',NULL,90),(91,'Macanese Pataca','MOP',1,0,NULL,'$',',','pre',NULL,91),(92,'Macedonian Denar','MKD',1,0,NULL,'ден',',','pre',NULL,92),(93,'Malagasy Ariary','MGA',1,0,NULL,'Ar',',','pre',NULL,93),(94,'Malawian Kwacha','MWK',1,0,NULL,'MK',',','pre',NULL,94),(95,'Malaysian Ringgit','MYR',1,0,NULL,'RM',',','pre',NULL,95),(96,'Maldivian Rufiyaa','MVR',1,0,NULL,'Rf',',','pre',NULL,96),(97,'Mauritanian Ouguiya','MRO',1,0,NULL,'MRU',',','pre',NULL,97),(98,'Mauritian Rupee','MUR',1,0,NULL,'₨',',','pre',NULL,98),(99,'Mexican Peso','MXN',1,0,NULL,'$',',','pre',NULL,99),(100,'Moldovan Leu','MDL',1,0,NULL,'L',',','pre',NULL,100),(101,'Mongolian Tugrik','MNT',1,0,NULL,'₮',',','pre',NULL,101),(102,'Moroccan Dirham','MAD',1,0,NULL,'MAD',',','pre',NULL,102),(103,'Mozambican Metical','MZM',1,0,NULL,'MT',',','pre',NULL,103),(104,'Myanmar Kyat','MMK',1,0,NULL,'K',',','pre',NULL,104),(105,'Namibian Dollar','NAD',1,0,NULL,'$',',','pre',NULL,105),(106,'Nepalese Rupee','NPR',1,0,NULL,'₨',',','pre',NULL,106),(107,'Netherlands Antillean Guilder','ANG',1,0,NULL,'ƒ',',','pre',NULL,107),(108,'New Taiwan Dollar','TWD',1,0,NULL,'$',',','pre',NULL,108),(109,'New Zealand Dollar','NZD',1,0,NULL,'$',',','pre',NULL,109),(110,'Nicaraguan Córdoba','NIO',1,0,NULL,'C$',',','pre',NULL,110),(111,'Nigerian Naira','NGN',1,0,NULL,'₦',',','pre',NULL,111),(112,'North Korean Won','KPW',1,0,NULL,'₩',',','pre',NULL,112),(113,'Norwegian Krone','NOK',1,0,NULL,'kr',',','pre',NULL,113),(114,'Omani Rial','OMR',1,0,NULL,'.ع.ر',',','pre',NULL,114),(115,'Pakistani Rupee','PKR',1,0,NULL,'₨',',','pre',NULL,115),(116,'Panamanian Balboa','PAB',1,0,NULL,'B/.',',','pre',NULL,116),(117,'Papua New Guinean Kina','PGK',1,0,NULL,'K',',','pre',NULL,117),(118,'Paraguayan Guarani','PYG',1,0,NULL,'₲',',','pre',NULL,118),(119,'Peruvian Nuevo Sol','PEN',1,0,NULL,'S/.',',','pre',NULL,119),(120,'Philippine Peso','PHP',1,0,NULL,'₱',',','pre',NULL,120),(121,'Polish Zloty','PLN',1,0,NULL,'zł',',','pre',NULL,121),(122,'Qatari Rial','QAR',1,0,NULL,'ق.ر',',','pre',NULL,122),(123,'Romanian Leu','RON',1,0,NULL,'lei',',','pre',NULL,123),(124,'Russian Ruble','RUB',1,0,NULL,'₽',',','pre',NULL,124),(125,'Rwandan Franc','RWF',1,0,NULL,'FRw',',','pre',NULL,125),(126,'Salvadoran Colón','SVC',1,0,NULL,'₡',',','pre',NULL,126),(127,'Samoan Tala','WST',1,0,NULL,'SAT',',','pre',NULL,127),(128,'São Tomé and Príncipe Dobra','STD',1,0,NULL,'Db',',','pre',NULL,128),(129,'Saudi Riyal','SAR',1,0,NULL,'﷼',',','pre',NULL,129),(130,'Serbian Dinar','RSD',1,0,NULL,'din',',','pre',NULL,130),(131,'Seychellois Rupee','SCR',1,0,NULL,'SRe',',','pre',NULL,131),(132,'Sierra Leonean Leone','SLL',1,0,NULL,'Le',',','pre',NULL,132),(133,'Singapore Dollar','SGD',1,0,NULL,'$',',','pre',NULL,133),(134,'Slovak Koruna','SKK',1,0,NULL,'Sk',',','pre',NULL,134),(135,'Solomon Islands Dollar','SBD',1,0,NULL,'Si$',',','pre',NULL,135),(136,'Somali Shilling','SOS',1,0,NULL,'Sh.so.',',','pre',NULL,136),(137,'South African Rand','ZAR',1,0,NULL,'R',',','pre',NULL,137),(138,'South Korean Won','KRW',1,0,NULL,'₩',',','pre',NULL,138),(139,'South Sudanese Pound','SSP',1,0,NULL,'£',',','pre',NULL,139),(140,'Special Drawing Rights','XDR',1,0,NULL,'SDR',',','pre',NULL,140),(141,'Sri Lankan Rupee','LKR',1,0,NULL,'Rs',',','pre',NULL,141),(142,'St. Helena Pound','SHP',1,0,NULL,'£',',','pre',NULL,142),(143,'Sudanese Pound','SDG',1,0,NULL,'.س.ج',',','pre',NULL,143),(144,'Surinamese Dollar','SRD',1,0,NULL,'$',',','pre',NULL,144),(145,'Swazi Lilangeni','SZL',1,0,NULL,'E',',','pre',NULL,145),(146,'Swedish Krona','SEK',1,0,NULL,'kr',',','pre',NULL,146),(147,'Swiss Franc','CHF',1,0,NULL,'CHf',',','pre',NULL,147),(148,'Syrian Pound','SYP',1,0,NULL,'LS',',','pre',NULL,148),(149,'Tajikistani Somoni','TJS',1,0,NULL,'SM',',','pre',NULL,149),(150,'Tanzanian Shilling','TZS',1,0,NULL,'TSh',',','pre',NULL,150),(151,'Thai Baht','THB',1,0,NULL,'฿',',','pre',NULL,151),(152,'Tongan Paanga','TOP',1,0,NULL,'$',',','pre',NULL,152),(153,'Trinidad & Tobago Dollar','TTD',1,0,NULL,'$',',','pre',NULL,153),(154,'Tunisian Dinar','TND',1,0,NULL,'ت.د',',','pre',NULL,154),(155,'Turkish Lira','TRY',1,0,NULL,'₺',',','pre',NULL,155),(156,'Turkmenistani Manat','TMT',1,0,NULL,'T',',','pre',NULL,156),(157,'Ugandan Shilling','UGX',1,0,NULL,'USh',',','pre',NULL,157),(158,'Ukrainian Hryvnia','UAH',1,0,NULL,'₴',',','pre',NULL,158),(159,'United Arab Emirates Dirham','AED',1,0,NULL,'إ.د',',','pre',NULL,159),(160,'Uruguayan Peso','UYU',1,0,NULL,'$',',','pre',NULL,160),(161,'US Dollar','USD',1,1,NULL,'$',',','pre',NULL,161),(162,'Uzbekistan Som','UZS',1,0,NULL,'лв',',','pre',NULL,162),(163,'Vanuatu Vatu','VUV',1,0,NULL,'VT',',','pre',NULL,163),(164,'Venezuelan BolÃvar','VEF',1,0,NULL,'Bs',',','pre',NULL,164),(165,'Vietnamese Dong','VND',1,0,NULL,'₫',',','pre',NULL,165),(166,'Yemeni Rial','YER',1,0,NULL,'﷼',',','pre',NULL,166),(167,'Zambian Kwacha','ZMK',1,0,NULL,'ZK',',','pre',NULL,167),(168,'Zimbabwean dollar','ZWL',1,0,NULL,'$',',','pre',NULL,168);

--
-- Table structure for table `engine4_payment_gateways`
--

CREATE TABLE `engine4_payment_gateways` (
  `gateway_id` int(10) unsigned NOT NULL AUTO_INCREMENT,
  `title` varchar(128) NOT NULL,
  `description` text DEFAULT NULL,
  `enabled` tinyint(1) unsigned NOT NULL DEFAULT 0,
  `plugin` varchar(128) NOT NULL,
  `config` mediumblob DEFAULT NULL,
  `test_mode` tinyint(1) unsigned NOT NULL DEFAULT 0,
  `is_recurring` tinyint(1) NOT NULL DEFAULT 0 COMMENT 'If any gateway supports recurring, use 1; otherwise, use 0.',
  PRIMARY KEY (`gateway_id`),
  KEY `enabled` (`enabled`)
) ENGINE=InnoDB AUTO_INCREMENT=3001 DEFAULT CHARSET=utf8mb4 COLLATE=utf8mb4_unicode_ci;

--
-- Dumping data for table `engine4_payment_gateways`
--

INSERT INTO `engine4_payment_gateways` VALUES (1,'PayPal',NULL,0,'Payment_Plugin_Gateway_PayPal',NULL,0,1),(4,'Bank',NULL,0,'Payment_Plugin_Gateway_Bank',NULL,0,0),(5,'Cash',NULL,0,'Payment_Plugin_Gateway_Cash',NULL,0,0),(6,'Cheque',NULL,0,'Payment_Plugin_Gateway_Cheque',NULL,0,0),(7,'Stripe',NULL,0,'Payment_Plugin_Gateway_Stripe',NULL,0,1),(3000,'Wallet',NULL,0,'Payment_Plugin_Gateway_Wallet',NULL,0,1);

--
-- Table structure for table `engine4_payment_orders`
--

CREATE TABLE `engine4_payment_orders` (
  `order_id` int(10) unsigned NOT NULL AUTO_INCREMENT,
  `user_id` int(10) unsigned NOT NULL,
  `gateway_id` int(10) unsigned NOT NULL,
  `gateway_order_id` varchar(128) DEFAULT NULL,
  `gateway_transaction_id` varchar(128) DEFAULT NULL,
  `state` enum('pending','cancelled','failed','incomplete','complete') NOT NULL DEFAULT 'pending',
  `creation_date` datetime NOT NULL,
  `source_type` varchar(128) DEFAULT NULL,
  `source_id` int(10) unsigned DEFAULT NULL,
  `gateway_type` varchar(255) DEFAULT NULL,
  PRIMARY KEY (`order_id`),
  KEY `user_id` (`user_id`),
  KEY `gateway_id` (`gateway_id`,`gateway_order_id`),
  KEY `state` (`state`),
  KEY `source_type` (`source_type`,`source_id`)
) ENGINE=InnoDB DEFAULT CHARSET=utf8mb4 COLLATE=utf8mb4_unicode_ci;

--
-- Dumping data for table `engine4_payment_orders`
--


--
-- Table structure for table `engine4_payment_packages`
--

CREATE TABLE `engine4_payment_packages` (
  `package_id` int(10) unsigned NOT NULL AUTO_INCREMENT,
  `title` varchar(128) NOT NULL,
  `description` text NOT NULL,
  `level_id` int(10) unsigned NOT NULL,
  `downgrade_level_id` int(10) unsigned NOT NULL DEFAULT 0,
  `price` decimal(16,2) unsigned NOT NULL,
  `recurrence` int(11) unsigned NOT NULL,
  `recurrence_type` enum('day','week','month','year','forever') NOT NULL,
  `duration` int(11) unsigned NOT NULL,
  `duration_type` enum('day','week','month','year','forever') NOT NULL,
  `trial_duration` int(11) unsigned NOT NULL DEFAULT 0,
  `trial_duration_type` enum('day','week','month','year','forever') DEFAULT NULL,
  `enabled` tinyint(1) unsigned NOT NULL DEFAULT 1,
  `signup` tinyint(1) unsigned NOT NULL DEFAULT 1,
  `after_signup` tinyint(1) unsigned NOT NULL DEFAULT 1,
  `default` tinyint(1) unsigned NOT NULL DEFAULT 0,
  `extra_day` int(8) NOT NULL,
  `reminder_email` int(8) NOT NULL,
  `reminder_email_type` enum('day','week','month','year') NOT NULL,
  `send_reminder` tinyint(1) NOT NULL DEFAULT 1,
  `order` int(11) NOT NULL DEFAULT 0,
  `photo_id` varchar(255) DEFAULT NULL,
  `packagestyles` text DEFAULT NULL,
  `features` text DEFAULT NULL,
  PRIMARY KEY (`package_id`),
  KEY `level_id` (`level_id`)
) ENGINE=InnoDB DEFAULT CHARSET=utf8mb4 COLLATE=utf8mb4_unicode_ci;

--
-- Dumping data for table `engine4_payment_packages`
--


--
-- Table structure for table `engine4_payment_packagestyles`
--

CREATE TABLE `engine4_payment_packagestyles` (
  `packagestyle_id` int(11) NOT NULL AUTO_INCREMENT,
  `package_id` int(11) NOT NULL,
  `packagetemplate_id` int(11) NOT NULL,
  `enabled` tinyint(1) NOT NULL DEFAULT 0,
  `column_title` varchar(255) NOT NULL,
  `column_width` varchar(64) DEFAULT NULL,
  `column_margin` int(2) DEFAULT NULL,
  `row_height` int(6) DEFAULT NULL,
  `column_descr_height` int(6) DEFAULT NULL,
  `icon_position` tinyint(1) NOT NULL,
  `show_highlight` tinyint(1) DEFAULT NULL,
  `show_label` tinyint(1) NOT NULL DEFAULT 0,
  `label_text` varchar(255) DEFAULT NULL,
  `footer_text` varchar(256) DEFAULT NULL,
  `column_text_color` varchar(64) DEFAULT NULL,
  `footer_text_color` varchar(64) DEFAULT NULL,
  `footer_bg_color` varchar(64) DEFAULT NULL,
  `column_color` varchar(32) DEFAULT NULL,
  `column_row_color` varchar(32) DEFAULT NULL,
  `column_row_text_color` varchar(32) DEFAULT NULL,
  `label_text_color` varchar(32) DEFAULT NULL,
  `label_color` varchar(32) DEFAULT NULL,
  `row_border_color` varchar(32) DEFAULT NULL,
  `upgrade_footer_text` varchar(255) DEFAULT NULL,
  `label_position` tinyint(1) NOT NULL DEFAULT 1,
  PRIMARY KEY (`packagestyle_id`)
) ENGINE=InnoDB DEFAULT CHARSET=utf8mb4 COLLATE=utf8mb4_unicode_ci;

--
-- Dumping data for table `engine4_payment_packagestyles`
--


--
-- Table structure for table `engine4_payment_packagetemplates`
--

CREATE TABLE `engine4_payment_packagetemplates` (
  `packagetemplate_id` int(11) NOT NULL AUTO_INCREMENT,
  `title` varchar(255) NOT NULL,
  `body_container_clr` varchar(16) DEFAULT NULL,
  `header_bgclr` varchar(16) DEFAULT NULL,
  `header_txtclr` varchar(16) DEFAULT NULL,
  `overlap` tinyint(1) NOT NULL DEFAULT 0,
  `params` text DEFAULT NULL,
  `active` tinyint(1) NOT NULL DEFAULT 0,
  `default` tinyint(1) NOT NULL DEFAULT 0,
  PRIMARY KEY (`packagetemplate_id`)
) ENGINE=InnoDB DEFAULT CHARSET=utf8mb4 COLLATE=utf8mb4_unicode_ci;

--
-- Dumping data for table `engine4_payment_packagetemplates`
--


--
-- Table structure for table `engine4_payment_products`
--

CREATE TABLE `engine4_payment_products` (
  `product_id` int(10) unsigned NOT NULL AUTO_INCREMENT,
  `extension_type` varchar(64) DEFAULT NULL,
  `extension_id` int(10) unsigned DEFAULT NULL,
  `sku` bigint(20) unsigned NOT NULL,
  `title` varchar(128) NOT NULL,
  `description` text NOT NULL,
  `price` decimal(16,2) unsigned NOT NULL,
  PRIMARY KEY (`product_id`),
  UNIQUE KEY `sku` (`sku`),
  KEY `extension_type` (`extension_type`,`extension_id`)
) ENGINE=InnoDB DEFAULT CHARSET=utf8mb4 COLLATE=utf8mb4_unicode_ci;

--
-- Dumping data for table `engine4_payment_products`
--


--
-- Table structure for table `engine4_payment_subscriptions`
--

CREATE TABLE `engine4_payment_subscriptions` (
  `subscription_id` int(11) unsigned NOT NULL AUTO_INCREMENT,
  `user_id` int(11) unsigned NOT NULL,
  `package_id` int(11) unsigned NOT NULL,
  `main_package_id` int(11) unsigned NOT NULL DEFAULT 0,
  `status` enum('initial','trial','pending','active','cancelled','expired','overdue','refunded') NOT NULL DEFAULT 'initial',
  `active` tinyint(1) unsigned NOT NULL DEFAULT 0,
  `creation_date` datetime NOT NULL,
  `modified_date` datetime DEFAULT NULL,
  `payment_date` datetime DEFAULT NULL,
  `expiration_date` datetime DEFAULT NULL,
  `notes` text DEFAULT NULL,
  `gateway_id` int(10) unsigned DEFAULT NULL,
  `gateway_profile_id` varchar(128) DEFAULT NULL,
  `email_reminder` tinyint(1) NOT NULL DEFAULT 0 COMMENT 'This is for subscription plan is expiring reminder email.',
  `order_id` int(11) NOT NULL DEFAULT 0,
  `resource_id` int(11) NOT NULL DEFAULT 0,
  `resource_type` varchar(64) DEFAULT NULL,
  PRIMARY KEY (`subscription_id`),
  UNIQUE KEY `gateway_id` (`gateway_id`,`gateway_profile_id`),
  KEY `user_id` (`user_id`),
  KEY `package_id` (`package_id`),
  KEY `status` (`status`),
  KEY `active` (`active`)
) ENGINE=InnoDB DEFAULT CHARSET=utf8mb4 COLLATE=utf8mb4_unicode_ci;

--
-- Dumping data for table `engine4_payment_subscriptions`
--


--
-- Table structure for table `engine4_payment_transactions`
--

CREATE TABLE `engine4_payment_transactions` (
  `transaction_id` int(10) unsigned NOT NULL AUTO_INCREMENT,
  `user_id` int(10) unsigned NOT NULL DEFAULT 0,
  `gateway_id` int(10) unsigned NOT NULL,
  `timestamp` datetime NOT NULL,
  `order_id` int(10) unsigned NOT NULL DEFAULT 0,
  `type` varchar(64) DEFAULT NULL,
  `state` varchar(64) DEFAULT NULL,
  `gateway_transaction_id` varchar(128) NOT NULL,
  `gateway_parent_transaction_id` varchar(128) DEFAULT NULL,
  `gateway_order_id` varchar(128) DEFAULT NULL,
  `amount` decimal(16,2) NOT NULL,
  `currency` char(3) NOT NULL COMMENT 'default currency',
  `params` varchar(255) DEFAULT NULL,
  `file_id` int(11) DEFAULT NULL,
  `expiration_date` datetime DEFAULT NULL,
  `change_rate` float NOT NULL DEFAULT 0,
  `current_currency` char(3) DEFAULT NULL COMMENT 'paid by the user in currency',
  `subscription_id` int(11) NOT NULL DEFAULT 0,
  PRIMARY KEY (`transaction_id`),
  KEY `user_id` (`user_id`),
  KEY `gateway_id` (`gateway_id`),
  KEY `type` (`type`),
  KEY `state` (`state`),
  KEY `gateway_transaction_id` (`gateway_transaction_id`),
  KEY `gateway_parent_transaction_id` (`gateway_parent_transaction_id`)
) ENGINE=InnoDB DEFAULT CHARSET=utf8mb4 COLLATE=utf8mb4_unicode_ci;

--
-- Dumping data for table `engine4_payment_transactions`
--


--
-- Table structure for table `engine4_payment_verificationpackages`
--

CREATE TABLE `engine4_payment_verificationpackages` (
  `verificationpackage_id` int(10) unsigned NOT NULL AUTO_INCREMENT,
  `level_id` int(10) unsigned NOT NULL,
  `price` decimal(16,2) unsigned NOT NULL,
  `recurrence` int(11) unsigned NOT NULL,
  `recurrence_type` enum('day','week','month','year','forever') NOT NULL,
  `duration` int(11) unsigned NOT NULL,
  `duration_type` enum('day','week','month','year','forever') NOT NULL,
  `verified_icon` varchar(255) DEFAULT NULL,
  `verified_tiptext` varchar(255) DEFAULT NULL,
  `verified` tinyint(1) unsigned NOT NULL DEFAULT 0,
  PRIMARY KEY (`verificationpackage_id`),
  KEY `level_id` (`level_id`)
) ENGINE=InnoDB AUTO_INCREMENT=5 DEFAULT CHARSET=utf8mb4 COLLATE=utf8mb4_unicode_ci;

--
-- Dumping data for table `engine4_payment_verificationpackages`
--

INSERT INTO `engine4_payment_verificationpackages` VALUES (1,4,1.00,0,'forever',0,'forever',NULL,'Verified',0),(2,3,1.00,0,'forever',0,'forever',NULL,'Verified',0),(3,1,1.00,0,'forever',0,'forever',NULL,'Verified',0),(4,2,1.00,0,'forever',0,'forever',NULL,'Verified',0);

--
-- Table structure for table `engine4_payment_verifications`
--

CREATE TABLE `engine4_payment_verifications` (
  `verification_id` int(11) NOT NULL AUTO_INCREMENT,
  `user_id` int(11) DEFAULT NULL,
  `transaction_id` int(11) NOT NULL DEFAULT 0,
  `params` varchar(255) DEFAULT NULL,
  PRIMARY KEY (`verification_id`)
) ENGINE=InnoDB DEFAULT CHARSET=utf8mb4 COLLATE=utf8mb4_unicode_ci;

--
-- Dumping data for table `engine4_payment_verifications`
--


--
-- Table structure for table `engine4_payment_wallets`
--

CREATE TABLE `engine4_payment_wallets` (
  `wallet_id` int(11) NOT NULL AUTO_INCREMENT,
  `user_id` int(11) DEFAULT NULL,
  `transaction_id` int(11) NOT NULL DEFAULT 0,
  `params` varchar(255) DEFAULT NULL,
  PRIMARY KEY (`wallet_id`)
) ENGINE=InnoDB DEFAULT CHARSET=latin1 COLLATE=latin1_swedish_ci;

--
-- Dumping data for table `engine4_payment_wallets`
--


--
-- Table structure for table `engine4_sesbasic_bannedwords`
--

CREATE TABLE `engine4_sesbasic_bannedwords` (
  `bannedword_id` int(10) unsigned NOT NULL AUTO_INCREMENT,
  `resource_type` varchar(32) DEFAULT NULL,
  `resource_id` int(11) unsigned DEFAULT NULL,
  `word` text NOT NULL,
  PRIMARY KEY (`bannedword_id`),
  UNIQUE KEY `resource_type_2` (`resource_type`,`resource_id`),
  KEY `resource_type` (`resource_type`,`resource_id`)
) ENGINE=InnoDB AUTO_INCREMENT=199 DEFAULT CHARSET=utf8mb4 COLLATE=utf8mb4_unicode_ci;

--
-- Dumping data for table `engine4_sesbasic_bannedwords`
--

INSERT INTO `engine4_sesbasic_bannedwords` VALUES (1,'',NULL,'help'),(2,'',NULL,'activity'),(3,'',NULL,'updates'),(4,'',NULL,'messages'),(5,'',NULL,'admin'),(6,'',NULL,'user'),(7,'',NULL,'members'),(8,'',NULL,'wall'),(9,'',NULL,'chat'),(10,'',NULL,'about-us'),(11,'',NULL,'stats'),(12,'',NULL,'files'),(13,'',NULL,'ads'),(14,'',NULL,'invite'),(15,'',NULL,'events'),(16,'',NULL,'album'),(17,'',NULL,'albums'),(18,'',NULL,'classifieds'),(19,'',NULL,'classified'),(20,'',NULL,'content'),(21,'',NULL,'forums'),(22,'',NULL,'group'),(23,'',NULL,'groups'),(24,'',NULL,'blog'),(25,'',NULL,'blogs'),(26,'',NULL,'poll'),(27,'',NULL,'polls'),(28,'',NULL,'music'),(29,'',NULL,'musics'),(30,'',NULL,'video'),(31,'',NULL,'videos'),(32,'',NULL,'subscribes'),(33,'',NULL,'tag'),(34,'',NULL,'tags'),(35,'',NULL,'tasks'),(36,'',NULL,'profile'),(37,'',NULL,'vote'),(38,'',NULL,'core'),(39,'',NULL,'fields'),(40,'',NULL,'network'),(41,'',NULL,'payment'),(42,'',NULL,'sesactivitypoints'),(43,'',NULL,'sesadvancedactivity'),(44,'',NULL,'sesadvancedbanner'),(45,'',NULL,'sesadvancedcomment'),(46,'',NULL,'sesadvancedheader'),(47,'',NULL,'sesadvminimenu'),(48,'',NULL,'sesadvsitenotification'),(49,'',NULL,'sesalbum'),(50,'',NULL,'sesandroidapp'),(51,'',NULL,'sesannouncement'),(52,'',NULL,'sesapi'),(53,'',NULL,'sesariana'),(54,'',NULL,'sesarticle'),(55,'',NULL,'sesblog'),(56,'',NULL,'sesblogpackage'),(57,'',NULL,'sesbody'),(58,'',NULL,'sesbrowserpush'),(59,'',NULL,'seschristmas'),(60,'',NULL,'sescleanwide'),(61,'',NULL,'sescommunityads'),(62,'',NULL,'sescompany'),(63,'',NULL,'sescontactus'),(64,'',NULL,'sescontentcoverphoto'),(65,'',NULL,'sescontest'),(66,'',NULL,'sescontestjoinfees'),(67,'',NULL,'sescontestjurymember'),(68,'',NULL,'sescontestpackage'),(69,'',NULL,'seselegant'),(70,'',NULL,'sesemoji'),(71,'',NULL,'seserror'),(72,'',NULL,'sesevent'),(73,'',NULL,'seseventcontact'),(74,'',NULL,'seseventmusic'),(75,'',NULL,'seseventpdfticket'),(76,'',NULL,'seseventreview'),(77,'',NULL,'seseventspeaker'),(78,'',NULL,'seseventsponsorship'),(79,'',NULL,'seseventticket'),(80,'',NULL,'seseventvideo'),(81,'',NULL,'sesexpose'),(82,'',NULL,'sesfaq'),(83,'',NULL,'sesfbstyle'),(84,'',NULL,'sesfeedbg'),(85,'',NULL,'sesfeedgif'),(86,'',NULL,'sesfeelingactivity'),(87,'',NULL,'sesfooter'),(88,'',NULL,'sesgdpr'),(89,'',NULL,'seshtmlbackground'),(90,'',NULL,'seshtmlblock'),(91,'',NULL,'seslangtranslator'),(92,'',NULL,'sesletteravatar'),(93,'',NULL,'seslink'),(94,'',NULL,'sesmaterial'),(95,'',NULL,'sesmember'),(96,'',NULL,'sesmembershorturl'),(97,'',NULL,'sesmetatag'),(98,'',NULL,'sesminify'),(99,'',NULL,'sesmultiplecurrency'),(100,'',NULL,'sesmultipleform'),(101,'',NULL,'sesmusic'),(102,'',NULL,'sespage'),(103,'',NULL,'sespagebuilder'),(104,'',NULL,'sespageurl'),(105,'',NULL,'sespoke'),(106,'',NULL,'sesprayer'),(107,'',NULL,'sesprofilelock'),(108,'',NULL,'sesrecipe'),(109,'',NULL,'sessiteiframe'),(110,'',NULL,'sessociallogin'),(111,'',NULL,'sessocialshare'),(112,'',NULL,'sessocialtube'),(113,'',NULL,'sesspectromedia'),(114,'',NULL,'sestour'),(115,'',NULL,'sestweet'),(116,'',NULL,'sesusercoverphoto'),(117,'',NULL,'sesusercovervideo'),(118,'',NULL,'sesvideo'),(119,'',NULL,'chanels'),(120,'',NULL,'quotes'),(121,'',NULL,'quote'),(122,'',NULL,'prayers'),(123,'',NULL,'prayer'),(124,'',NULL,'page-directories'),(125,'',NULL,'page-directory'),(126,'',NULL,'browse-review'),(127,'',NULL,'privacy-center'),(128,'',NULL,'faqs'),(129,'',NULL,'faq'),(130,'',NULL,'events'),(131,'',NULL,'eventmusics'),(132,'',NULL,'eventmusic'),(133,'',NULL,'comingsoon'),(134,'',NULL,'contestpackage'),(135,'',NULL,'contestpayment'),(136,'',NULL,'contests'),(137,'',NULL,'contest'),(138,'',NULL,'wishes'),(139,'',NULL,'friend-wishes'),(140,'',NULL,'welcome'),(141,'',NULL,'Sesblogs'),(142,'',NULL,'blog-album'),(143,'',NULL,'Sesarticles'),(144,'',NULL,'article-album'),(145,'',NULL,'articles'),(146,'',NULL,'comment-like'),(147,'',NULL,'comment'),(148,'',NULL,'comments'),(149,'',NULL,'app-default-data'),(150,'',NULL,'stickers'),(151,'',NULL,'feelings'),(152,'',NULL,'onthisday'),(153,'',NULL,'storage'),(154,'',NULL,'page'),(155,'',NULL,'stores'),(156,'',NULL,'job-posting'),(157,'',NULL,'level'),(158,'',NULL,'likes'),(159,'',NULL,'list'),(160,'',NULL,'listing'),(161,'',NULL,'listingitem'),(162,'',NULL,'listingitems'),(163,'',NULL,'listings'),(164,'',NULL,'product'),(165,'',NULL,'product-videos'),(166,'',NULL,'products'),(167,'',NULL,'market'),(168,'',NULL,'media-importer'),(169,'',NULL,'member'),(170,'',NULL,'memberlevel'),(171,'',NULL,'members-details'),(172,'',NULL,'hashtag'),(173,'',NULL,'hecore'),(174,'',NULL,'hecore-friend'),(175,'',NULL,'hecore-module'),(176,'',NULL,'newsfeed'),(177,'',NULL,'pdf'),(178,'',NULL,'photo'),(179,'',NULL,'points'),(180,'',NULL,'pokes'),(181,'',NULL,'profiletype'),(182,'',NULL,'project'),(183,'',NULL,'projects'),(184,'',NULL,'qp'),(185,'',NULL,'question'),(186,'',NULL,'questions'),(187,'',NULL,'radcodes'),(188,'',NULL,'whcore'),(189,'',NULL,'rss'),(190,'',NULL,'sesbasic'),(191,'',NULL,'settings'),(192,'',NULL,'recipe'),(193,'',NULL,'recipeitems'),(194,'',NULL,'review-videos'),(195,'',NULL,'reviews'),(196,'',NULL,'xml'),(197,'',NULL,'slideshow'),(198,'',NULL,'writings');

--
-- Table structure for table `engine4_sesbasic_instagram`
--

CREATE TABLE `engine4_sesbasic_instagram` (
  `instagram_id` int(11) unsigned NOT NULL AUTO_INCREMENT,
  `user_id` int(11) NOT NULL,
  `instagram_uid` varchar(45) NOT NULL,
  `access_token` varchar(255) NOT NULL DEFAULT '',
  `code` varchar(255) NOT NULL DEFAULT '',
  `expires` bigint(20) unsigned NOT NULL DEFAULT 0,
  PRIMARY KEY (`instagram_id`),
  UNIQUE KEY `instagram_uid` (`instagram_uid`)
) ENGINE=InnoDB DEFAULT CHARSET=utf8mb4 COLLATE=utf8mb4_unicode_ci;

--
-- Dumping data for table `engine4_sesbasic_instagram`
--


--
-- Table structure for table `engine4_sesbasic_integrateothermodules`
--

CREATE TABLE `engine4_sesbasic_integrateothermodules` (
  `integrateothermodule_id` int(11) NOT NULL AUTO_INCREMENT,
  `module_name` varchar(64) NOT NULL,
  `type` varchar(64) NOT NULL,
  `content_type` varchar(64) NOT NULL,
  `content_type_photo` varchar(64) NOT NULL,
  `content_id` varchar(64) NOT NULL,
  `content_id_photo` varchar(64) NOT NULL,
  `enabled` tinyint(1) NOT NULL,
  PRIMARY KEY (`integrateothermodule_id`),
  UNIQUE KEY `content_type` (`type`,`content_type`,`content_id`),
  KEY `module_name` (`module_name`)
) ENGINE=InnoDB AUTO_INCREMENT=4 DEFAULT CHARSET=utf8mb4 COLLATE=utf8mb4_unicode_ci;

--
-- Dumping data for table `engine4_sesbasic_integrateothermodules`
--

INSERT INTO `engine4_sesbasic_integrateothermodules` VALUES (1,'sesevent','lightbox','sesevent_album','sesevent_photo','album_id','photo_id',1),(2,'sesblog','lightbox','sesblog_album','sesblog_photo','album_id','photo_id',1),(3,'event','lightbox','event_album','event_photo','album_id','photo_id',1);

--
-- Table structure for table `engine4_sesbasic_likes`
--

CREATE TABLE `engine4_sesbasic_likes` (
  `like_id` int(11) unsigned NOT NULL AUTO_INCREMENT,
  `resource_type` varchar(32) NOT NULL,
  `resource_id` int(11) unsigned NOT NULL,
  `poster_type` varchar(32) NOT NULL,
  `poster_id` int(11) unsigned NOT NULL,
  `creation_date` datetime NOT NULL,
  PRIMARY KEY (`like_id`),
  KEY `resource_type` (`resource_type`,`resource_id`),
  KEY `poster_type` (`poster_type`,`poster_id`)
) ENGINE=InnoDB DEFAULT CHARSET=utf8mb4 COLLATE=utf8mb4_unicode_ci;

--
-- Dumping data for table `engine4_sesbasic_likes`
--


--
-- Table structure for table `engine4_sesbasic_locations`
--

CREATE TABLE `engine4_sesbasic_locations` (
  `location_id` int(11) NOT NULL AUTO_INCREMENT,
  `resource_id` int(11) NOT NULL,
  `lat` varchar(128) DEFAULT NULL,
  `lng` varchar(128) DEFAULT NULL,
  `resource_type` varchar(65) NOT NULL DEFAULT 'sesalbum',
  `venue` varchar(255) DEFAULT NULL,
  `address` text DEFAULT NULL,
  `address2` text DEFAULT NULL,
  `city` varchar(255) DEFAULT NULL,
  `state` varchar(255) DEFAULT NULL,
  `zip` varchar(255) DEFAULT NULL,
  `country` varchar(255) DEFAULT NULL,
  `modified_date` timestamp NOT NULL DEFAULT current_timestamp() ON UPDATE current_timestamp(),
  PRIMARY KEY (`location_id`),
  UNIQUE KEY `uniqueKey` (`resource_id`,`resource_type`),
  KEY `lat` (`lat`),
  KEY `lng` (`lng`)
) ENGINE=InnoDB AUTO_INCREMENT=4 DEFAULT CHARSET=utf8mb4 COLLATE=utf8mb4_unicode_ci;

--
-- Dumping data for table `engine4_sesbasic_locations`
--

INSERT INTO `engine4_sesbasic_locations` VALUES (1,1,'','','sesblog_blog','France','','','','','','','2026-02-11 06:22:07'),(2,2,'','','sesblog_blog','Gurugram, Haryana, India','','','','','','','2026-02-11 11:09:58'),(3,3,'','','sesblog_blog','France','','','','','','','2026-02-12 12:20:58');

--
-- Table structure for table `engine4_sesbasic_menuitems`
--

CREATE TABLE `engine4_sesbasic_menuitems` (
  `menuitem_id` int(11) NOT NULL AUTO_INCREMENT,
  `id` int(11) unsigned NOT NULL,
  `name` varchar(64) NOT NULL,
  `module` varchar(32) NOT NULL,
  `label` varchar(256) NOT NULL,
  `plugin` varchar(128) DEFAULT NULL,
  `params` text NOT NULL,
  `menu` varchar(256) DEFAULT NULL,
  `submenu` varchar(32) DEFAULT NULL,
  `enabled` tinyint(1) NOT NULL DEFAULT 1,
  `custom` tinyint(1) NOT NULL DEFAULT 0,
  `order` smallint(6) NOT NULL DEFAULT 999,
  `file_id` int(11) NOT NULL,
  PRIMARY KEY (`menuitem_id`),
  UNIQUE KEY `name` (`name`),
  UNIQUE KEY `id` (`id`,`name`),
  KEY `LOOKUP` (`name`,`order`)
) ENGINE=InnoDB AUTO_INCREMENT=11 DEFAULT CHARSET=utf8mb4 COLLATE=utf8mb4_unicode_ci;

--
-- Dumping data for table `engine4_sesbasic_menuitems`
--

INSERT INTO `engine4_sesbasic_menuitems` VALUES (1,6,'core_mini_update','activity','Updates','Activity_Plugin_Menus','{\"icon\":\"far fa-bell\"}','sesbasic_mini','',0,0,1,0),(2,7,'core_mini_profile','user','My Profile','User_Plugin_Menus','','sesbasic_mini','',0,0,5,0),(3,8,'core_mini_auth','user','Auth','User_Plugin_Menus','{\"icon\":\"fa-sign-in-alt\"}','sesbasic_mini','',1,0,2,0),(4,9,'core_mini_signup','user','Signup','User_Plugin_Menus','{\"icon\":\"fa-user-plus\"}','sesbasic_mini','',1,0,1,0),(5,128,'core_mini_messages','messages','Messages','Messages_Plugin_Menus','{\"icon\":\"far fa-envelope\"}','sesbasic_mini','',1,0,7,0),(6,142,'core_mini_currency','payment','Currency Chooser','Payment_Plugin_Menus','{\"route\":\"default\",\"module\":\"payment\",\"icon\":\"fa fa-usd\"}','sesbasic_mini','',1,0,8,0),(8,0,'core_mini_notification','user','Notifications','','{\"route\":\"default\",\"module\":\"sesbasic\",\"controller\":\"notifications\",\"action\":\"pulldown\"}','sesbasic_mini','',1,0,8,0);

--
-- Table structure for table `engine4_sesbasic_menusicons`
--

CREATE TABLE `engine4_sesbasic_menusicons` (
  `menusicon_id` int(11) NOT NULL AUTO_INCREMENT,
  `menu_id` int(11) NOT NULL,
  `icon_id` int(11) NOT NULL,
  `type` varchar(45) NOT NULL DEFAULT 'mainicon',
  `icon_type` tinyint(1) NOT NULL DEFAULT 0,
  `font_icon` varchar(255) NOT NULL,
  PRIMARY KEY (`menusicon_id`),
  UNIQUE KEY `menu_id` (`menu_id`)
) ENGINE=InnoDB DEFAULT CHARSET=utf8mb4 COLLATE=utf8mb4_unicode_ci;

--
-- Dumping data for table `engine4_sesbasic_menusicons`
--


--
-- Table structure for table `engine4_sesbasic_notificationreads`
--

CREATE TABLE `engine4_sesbasic_notificationreads` (
  `notificationread_id` int(11) NOT NULL AUTO_INCREMENT,
  `item_id` int(11) NOT NULL,
  `type` varchar(255) NOT NULL,
  `user_id` int(11) NOT NULL,
  PRIMARY KEY (`notificationread_id`),
  UNIQUE KEY `menu_type` (`user_id`,`type`)
) ENGINE=InnoDB DEFAULT CHARSET=utf8mb4 COLLATE=utf8mb4_unicode_ci;

--
-- Dumping data for table `engine4_sesbasic_notificationreads`
--


--
-- Table structure for table `engine4_sesbasic_saves`
--

CREATE TABLE `engine4_sesbasic_saves` (
  `save_id` int(11) unsigned NOT NULL AUTO_INCREMENT,
  `resource_type` varchar(64) NOT NULL,
  `resource_id` int(11) NOT NULL,
  `poster_id` int(11) NOT NULL,
  `poster_type` varchar(64) NOT NULL,
  `creation_date` datetime NOT NULL,
  PRIMARY KEY (`save_id`),
  KEY `resource_type` (`resource_type`,`resource_id`),
  KEY `poster_type` (`poster_type`,`poster_id`)
) ENGINE=InnoDB DEFAULT CHARSET=utf8mb4 COLLATE=utf8mb4_unicode_ci;

--
-- Dumping data for table `engine4_sesbasic_saves`
--


--
-- Table structure for table `engine4_sesbasic_userdetails`
--

CREATE TABLE `engine4_sesbasic_userdetails` (
  `userdetail_id` int(11) unsigned NOT NULL AUTO_INCREMENT,
  `user_id` int(11) unsigned NOT NULL,
  `country_code` varchar(45) DEFAULT NULL,
  `phone_number` varchar(100) DEFAULT NULL,
  PRIMARY KEY (`userdetail_id`),
  KEY `user_id` (`user_id`),
  KEY `phone_number` (`phone_number`)
) ENGINE=InnoDB DEFAULT CHARSET=utf8mb4 COLLATE=utf8mb4_unicode_ci;

--
-- Dumping data for table `engine4_sesbasic_userdetails`
--


--
-- Table structure for table `engine4_sesbasic_usergateways`
--

CREATE TABLE `engine4_sesbasic_usergateways` (
  `usergateway_id` int(11) unsigned NOT NULL AUTO_INCREMENT,
  `user_id` int(11) unsigned NOT NULL,
  `title` varchar(128) NOT NULL,
  `description` text DEFAULT NULL,
  `enabled` tinyint(1) unsigned NOT NULL DEFAULT 0,
  `plugin` varchar(128) NOT NULL,
  `sponsorship` varchar(128) NOT NULL,
  `config` mediumblob DEFAULT NULL,
  `test_mode` tinyint(1) unsigned NOT NULL DEFAULT 0,
  `gateway_type` varchar(64) NOT NULL,
  PRIMARY KEY (`usergateway_id`)
) ENGINE=InnoDB DEFAULT CHARSET=utf8mb4 COLLATE=utf8mb4_unicode_ci;

--
-- Dumping data for table `engine4_sesbasic_usergateways`
--


--
-- Table structure for table `engine4_sesblog_albums`
--

CREATE TABLE `engine4_sesblog_albums` (
  `album_id` int(11) unsigned NOT NULL AUTO_INCREMENT,
  `blog_id` int(11) unsigned NOT NULL,
  `owner_id` int(11) unsigned NOT NULL,
  `title` varchar(128) NOT NULL,
  `description` mediumtext NOT NULL,
  `creation_date` datetime NOT NULL,
  `modified_date` datetime NOT NULL,
  `search` tinyint(1) NOT NULL DEFAULT 1,
  `photo_id` int(11) unsigned NOT NULL DEFAULT 0,
  `view_count` int(11) unsigned NOT NULL DEFAULT 0,
  `comment_count` int(11) unsigned NOT NULL DEFAULT 0,
  `collectible_count` int(11) unsigned NOT NULL DEFAULT 0,
  `like_count` int(11) NOT NULL DEFAULT 0,
  `position_cover` varchar(255) DEFAULT NULL,
  `art_cover` int(11) NOT NULL DEFAULT 0,
  `favourite_count` int(11) unsigned NOT NULL DEFAULT 0,
  PRIMARY KEY (`album_id`),
  KEY `blog_id` (`blog_id`)
) ENGINE=InnoDB AUTO_INCREMENT=4 DEFAULT CHARSET=utf8mb4 COLLATE=utf8mb4_unicode_ci;

--
-- Dumping data for table `engine4_sesblog_albums`
--

INSERT INTO `engine4_sesblog_albums` VALUES (1,1,1,'The Future of Web Development in 2026','','2026-02-11 06:20:13','2026-02-11 06:20:13',1,66,0,0,2,0,NULL,0,0),(2,2,1,'The Future of Online Shopping: How eCommerce is Transforming Businesses','','2026-02-11 11:09:07','2026-02-11 11:09:07',1,70,0,0,1,0,NULL,0,0),(3,3,1,'wfdbghmj','','2026-02-12 12:20:44','2026-02-12 12:20:44',1,74,0,0,1,0,NULL,0,0);

--
-- Table structure for table `engine4_sesblog_blog_fields_maps`
--

CREATE TABLE `engine4_sesblog_blog_fields_maps` (
  `field_id` int(11) NOT NULL,
  `option_id` int(11) NOT NULL,
  `child_id` int(11) NOT NULL,
  `order` smallint(6) NOT NULL,
  PRIMARY KEY (`field_id`,`option_id`,`child_id`)
) ENGINE=InnoDB DEFAULT CHARSET=utf8mb4 COLLATE=utf8mb4_unicode_ci;

--
-- Dumping data for table `engine4_sesblog_blog_fields_maps`
--

INSERT INTO `engine4_sesblog_blog_fields_maps` VALUES (0,0,1,1);

--
-- Table structure for table `engine4_sesblog_blog_fields_meta`
--

CREATE TABLE `engine4_sesblog_blog_fields_meta` (
  `field_id` int(11) NOT NULL AUTO_INCREMENT,
  `type` varchar(24) NOT NULL,
  `label` varchar(64) NOT NULL,
  `description` varchar(255) NOT NULL DEFAULT '',
  `alias` varchar(32) NOT NULL DEFAULT '',
  `required` tinyint(1) NOT NULL DEFAULT 0,
  `display` tinyint(1) unsigned NOT NULL,
  `publish` tinyint(1) unsigned NOT NULL DEFAULT 0,
  `search` tinyint(1) unsigned NOT NULL DEFAULT 0,
  `show` tinyint(1) unsigned DEFAULT 0,
  `order` smallint(3) unsigned NOT NULL DEFAULT 999,
  `config` text NOT NULL,
  `validators` text DEFAULT NULL,
  `filters` text DEFAULT NULL,
  `style` text DEFAULT NULL,
  `error` text DEFAULT NULL,
  PRIMARY KEY (`field_id`)
) ENGINE=InnoDB AUTO_INCREMENT=2 DEFAULT CHARSET=utf8mb4 COLLATE=utf8mb4_unicode_ci;

--
-- Dumping data for table `engine4_sesblog_blog_fields_meta`
--

INSERT INTO `engine4_sesblog_blog_fields_meta` VALUES (1,'profile_type','Profile Type','','profile_type',1,0,0,2,0,999,'',NULL,NULL,NULL,NULL);

--
-- Table structure for table `engine4_sesblog_blog_fields_options`
--

CREATE TABLE `engine4_sesblog_blog_fields_options` (
  `option_id` int(11) NOT NULL AUTO_INCREMENT,
  `field_id` int(11) NOT NULL,
  `label` varchar(255) NOT NULL,
  `order` smallint(6) NOT NULL DEFAULT 999,
  `type` tinyint(1) NOT NULL DEFAULT 0,
  PRIMARY KEY (`option_id`),
  KEY `field_id` (`field_id`)
) ENGINE=InnoDB AUTO_INCREMENT=2 DEFAULT CHARSET=utf8mb4 COLLATE=utf8mb4_unicode_ci;

--
-- Dumping data for table `engine4_sesblog_blog_fields_options`
--

INSERT INTO `engine4_sesblog_blog_fields_options` VALUES (1,1,'Rock Blogs',0,0);

--
-- Table structure for table `engine4_sesblog_blog_fields_search`
--

CREATE TABLE `engine4_sesblog_blog_fields_search` (
  `item_id` int(11) NOT NULL,
  `profile_type` smallint(11) unsigned DEFAULT NULL,
  PRIMARY KEY (`item_id`),
  KEY `profile_type` (`profile_type`)
) ENGINE=InnoDB DEFAULT CHARSET=utf8mb4 COLLATE=utf8mb4_unicode_ci;

--
-- Dumping data for table `engine4_sesblog_blog_fields_search`
--

INSERT INTO `engine4_sesblog_blog_fields_search` VALUES (1,NULL),(2,NULL),(3,NULL);

--
-- Table structure for table `engine4_sesblog_blog_fields_values`
--

CREATE TABLE `engine4_sesblog_blog_fields_values` (
  `item_id` int(11) NOT NULL,
  `field_id` int(11) NOT NULL,
  `index` smallint(3) NOT NULL DEFAULT 0,
  `value` text NOT NULL,
  PRIMARY KEY (`item_id`,`field_id`,`index`)
) ENGINE=InnoDB DEFAULT CHARSET=utf8mb4 COLLATE=utf8mb4_unicode_ci;

--
-- Dumping data for table `engine4_sesblog_blog_fields_values`
--


--
-- Table structure for table `engine4_sesblog_blogs`
--

CREATE TABLE `engine4_sesblog_blogs` (
  `blog_id` int(11) unsigned NOT NULL AUTO_INCREMENT,
  `custom_url` varchar(255) NOT NULL,
  `parent_id` int(11) DEFAULT 0,
  `photo_id` int(11) DEFAULT 0,
  `title` varchar(224) NOT NULL,
  `body` longtext NOT NULL,
  `location` varchar(255) DEFAULT NULL,
  `owner_type` varchar(64) NOT NULL,
  `owner_id` int(11) unsigned NOT NULL,
  `category_id` int(11) unsigned NOT NULL DEFAULT 0,
  `subcat_id` int(11) DEFAULT 0,
  `subsubcat_id` int(11) DEFAULT 0,
  `creation_date` datetime NOT NULL,
  `modified_date` datetime NOT NULL,
  `publish_date` varchar(255) NOT NULL,
  `starttime` varchar(255) NOT NULL,
  `endtime` varchar(255) NOT NULL,
  `view_count` int(11) unsigned NOT NULL DEFAULT 0,
  `comment_count` int(11) unsigned NOT NULL DEFAULT 0,
  `like_count` int(11) unsigned NOT NULL DEFAULT 0,
  `blog_contact_name` varchar(255) DEFAULT NULL,
  `blog_contact_email` varchar(255) DEFAULT NULL,
  `blog_contact_phone` varchar(255) DEFAULT NULL,
  `blog_contact_website` varchar(255) DEFAULT NULL,
  `blog_contact_facebook` varchar(255) DEFAULT NULL,
  `parent_type` varchar(255) NOT NULL,
  `seo_title` varchar(255) DEFAULT NULL,
  `seo_keywords` varchar(255) DEFAULT NULL,
  `seo_description` text DEFAULT NULL,
  `featured` tinyint(1) NOT NULL DEFAULT 0,
  `sponsored` tinyint(1) NOT NULL DEFAULT 0,
  `verified` tinyint(1) NOT NULL DEFAULT 0,
  `is_approved` tinyint(1) NOT NULL DEFAULT 1,
  `ip_address` varchar(55) NOT NULL DEFAULT '0.0.0.0',
  `favourite_count` tinyint(11) NOT NULL DEFAULT 0,
  `offtheday` tinyint(1) NOT NULL,
  `style` tinyint(1) NOT NULL DEFAULT 1,
  `rating` float NOT NULL,
  `search` tinyint(1) NOT NULL DEFAULT 1,
  `draft` tinyint(1) unsigned NOT NULL DEFAULT 0,
  `is_publish` tinyint(1) NOT NULL DEFAULT 0,
  `readtime` varchar(64) DEFAULT NULL,
  `ssesblog_id` int(11) NOT NULL DEFAULT 0,
  `resource_type` varchar(128) DEFAULT NULL,
  `resource_id` int(11) NOT NULL DEFAULT 0,
  `networks` varchar(255) DEFAULT NULL,
  `levels` varchar(255) DEFAULT NULL,
  `cotinuereading` tinyint(1) NOT NULL DEFAULT 0,
  `continue_height` int(11) NOT NULL DEFAULT 0,
  `package_id` int(11) NOT NULL DEFAULT 0,
  `transaction_id` int(11) NOT NULL DEFAULT 0,
  `existing_package_order` int(11) NOT NULL DEFAULT 0,
  `orderspackage_id` int(11) NOT NULL DEFAULT 0,
  PRIMARY KEY (`blog_id`),
  KEY `owner_type` (`owner_type`,`owner_id`),
  KEY `search` (`search`,`creation_date`),
  KEY `owner_id` (`owner_id`,`draft`),
  KEY `draft` (`draft`,`search`),
  KEY `parent_type` (`parent_type`),
  KEY `comment_count` (`comment_count`),
  KEY `featured` (`featured`),
  KEY `sponsored` (`sponsored`),
  KEY `verified` (`verified`),
  KEY `favourite_count` (`favourite_count`),
  KEY `offtheday` (`offtheday`),
  KEY `rating` (`rating`),
  KEY `is_publish` (`is_publish`),
  KEY `resource_type` (`resource_type`),
  KEY `resource_id` (`resource_id`),
  KEY `package_id` (`package_id`)
) ENGINE=InnoDB AUTO_INCREMENT=4 DEFAULT CHARSET=utf8mb4 COLLATE=utf8mb4_unicode_ci;

--
-- Dumping data for table `engine4_sesblog_blogs`
--

INSERT INTO `engine4_sesblog_blogs` VALUES (1,'the-future-of-web-development-in-2026',0,66,'The Future of Web Development in 2026','<p data-start=\"187\" data-end=\"462\">The digital landscape is evolving rapidly, and web development continues to play a crucial role in business success. In 2026, having a basic website is no longer enough. Businesses now require high-performance, scalable, and user-focused web applications to stay competitive.</p>\r\n<p data-start=\"464\" data-end=\"698\">Modern users expect fast loading speeds, seamless navigation, and visually engaging interfaces. Companies that invest in advanced web technologies are seeing higher engagement, improved customer retention, and better conversion rates.</p>','France','user',1,12,0,0,'2026-02-11 06:22:07','2026-02-11 06:22:07','','','',0,0,0,NULL,NULL,NULL,NULL,NULL,'',NULL,'web development',NULL,0,0,0,1,'::1',0,0,1,0,1,0,1,'34 seconds',0,NULL,0,NULL,NULL,1,0,1,0,0,0),(2,'the-future-of-online-shopping-how-ecommerce-is-transforming-businesses',0,70,'The Future of Online Shopping: How eCommerce is Transforming Businesses','<p data-start=\"221\" data-end=\"463\">Online shopping has completely transformed the way customers buy products and how businesses sell them. With the rapid growth of digital platforms, eCommerce is no longer just an option &mdash; it has become a necessity for businesses of all sizes.</p>\r\n<p data-start=\"465\" data-end=\"685\">Consumers today expect convenience, fast delivery, secure payments, and personalized experiences. Companies that adapt to modern eCommerce trends are experiencing higher sales, wider reach, and stronger customer loyalty.</p>','Gurugram, Haryana, India','user',1,9,0,0,'2026-02-11 11:09:58','2026-02-11 11:09:58','','','',0,0,0,NULL,NULL,NULL,NULL,NULL,'',NULL,'eCommerce',NULL,0,0,0,1,'::1',0,0,2,0,1,0,1,'34 seconds',0,NULL,0,NULL,NULL,1,0,1,0,0,0),(3,'wfdbghmj',0,74,'wfdbghmj','<p><strong>Lorem Ipsum</strong> is simply dummy text of the printing and typesetting industry. Lorem Ipsum has been the industry\'s standard dummy text ever since the 1500s, when an unknown printer took a galley of type and scrambled it to make a type specimen book. It has survived not only five centuries, but also the leap into electronic typesetting, remaining essentially unchanged. It was popularised in the 1960s with the release of Letraset sheets containing Lorem Ipsum passages, and more recently with desktop publishing software like Aldus PageMaker including versions of Lorem Ipsum.</p>','France','user',1,5,0,0,'2026-02-12 12:20:58','2026-02-12 12:20:58','','','',0,0,0,NULL,NULL,NULL,NULL,NULL,'',NULL,'fgnhmj',NULL,0,0,0,1,'::1',0,0,3,0,1,0,1,'46 seconds',0,NULL,0,NULL,NULL,1,0,1,0,0,0);

--
-- Table structure for table `engine4_sesblog_categories`
--

CREATE TABLE `engine4_sesblog_categories` (
  `category_id` int(11) unsigned NOT NULL AUTO_INCREMENT,
  `user_id` int(11) unsigned NOT NULL,
  `category_name` varchar(128) NOT NULL,
  `description` text DEFAULT NULL,
  `order` int(11) NOT NULL DEFAULT 0,
  `title` varchar(255) NOT NULL,
  `slug` varchar(255) NOT NULL,
  `subcat_id` int(11) DEFAULT 0,
  `subsubcat_id` int(11) DEFAULT 0,
  `thumbnail` int(11) NOT NULL DEFAULT 0,
  `cat_icon` int(11) NOT NULL DEFAULT 0,
  `colored_icon` int(11) NOT NULL,
  `color` varchar(255) DEFAULT NULL,
  `profile_type_review` int(11) DEFAULT NULL,
  `profile_type` int(11) DEFAULT NULL,
  `ssesblog_categoryid` int(11) DEFAULT NULL,
  `member_levels` varchar(255) DEFAULT NULL,
  PRIMARY KEY (`category_id`),
  KEY `user_id` (`user_id`),
  KEY `order` (`order`),
  KEY `subcat_id` (`subcat_id`),
  KEY `subsubcat_id` (`subsubcat_id`),
  KEY `cat_icon` (`cat_icon`),
  KEY `colored_icon` (`colored_icon`),
  KEY `profile_type` (`profile_type`),
  KEY `ssesblog_categoryid` (`ssesblog_categoryid`),
  KEY `member_levels` (`member_levels`)
) ENGINE=InnoDB AUTO_INCREMENT=14 DEFAULT CHARSET=utf8mb4 COLLATE=utf8mb4_unicode_ci;

--
-- Dumping data for table `engine4_sesblog_categories`
--

INSERT INTO `engine4_sesblog_categories` VALUES (1,1,'Arts & Culture','',11,'Arts & Culture','arts-culture',0,0,0,0,0,NULL,0,0,NULL,'1,2,3,4'),(2,1,'Business','',10,'Business','business',0,0,0,0,0,NULL,NULL,0,NULL,'1,2,3,4'),(3,1,'Entertainment','',9,'Entertainment','entertainment',0,0,0,0,0,NULL,NULL,0,NULL,'1,2,3,4'),(5,1,'Family & Home','',8,'Family & Home','family-home',0,0,0,0,0,NULL,NULL,0,NULL,'1,2,3,4'),(6,1,'Health','',7,'Health','health',0,0,0,0,0,NULL,NULL,0,NULL,'1,2,3,4'),(7,1,'Recreation','',6,'Recreation','recreation',0,0,0,0,0,NULL,NULL,0,NULL,'1,2,3,4'),(8,1,'Personal','',5,'Personal','personal',0,0,0,0,0,NULL,NULL,0,NULL,'1,2,3,4'),(9,1,'Shopping','',4,'Shopping','shopping',0,0,0,0,0,NULL,NULL,0,NULL,'1,2,3,4'),(10,1,'Society','',3,'Society','society',0,0,0,0,0,NULL,NULL,0,NULL,'1,2,3,4'),(11,1,'Sports','',2,'Sports','sports',0,0,0,0,0,NULL,NULL,0,NULL,'1,2,3,4'),(12,1,'Technology','',1,'Technology','technology',0,0,0,0,0,NULL,NULL,0,NULL,'1,2,3,4'),(13,1,'Other','',0,'Other','other',0,0,0,0,0,NULL,NULL,0,NULL,'1,2,3,4');

--
-- Table structure for table `engine4_sesblog_categorymappings`
--

CREATE TABLE `engine4_sesblog_categorymappings` (
  `categorymapping_id` int(11) NOT NULL AUTO_INCREMENT,
  `module_name` varchar(64) NOT NULL,
  `category_id` int(11) NOT NULL,
  `profiletype_id` int(11) NOT NULL,
  `profile_type` varchar(255) NOT NULL,
  PRIMARY KEY (`categorymapping_id`),
  KEY `category_id` (`category_id`)
) ENGINE=InnoDB DEFAULT CHARSET=utf8mb4 COLLATE=utf8mb4_unicode_ci;

--
-- Dumping data for table `engine4_sesblog_categorymappings`
--


--
-- Table structure for table `engine4_sesblog_claims`
--

CREATE TABLE `engine4_sesblog_claims` (
  `claim_id` int(11) unsigned NOT NULL AUTO_INCREMENT,
  `user_id` int(11) NOT NULL,
  `blog_id` int(11) NOT NULL,
  `title` varchar(128) NOT NULL,
  `user_email` varchar(128) NOT NULL,
  `user_name` varchar(128) NOT NULL,
  `contact_number` varchar(128) NOT NULL,
  `description` text DEFAULT NULL,
  `creation_date` datetime NOT NULL,
  `status` tinyint(1) NOT NULL DEFAULT 0,
  PRIMARY KEY (`claim_id`)
) ENGINE=InnoDB DEFAULT CHARSET=utf8mb4 COLLATE=utf8mb4_unicode_ci;

--
-- Dumping data for table `engine4_sesblog_claims`
--


--
-- Table structure for table `engine4_sesblog_dashboards`
--

CREATE TABLE `engine4_sesblog_dashboards` (
  `dashboard_id` int(11) unsigned NOT NULL AUTO_INCREMENT,
  `type` varchar(128) NOT NULL,
  `title` varchar(128) NOT NULL,
  `enabled` tinyint(1) NOT NULL DEFAULT 1,
  `main` tinyint(1) NOT NULL DEFAULT 0,
  PRIMARY KEY (`dashboard_id`)
) ENGINE=InnoDB AUTO_INCREMENT=14 DEFAULT CHARSET=utf8mb4 COLLATE=utf8mb4_unicode_ci;

--
-- Dumping data for table `engine4_sesblog_dashboards`
--

INSERT INTO `engine4_sesblog_dashboards` VALUES (1,'manage_blog','Manage Blog',1,1),(2,'edit_blog','Edit Blog',1,0),(3,'edit_photo','Edit Photo',1,0),(4,'blog_role','Blog Roles',1,0),(5,'manage_blog_video','Manage Videos',1,0),(6,'manage_blog_music','Manage Music Albums',1,0),(7,'change_owner','Transfer Ownership',1,0),(8,'manage_blog_albums','Manage Albums',1,0),(9,'contact_information','Contact Information',1,0),(10,'edit_style','Edit Style',1,0),(11,'edit_location','Edit Location',1,0),(12,'seo','Seo Details',1,0),(13,'upgrade','Upgrade Package',1,0);

--
-- Table structure for table `engine4_sesblog_favourites`
--

CREATE TABLE `engine4_sesblog_favourites` (
  `favourite_id` int(11) unsigned NOT NULL AUTO_INCREMENT,
  `user_id` int(11) unsigned NOT NULL,
  `resource_type` varchar(128) NOT NULL,
  `resource_id` int(11) NOT NULL,
  PRIMARY KEY (`favourite_id`),
  KEY `user_id` (`user_id`,`resource_type`,`resource_id`)
) ENGINE=InnoDB DEFAULT CHARSET=utf8mb4 COLLATE=utf8mb4_unicode_ci;

--
-- Dumping data for table `engine4_sesblog_favourites`
--


--
-- Table structure for table `engine4_sesblog_integrateothermodules`
--

CREATE TABLE `engine4_sesblog_integrateothermodules` (
  `integrateothermodule_id` int(11) unsigned NOT NULL AUTO_INCREMENT,
  `module_name` varchar(64) NOT NULL,
  `content_type` varchar(64) NOT NULL,
  `content_url` varchar(255) NOT NULL,
  `content_id` varchar(64) NOT NULL,
  `enabled` tinyint(1) NOT NULL,
  PRIMARY KEY (`integrateothermodule_id`),
  UNIQUE KEY `content_type` (`content_type`,`content_id`),
  KEY `module_name` (`module_name`)
) ENGINE=InnoDB DEFAULT CHARSET=utf8mb4 COLLATE=utf8mb4_unicode_ci;

--
-- Dumping data for table `engine4_sesblog_integrateothermodules`
--


--
-- Table structure for table `engine4_sesblog_mapevents`
--

CREATE TABLE `engine4_sesblog_mapevents` (
  `mapevent_id` int(11) NOT NULL AUTO_INCREMENT,
  `event_id` int(11) unsigned NOT NULL,
  `blog_id` int(11) unsigned NOT NULL,
  `request_owner_blog` tinyint(1) NOT NULL,
  `request_owner_event` tinyint(1) NOT NULL,
  `approved` tinyint(1) NOT NULL DEFAULT 1,
  PRIMARY KEY (`mapevent_id`),
  KEY `event_id` (`event_id`)
) ENGINE=InnoDB DEFAULT CHARSET=utf8mb4 COLLATE=utf8mb4_unicode_ci;

--
-- Dumping data for table `engine4_sesblog_mapevents`
--


--
-- Table structure for table `engine4_sesblog_parameters`
--

CREATE TABLE `engine4_sesblog_parameters` (
  `parameter_id` int(11) NOT NULL AUTO_INCREMENT,
  `category_id` int(11) NOT NULL,
  `title` varchar(255) NOT NULL,
  `rating` float NOT NULL,
  PRIMARY KEY (`parameter_id`)
) ENGINE=InnoDB DEFAULT CHARSET=utf8mb4 COLLATE=utf8mb4_unicode_ci;

--
-- Dumping data for table `engine4_sesblog_parameters`
--


--
-- Table structure for table `engine4_sesblog_photos`
--

CREATE TABLE `engine4_sesblog_photos` (
  `photo_id` int(11) unsigned NOT NULL AUTO_INCREMENT,
  `album_id` int(11) unsigned NOT NULL,
  `blog_id` int(11) unsigned NOT NULL,
  `user_id` int(11) unsigned NOT NULL,
  `title` varchar(128) NOT NULL,
  `description` varchar(255) NOT NULL,
  `collection_id` int(11) unsigned NOT NULL,
  `file_id` int(11) unsigned NOT NULL,
  `creation_date` datetime NOT NULL,
  `modified_date` datetime NOT NULL,
  `view_count` int(11) unsigned NOT NULL DEFAULT 0,
  `comment_count` int(11) unsigned NOT NULL DEFAULT 0,
  `like_count` int(11) unsigned NOT NULL DEFAULT 0,
  `order` int(11) NOT NULL DEFAULT 0,
  `position_cover` varchar(255) DEFAULT NULL,
  `art_cover` int(11) NOT NULL DEFAULT 0,
  `favourite_count` int(11) unsigned NOT NULL DEFAULT 0,
  PRIMARY KEY (`photo_id`),
  KEY `album_id` (`album_id`),
  KEY `blog_id` (`blog_id`),
  KEY `user_id` (`user_id`)
) ENGINE=InnoDB AUTO_INCREMENT=75 DEFAULT CHARSET=utf8mb4 COLLATE=utf8mb4_unicode_ci;

--
-- Dumping data for table `engine4_sesblog_photos`
--

INSERT INTO `engine4_sesblog_photos` VALUES (66,1,1,1,'','',1,66,'2026-02-11 06:21:19','2026-02-11 06:21:19',0,0,0,0,NULL,0,0),(70,2,2,1,'','',2,70,'2026-02-11 11:09:08','2026-02-11 11:09:08',0,0,0,0,NULL,0,0),(74,3,3,1,'','',3,74,'2026-02-12 12:20:45','2026-02-12 12:20:45',0,0,0,0,NULL,0,0);

--
-- Table structure for table `engine4_sesblog_review_fields_maps`
--

CREATE TABLE `engine4_sesblog_review_fields_maps` (
  `field_id` int(11) NOT NULL,
  `option_id` int(11) NOT NULL,
  `child_id` int(11) NOT NULL,
  `order` smallint(6) NOT NULL,
  PRIMARY KEY (`field_id`,`option_id`,`child_id`)
) ENGINE=InnoDB DEFAULT CHARSET=utf8mb4 COLLATE=utf8mb4_unicode_ci;

--
-- Dumping data for table `engine4_sesblog_review_fields_maps`
--

INSERT INTO `engine4_sesblog_review_fields_maps` VALUES (0,0,1,1);

--
-- Table structure for table `engine4_sesblog_review_fields_meta`
--

CREATE TABLE `engine4_sesblog_review_fields_meta` (
  `field_id` int(11) NOT NULL AUTO_INCREMENT,
  `type` varchar(24) NOT NULL,
  `label` varchar(64) NOT NULL,
  `description` varchar(255) NOT NULL DEFAULT '',
  `alias` varchar(32) NOT NULL DEFAULT '',
  `required` tinyint(1) NOT NULL DEFAULT 0,
  `display` tinyint(1) unsigned NOT NULL,
  `publish` tinyint(1) unsigned NOT NULL DEFAULT 0,
  `search` tinyint(1) unsigned NOT NULL DEFAULT 0,
  `show` tinyint(1) unsigned DEFAULT 0,
  `order` smallint(3) unsigned NOT NULL DEFAULT 999,
  `config` text NOT NULL,
  `validators` text DEFAULT NULL,
  `filters` text DEFAULT NULL,
  `style` text DEFAULT NULL,
  `error` text DEFAULT NULL,
  PRIMARY KEY (`field_id`)
) ENGINE=InnoDB AUTO_INCREMENT=2 DEFAULT CHARSET=utf8mb4 COLLATE=utf8mb4_unicode_ci;

--
-- Dumping data for table `engine4_sesblog_review_fields_meta`
--

INSERT INTO `engine4_sesblog_review_fields_meta` VALUES (1,'profile_type','Profile Type','','profile_type',1,0,0,2,0,999,'',NULL,NULL,NULL,NULL);

--
-- Table structure for table `engine4_sesblog_review_fields_options`
--

CREATE TABLE `engine4_sesblog_review_fields_options` (
  `option_id` int(11) NOT NULL AUTO_INCREMENT,
  `field_id` int(11) NOT NULL,
  `label` varchar(255) NOT NULL,
  `order` smallint(6) NOT NULL DEFAULT 999,
  `type` tinyint(1) NOT NULL DEFAULT 0,
  PRIMARY KEY (`option_id`),
  KEY `field_id` (`field_id`)
) ENGINE=InnoDB AUTO_INCREMENT=2 DEFAULT CHARSET=utf8mb4 COLLATE=utf8mb4_unicode_ci;

--
-- Dumping data for table `engine4_sesblog_review_fields_options`
--

INSERT INTO `engine4_sesblog_review_fields_options` VALUES (1,1,'Default',0,0);

--
-- Table structure for table `engine4_sesblog_review_fields_search`
--

CREATE TABLE `engine4_sesblog_review_fields_search` (
  `item_id` int(11) NOT NULL,
  `profile_type` smallint(11) unsigned DEFAULT NULL,
  PRIMARY KEY (`item_id`),
  KEY `profile_type` (`profile_type`)
) ENGINE=InnoDB DEFAULT CHARSET=utf8mb4 COLLATE=utf8mb4_unicode_ci;

--
-- Dumping data for table `engine4_sesblog_review_fields_search`
--


--
-- Table structure for table `engine4_sesblog_review_fields_values`
--

CREATE TABLE `engine4_sesblog_review_fields_values` (
  `item_id` int(11) NOT NULL,
  `field_id` int(11) NOT NULL,
  `index` smallint(3) NOT NULL DEFAULT 0,
  `value` text NOT NULL,
  PRIMARY KEY (`item_id`,`field_id`,`index`)
) ENGINE=InnoDB DEFAULT CHARSET=utf8mb4 COLLATE=utf8mb4_unicode_ci;

--
-- Dumping data for table `engine4_sesblog_review_fields_values`
--


--
-- Table structure for table `engine4_sesblog_review_parametervalues`
--

CREATE TABLE `engine4_sesblog_review_parametervalues` (
  `parametervalue_id` int(11) NOT NULL AUTO_INCREMENT,
  `parameter_id` int(11) NOT NULL,
  `rating` float NOT NULL,
  `user_id` int(11) NOT NULL,
  `resources_id` int(11) NOT NULL,
  `content_id` int(11) NOT NULL,
  PRIMARY KEY (`parametervalue_id`),
  UNIQUE KEY `uniqueKey` (`parameter_id`,`user_id`,`resources_id`,`content_id`)
) ENGINE=InnoDB DEFAULT CHARSET=utf8mb4 COLLATE=utf8mb4_unicode_ci;

--
-- Dumping data for table `engine4_sesblog_review_parametervalues`
--


--
-- Table structure for table `engine4_sesblog_reviews`
--

CREATE TABLE `engine4_sesblog_reviews` (
  `review_id` int(11) NOT NULL AUTO_INCREMENT,
  `title` varchar(255) NOT NULL,
  `pros` varchar(255) NOT NULL,
  `cons` varchar(255) NOT NULL,
  `description` text NOT NULL,
  `recommended` tinyint(1) NOT NULL DEFAULT 1,
  `owner_id` int(11) unsigned NOT NULL,
  `blog_id` int(11) unsigned NOT NULL DEFAULT 0,
  `creation_date` datetime NOT NULL,
  `modified_date` datetime NOT NULL,
  `like_count` int(11) NOT NULL,
  `comment_count` int(11) NOT NULL,
  `view_count` int(11) NOT NULL,
  `rating` tinyint(1) DEFAULT NULL,
  `featured` tinyint(1) NOT NULL DEFAULT 0,
  `sponsored` tinyint(1) NOT NULL DEFAULT 0,
  `verified` tinyint(1) NOT NULL DEFAULT 0,
  `oftheday` tinyint(1) DEFAULT 0,
  `starttime` datetime DEFAULT NULL,
  `endtime` datetime DEFAULT NULL,
  PRIMARY KEY (`review_id`)
) ENGINE=InnoDB DEFAULT CHARSET=utf8mb4 COLLATE=utf8mb4_unicode_ci;

--
-- Dumping data for table `engine4_sesblog_reviews`
--


--
-- Table structure for table `engine4_sesblog_roles`
--

CREATE TABLE `engine4_sesblog_roles` (
  `role_id` int(11) unsigned NOT NULL AUTO_INCREMENT,
  `user_id` int(11) unsigned NOT NULL,
  `blog_id` int(11) unsigned NOT NULL,
  `resource_approved` tinyint(1) NOT NULL DEFAULT 1,
  PRIMARY KEY (`role_id`),
  KEY `user_id` (`blog_id`,`user_id`)
) ENGINE=InnoDB AUTO_INCREMENT=4 DEFAULT CHARSET=utf8mb4 COLLATE=utf8mb4_unicode_ci;

--
-- Dumping data for table `engine4_sesblog_roles`
--

INSERT INTO `engine4_sesblog_roles` VALUES (1,1,1,1),(2,1,2,1),(3,1,3,1);

--
-- Table structure for table `engine4_sesblog_subscriptions`
--

CREATE TABLE `engine4_sesblog_subscriptions` (
  `subscription_id` int(10) unsigned NOT NULL AUTO_INCREMENT,
  `user_id` int(10) unsigned NOT NULL,
  `subscriber_user_id` int(10) unsigned NOT NULL,
  PRIMARY KEY (`subscription_id`),
  UNIQUE KEY `user_id` (`user_id`,`subscriber_user_id`),
  KEY `subscriber_user_id` (`subscriber_user_id`)
) ENGINE=InnoDB DEFAULT CHARSET=utf8mb4 COLLATE=utf8mb4_unicode_ci;

--
-- Dumping data for table `engine4_sesblog_subscriptions`
--


--
-- Table structure for table `engine4_sesblogpackage_orderspackages`
--

CREATE TABLE `engine4_sesblogpackage_orderspackages` (
  `orderspackage_id` int(11) NOT NULL AUTO_INCREMENT,
  `package_id` int(11) NOT NULL,
  `item_count` int(11) NOT NULL,
  `owner_id` int(11) NOT NULL,
  `state` enum('pending','cancelled','failed','imcomplete','complete','refund','okay','overdue','active') NOT NULL DEFAULT 'pending',
  `expiration_date` datetime NOT NULL,
  `ip_address` varchar(45) NOT NULL DEFAULT '0.0.0.0',
  `creation_date` datetime NOT NULL,
  `modified_date` datetime NOT NULL,
  `total_itemcount` int(11) NOT NULL,
  PRIMARY KEY (`orderspackage_id`)
) ENGINE=InnoDB DEFAULT CHARSET=utf8mb4 COLLATE=utf8mb4_unicode_ci;

--
-- Dumping data for table `engine4_sesblogpackage_orderspackages`
--


--
-- Table structure for table `engine4_sesblogpackage_packages`
--

CREATE TABLE `engine4_sesblogpackage_packages` (
  `package_id` int(11) NOT NULL AUTO_INCREMENT,
  `title` varchar(255) DEFAULT NULL,
  `description` text DEFAULT NULL,
  `item_count` int(11) DEFAULT 0,
  `custom_fields` text DEFAULT NULL,
  `member_level` varchar(255) DEFAULT NULL,
  `price` float DEFAULT 0,
  `recurrence` varchar(25) DEFAULT '0',
  `renew_link_days` int(11) DEFAULT 0,
  `is_renew_link` tinyint(1) DEFAULT 0,
  `recurrence_type` varchar(25) DEFAULT NULL,
  `duration` varchar(25) DEFAULT '0',
  `duration_type` varchar(10) DEFAULT NULL,
  `enabled` tinyint(1) NOT NULL DEFAULT 1,
  `params` text DEFAULT NULL,
  `custom_fields_params` text DEFAULT NULL,
  `default` tinyint(1) NOT NULL DEFAULT 0,
  `order` int(11) NOT NULL DEFAULT 0,
  `highlight` tinyint(1) NOT NULL DEFAULT 0,
  `show_upgrade` int(11) NOT NULL DEFAULT 0,
  `creation_date` datetime NOT NULL,
  `modified_date` datetime NOT NULL,
  PRIMARY KEY (`package_id`)
) ENGINE=InnoDB AUTO_INCREMENT=2 DEFAULT CHARSET=utf8mb4 COLLATE=utf8mb4_unicode_ci;

--
-- Dumping data for table `engine4_sesblogpackage_packages`
--

INSERT INTO `engine4_sesblogpackage_packages` VALUES (1,'Free Blog Package',NULL,0,NULL,'0,1,2,3,4',0,'0',0,0,'forever','0','forever',1,'{\"is_featured\":\"1\",\"is_sponsored\":\"1\",\"is_verified\":\"1\",\"award_count\":\"5\",\"allow_participant\":null,\"upload_cover\":\"1\",\"upload_mainphoto\":\"1\",\"blog_choose_style\":\"1\",\"blog_chooselayout\":[\"1\",\"2\",\"3\",\"4\"],\"blog_approve\":\"1\",\"blog_featured\":\"0\",\"blog_sponsored\":\"0\",\"blog_verified\":\"0\",\"blog_hot\":0,\"blog_seo\":\"1\",\"blog_overview\":\"1\",\"blog_bgphoto\":\"1\",\"blog_contactinfo\":\"1\",\"blog_enable_contactparticipant\":\"1\",\"custom_fields\":1}',NULL,1,0,0,0,'0000-00-00 00:00:00','0000-00-00 00:00:00');

--
-- Table structure for table `engine4_sesblogpackage_transactions`
--

CREATE TABLE `engine4_sesblogpackage_transactions` (
  `transaction_id` int(11) NOT NULL AUTO_INCREMENT,
  `package_id` int(11) NOT NULL,
  `owner_id` int(11) NOT NULL,
  `order_id` int(11) NOT NULL,
  `orderspackage_id` int(11) NOT NULL,
  `gateway_id` int(11) DEFAULT NULL,
  `gateway_transaction_id` varchar(128) DEFAULT NULL,
  `gateway_parent_transaction_id` varchar(128) DEFAULT NULL,
  `item_count` int(11) NOT NULL DEFAULT 0,
  `gateway_profile_id` varchar(128) DEFAULT NULL,
  `state` enum('pending','cancelled','failed','imcomplete','complete','refund','okay','overdue','initial','active') NOT NULL DEFAULT 'pending',
  `change_rate` float NOT NULL DEFAULT 0,
  `total_amount` float NOT NULL DEFAULT 0,
  `currency_symbol` varchar(45) DEFAULT NULL,
  `gateway_type` varchar(45) DEFAULT NULL,
  `ip_address` varchar(45) NOT NULL DEFAULT '0.0.0.0',
  `expiration_date` datetime NOT NULL,
  `creation_date` datetime NOT NULL,
  `modified_date` datetime NOT NULL,
  `credit_point` int(11) NOT NULL DEFAULT 0,
  `credit_value` float NOT NULL DEFAULT 0,
  `ordercoupon_id` int(11) DEFAULT 0,
  `current_currency` varchar(16) DEFAULT NULL COMMENT 'paid by user in currency',
  PRIMARY KEY (`transaction_id`)
) ENGINE=InnoDB DEFAULT CHARSET=utf8mb4 COLLATE=utf8mb4_unicode_ci;

--
-- Dumping data for table `engine4_sesblogpackage_transactions`
--


--
-- Table structure for table `engine4_sespagebuilder_accordions`
--

CREATE TABLE `engine4_sespagebuilder_accordions` (
  `accordion_id` int(11) NOT NULL AUTO_INCREMENT,
  `accordion_name` varchar(128) NOT NULL,
  `accordion_url` varchar(255) NOT NULL,
  `subaccordion_id` int(11) NOT NULL DEFAULT 0,
  `subsubaccordion_id` int(11) NOT NULL DEFAULT 0,
  `accordion_icon` int(11) NOT NULL DEFAULT 0,
  `id` int(11) NOT NULL,
  PRIMARY KEY (`accordion_id`),
  KEY `accordion_id` (`accordion_id`,`accordion_name`),
  KEY `accordion_name` (`accordion_name`)
) ENGINE=InnoDB DEFAULT CHARSET=utf8mb4 COLLATE=utf8mb4_unicode_ci;

--
-- Dumping data for table `engine4_sespagebuilder_accordions`
--


--
-- Table structure for table `engine4_sespagebuilder_bannedwords`
--

CREATE TABLE `engine4_sespagebuilder_bannedwords` (
  `bannedword_id` int(10) unsigned NOT NULL AUTO_INCREMENT,
  `word` text NOT NULL,
  PRIMARY KEY (`bannedword_id`)
) ENGINE=InnoDB AUTO_INCREMENT=65 DEFAULT CHARSET=utf8mb4 COLLATE=utf8mb4_unicode_ci;

--
-- Dumping data for table `engine4_sespagebuilder_bannedwords`
--

INSERT INTO `engine4_sespagebuilder_bannedwords` VALUES (1,'xml'),(2,'help'),(3,'rss'),(4,'members'),(5,'member'),(6,'music'),(7,'files'),(8,'file'),(9,'polls'),(10,'blogs'),(11,'videos'),(12,'classifieds'),(13,'album'),(14,'albums'),(15,'photo'),(16,'events'),(17,'groups'),(18,'group'),(19,'forums'),(20,'invite'),(21,'level'),(22,'about'),(23,'services'),(24,'portfolio'),(25,'hire-resources'),(27,'customers'),(28,'circuit-chat'),(29,'businesses'),(32,'intern-with-us'),(33,'job'),(34,'welcome-jitendra'),(35,'node-js'),(36,'react-js'),(37,'android'),(38,'ios'),(39,'react-native'),(40,'mern'),(41,'ui-ux'),(42,'php'),(43,'html'),(44,'qa'),(45,'seo'),(46,'content-writer'),(47,'project-manager'),(48,'digital-marketing'),(49,'industries'),(50,'automotive'),(51,'real-estate'),(52,'travel'),(53,'travels'),(54,'media'),(55,'e-commerce'),(56,'finance'),(57,'education'),(58,'food'),(59,'sports'),(60,'professional-solutions'),(61,'healthcare'),(62,'it-solutions'),(63,'solutions'),(64,'contact');

--
-- Table structure for table `engine4_sespagebuilder_contents`
--

CREATE TABLE `engine4_sespagebuilder_contents` (
  `content_id` int(11) NOT NULL AUTO_INCREMENT,
  `title` varchar(255) NOT NULL,
  `description` text DEFAULT NULL,
  `num_row` int(3) NOT NULL,
  `table_name` text DEFAULT NULL,
  `type` varchar(64) NOT NULL DEFAULT 'content',
  `short_code` varchar(512) DEFAULT NULL,
  `show_short_code` tinyint(1) DEFAULT 0,
  `level1TextColor` varchar(64) DEFAULT NULL,
  `level2TextFontSize` varchar(64) DEFAULT NULL,
  `level2TextColor` varchar(64) DEFAULT NULL,
  `level3TextFontSize` varchar(64) DEFAULT NULL,
  `level3TextColor` varchar(64) DEFAULT NULL,
  `level4TextFontSize` varchar(64) DEFAULT NULL,
  `level4TextColor` varchar(64) DEFAULT NULL,
  `level5TextFontSize` varchar(64) DEFAULT NULL,
  `level5TextColor` varchar(64) DEFAULT NULL,
  `level6TextFontSize` varchar(64) DEFAULT NULL,
  `level6TextColor` varchar(64) DEFAULT NULL,
  `level1TextFontSize` varchar(64) DEFAULT NULL,
  `level7TextColor` varchar(64) DEFAULT NULL,
  `level7TextFontSize` varchar(64) DEFAULT NULL,
  `level8TextColor` varchar(64) DEFAULT NULL,
  `level8TextFontSize` varchar(64) DEFAULT NULL,
  `accTabBgColor` varchar(64) DEFAULT NULL,
  `accTabTextColor` varchar(64) DEFAULT NULL,
  `subaccTabBgColor` varchar(64) DEFAULT NULL,
  `subaccTabTextColor` varchar(64) DEFAULT NULL,
  `show_accordian` tinyint(1) DEFAULT 1,
  `subaccorImage` tinyint(1) DEFAULT 1,
  `accorImage` tinyint(1) DEFAULT 1,
  `subaccTabTextFontSize` varchar(64) DEFAULT NULL,
  `accTabTextFontSize` varchar(64) DEFAULT NULL,
  `width` varchar(64) DEFAULT NULL,
  `row_height` varchar(32) DEFAULT NULL,
  `description_height` varchar(32) DEFAULT NULL,
  `price_header` tinyint(1) DEFAULT NULL,
  `description_header` tinyint(1) DEFAULT NULL,
  `creation_date` datetime NOT NULL,
  `modified_date` timestamp NOT NULL DEFAULT current_timestamp() ON UPDATE current_timestamp(),
  PRIMARY KEY (`content_id`)
) ENGINE=InnoDB DEFAULT CHARSET=utf8mb4 COLLATE=utf8mb4_unicode_ci;

--
-- Dumping data for table `engine4_sespagebuilder_contents`
--


--
-- Table structure for table `engine4_sespagebuilder_pagebuilders`
--

CREATE TABLE `engine4_sespagebuilder_pagebuilders` (
  `pagebuilder_id` int(11) unsigned NOT NULL AUTO_INCREMENT,
  `title` varchar(128) NOT NULL,
  `body` longtext NOT NULL,
  `pagebuilder_url` varchar(255) NOT NULL,
  `page_id` int(11) NOT NULL,
  `member_levels` varchar(255) DEFAULT NULL,
  `networks` varchar(255) DEFAULT NULL,
  `profile_types` varchar(255) DEFAULT NULL,
  `show_page` smallint(1) NOT NULL DEFAULT 1,
  `enable` tinyint(1) NOT NULL DEFAULT 1,
  `creation_date` datetime NOT NULL,
  `modified_date` datetime NOT NULL,
  `status` tinyint(1) NOT NULL,
  `search` tinyint(4) NOT NULL DEFAULT 1,
  PRIMARY KEY (`pagebuilder_id`)
) ENGINE=InnoDB AUTO_INCREMENT=44 DEFAULT CHARSET=utf8mb4 COLLATE=utf8mb4_unicode_ci;

--
-- Dumping data for table `engine4_sespagebuilder_pagebuilders`
--

INSERT INTO `engine4_sespagebuilder_pagebuilders` VALUES (1,'About &#8211; Ahead Websoft Technologies','<p>about</p>','about',21,'[\"1\",\"2\",\"3\",\"4\",\"5\"]','[\"1\",\"2\",\"3\",\"4\",\"5\",\"6\",\"7\"]','[\"1\",\"5\",\"9\"]',1,1,'2024-08-12 10:35:54','2024-08-13 04:18:21',0,1),(2,'Services &#8211; Ahead Websoft Technologies','<p>services</p>','services',22,'[\"1\",\"2\",\"3\",\"4\",\"5\"]','[\"1\",\"2\",\"3\",\"4\",\"5\",\"6\",\"7\"]','[\"1\",\"5\",\"9\"]',1,1,'2024-08-12 11:51:53','2024-08-13 04:18:57',0,1),(3,'Portfolio &#8211; Ahead Websoft Technologies','<p>portfolio</p>','portfolio',23,'[\"1\",\"2\",\"3\",\"4\",\"5\"]','[\"1\",\"2\",\"3\",\"4\",\"5\",\"6\",\"7\"]','[\"1\",\"5\",\"9\"]',1,1,'2024-08-12 12:10:57','2024-08-13 04:19:16',0,1),(4,'Hire Resources &#8211; Ahead Websoft Technologies','<div>\r\n<div>hire-resources</div>\r\n</div>','hire-resources',24,'[\"1\",\"2\",\"3\",\"4\",\"5\"]','[\"1\",\"2\",\"3\",\"4\",\"5\",\"6\",\"7\"]','[\"1\",\"5\",\"9\"]',1,1,'2024-08-12 12:37:25','2024-08-13 04:19:30',0,1),(6,'Customers &#8211; Ahead Websoft Technologies','<p>customers</p>','customers',26,'[\"1\",\"2\",\"3\",\"4\",\"5\"]','[\"1\",\"2\",\"3\",\"4\",\"5\",\"6\",\"7\"]','[\"1\",\"5\",\"9\"]',1,1,'2024-08-12 13:31:39','2024-08-13 04:19:52',0,1),(7,'Circuit Chat  &#8211; Ahead Websoft Technologies','<p>Circuit Chat&nbsp;</p>','circuit-chat',27,'[\"1\",\"2\",\"3\",\"4\",\"5\"]','[\"1\",\"2\",\"3\",\"4\",\"5\",\"6\",\"7\"]','[\"1\",\"5\",\"9\"]',1,1,'2024-08-13 04:54:39','2024-08-13 04:54:39',0,1),(8,'Businesses &#8211; Ahead Websoft Technologies','<p>Businesses&nbsp;</p>','businesses',28,'[\"1\",\"2\",\"3\",\"4\",\"5\"]','[\"1\",\"2\",\"3\",\"4\",\"5\",\"6\",\"7\"]','[\"1\",\"5\",\"9\"]',1,1,'2024-08-13 05:02:10','2024-08-13 05:04:24',0,1),(11,'Intern with Us &#8211; Ahead Websoft Technologies','<p>Intern&nbsp;</p>','intern-with-us',31,'[\"1\",\"2\",\"3\",\"4\",\"5\"]','[\"1\",\"2\",\"3\",\"4\",\"5\",\"6\",\"7\"]','[\"1\",\"5\",\"9\"]',1,1,'2024-08-13 10:36:44','2024-08-13 10:36:44',0,1),(12,'Job Page','<p>job</p>','job',32,'[\"1\",\"2\",\"3\",\"4\",\"5\"]','[\"1\",\"2\",\"3\",\"4\",\"5\",\"6\",\"7\"]','[\"1\",\"5\",\"9\"]',1,1,'2024-08-14 06:21:37','2024-08-14 06:21:37',0,1),(13,'Welcome Jitendra to the team Ahead','','welcome-jitendra',38,'[\"1\",\"2\",\"3\",\"4\",\"5\"]','[\"1\",\"2\",\"3\",\"4\",\"5\",\"6\",\"7\"]','[\"1\",\"5\",\"9\"]',1,1,'2025-04-09 04:50:26','2025-04-09 04:50:26',0,0),(14,'Node Js','<p>node-js</p>','hire-resources/node-js',105,'[\"1\",\"2\",\"3\",\"4\",\"5\"]','[\"1\",\"2\",\"3\",\"4\",\"5\",\"6\",\"7\"]','[\"1\",\"5\",\"9\"]',1,1,'2026-02-16 06:28:33','2026-02-16 06:28:51',0,1),(15,'React Js','<p>react-js</p>','hire-resources/react-js',106,'[\"1\",\"2\",\"3\",\"4\",\"5\"]','[\"1\",\"2\",\"3\",\"4\",\"5\",\"6\",\"7\"]','[\"1\",\"5\",\"9\"]',1,1,'2026-02-16 06:31:31','2026-02-16 06:32:05',0,1),(16,'Android','<p>android</p>','hire-resources/android',107,'[\"1\",\"2\",\"3\",\"4\",\"5\"]','[\"1\",\"2\",\"3\",\"4\",\"5\",\"6\",\"7\"]','[\"1\",\"5\",\"9\"]',1,1,'2026-02-16 06:34:06','2026-02-16 06:34:23',0,1),(17,'IOS','<p>ios</p>','hire-resources/ios',108,'[\"1\",\"2\",\"3\",\"4\",\"5\"]','[\"1\",\"2\",\"3\",\"4\",\"5\",\"6\",\"7\"]','[\"1\",\"5\",\"9\"]',1,1,'2026-02-16 06:36:00','2026-02-16 06:36:15',0,1),(18,'React Native','<p>react-native</p>','hire-resources/react-native',109,'[\"1\",\"2\",\"3\",\"4\",\"5\"]','[\"1\",\"2\",\"3\",\"4\",\"5\",\"6\",\"7\"]','[\"1\",\"5\",\"9\"]',1,1,'2026-02-16 06:38:00','2026-02-16 06:38:18',0,1),(19,'Mern','<p>mern</p>','hire-resources/mern',110,'[\"1\",\"2\",\"3\",\"4\",\"5\"]','[\"1\",\"2\",\"3\",\"4\",\"5\",\"6\",\"7\"]','[\"1\",\"5\",\"9\"]',1,1,'2026-02-16 06:40:52','2026-02-16 06:41:03',0,1),(20,'UI UX','<p>ui-ux</p>','hire-resources/ui-ux',111,'[\"1\",\"2\",\"3\",\"4\",\"5\"]','[\"1\",\"2\",\"3\",\"4\",\"5\",\"6\",\"7\"]','[\"1\",\"5\",\"9\"]',1,1,'2026-02-16 06:45:55','2026-02-16 06:46:30',0,1),(21,'PHP','<p>php</p>','hire-resources/php',112,'[\"1\",\"2\",\"3\",\"4\",\"5\"]','[\"1\",\"2\",\"3\",\"4\",\"5\",\"6\",\"7\"]','[\"1\",\"5\",\"9\"]',1,1,'2026-02-16 06:47:44','2026-02-16 06:48:08',0,1),(22,'HTML','<p>html</p>','hire-resources/html',113,'[\"1\",\"2\",\"3\",\"4\",\"5\"]','[\"1\",\"2\",\"3\",\"4\",\"5\",\"6\",\"7\"]','[\"1\",\"5\",\"9\"]',1,1,'2026-02-16 06:50:08','2026-02-16 06:50:23',0,1),(23,'QA','<p>qa</p>','hire-resources/qa',114,'[\"1\",\"2\",\"3\",\"4\",\"5\"]','[\"1\",\"2\",\"3\",\"4\",\"5\",\"6\",\"7\"]','[\"1\",\"5\",\"9\"]',1,1,'2026-02-16 06:51:44','2026-02-16 06:52:13',0,1),(24,'SEO','<p>seo</p>','hire-resources/seo',115,'[\"1\",\"2\",\"3\",\"4\",\"5\"]','[\"1\",\"2\",\"3\",\"4\",\"5\",\"6\",\"7\"]','[\"1\",\"5\",\"9\"]',1,1,'2026-02-16 06:53:24','2026-02-16 06:53:36',0,1),(25,'Content Writer','<p>content-writer</p>','hire-resources/content-writer',116,'[\"1\",\"2\",\"3\",\"4\",\"5\"]','[\"1\",\"2\",\"3\",\"4\",\"5\",\"6\",\"7\"]','[\"1\",\"5\",\"9\"]',1,1,'2026-02-16 06:55:23','2026-02-16 06:56:21',0,1),(26,'Project Manager','<p>project-manager</p>','hire-resources/project-manager',117,'[\"1\",\"2\",\"3\",\"4\",\"5\"]','[\"1\",\"2\",\"3\",\"4\",\"5\",\"6\",\"7\"]','[\"1\",\"5\",\"9\"]',1,1,'2026-02-16 06:57:38','2026-02-16 06:57:50',0,1),(27,'Digital Marketing','<p>digital-marketing</p>','hire-resources/digital-marketing',118,'[\"1\",\"2\",\"3\",\"4\",\"5\"]','[\"1\",\"2\",\"3\",\"4\",\"5\",\"6\",\"7\"]','[\"1\",\"5\",\"9\"]',1,1,'2026-02-16 06:59:08','2026-02-16 07:01:53',0,1),(28,'Industries','<p>industries</p>','industries',119,'[\"1\",\"2\",\"3\",\"4\",\"5\"]','[\"1\",\"2\",\"3\",\"4\",\"5\",\"6\",\"7\"]','[\"1\",\"5\",\"9\"]',1,1,'2026-02-17 05:21:44','2026-02-17 05:21:44',0,1),(29,'Automotive','<p>automotive</p>','industries/automotive',120,'[\"1\",\"2\",\"3\",\"4\",\"5\"]','[\"1\",\"2\",\"3\",\"4\",\"5\",\"6\",\"7\"]','[\"1\",\"5\",\"9\"]',1,1,'2026-02-17 05:23:24','2026-02-17 05:23:43',0,1),(30,'Real Estate','<p>real-estate</p>','industries/real-estate',121,'[\"1\",\"2\",\"3\",\"4\",\"5\"]','[\"1\",\"2\",\"3\",\"4\",\"5\",\"6\",\"7\"]','[\"1\",\"5\",\"9\"]',1,1,'2026-02-17 05:25:28','2026-02-17 05:25:38',0,1),(32,'Travel & Tourism','<p>travels</p>','industries/travels',123,'[\"1\",\"2\",\"3\",\"4\",\"5\"]','[\"1\",\"2\",\"3\",\"4\",\"5\",\"6\",\"7\"]','[\"1\",\"5\",\"9\"]',1,1,'2026-02-17 05:30:20','2026-02-17 05:30:39',0,1),(33,'Media & Entertainment','<p>media</p>','industries/media',124,'[\"1\",\"2\",\"3\",\"4\",\"5\"]','[\"1\",\"2\",\"3\",\"4\",\"5\",\"6\",\"7\"]','[\"1\",\"5\",\"9\"]',1,1,'2026-02-17 05:31:43','2026-02-17 05:32:00',0,1),(34,'Retail & E-commerce','<p>e-commerce</p>','industries/e-commerce',125,'[\"1\",\"2\",\"3\",\"4\",\"5\"]','[\"1\",\"2\",\"3\",\"4\",\"5\",\"6\",\"7\"]','[\"1\",\"5\",\"9\"]',1,1,'2026-02-17 05:33:48','2026-02-17 05:34:26',0,1),(35,'Banking & Finance','<p>finance</p>','industries/finance',126,'[\"1\",\"2\",\"3\",\"4\",\"5\"]','[\"1\",\"2\",\"3\",\"4\",\"5\",\"6\",\"7\"]','[\"1\",\"5\",\"9\"]',1,1,'2026-02-17 05:35:36','2026-02-17 05:36:04',0,1),(36,'Education','<p>education</p>','industries/education',127,'[\"1\",\"2\",\"3\",\"4\",\"5\"]','[\"1\",\"2\",\"3\",\"4\",\"5\",\"6\",\"7\"]','[\"1\",\"5\",\"9\"]',1,1,'2026-02-17 05:37:58','2026-02-17 05:38:13',0,1),(37,'Food & Beverages','<p>food</p>','industries/food',128,'[\"1\",\"2\",\"3\",\"4\",\"5\"]','[\"1\",\"2\",\"3\",\"4\",\"5\",\"6\",\"7\"]','[\"1\",\"5\",\"9\"]',1,1,'2026-02-17 05:39:36','2026-02-17 05:39:50',0,1),(38,'Sports','<p>sports</p>','industries/sports',129,'[\"1\",\"2\",\"3\",\"4\",\"5\"]','[\"1\",\"2\",\"3\",\"4\",\"5\",\"6\",\"7\"]','[\"1\",\"5\",\"9\"]',1,1,'2026-02-17 05:41:15','2026-02-17 05:41:31',0,1),(39,'Professional Solutions','<p>professional-solutions</p>','industries/professional-solutions',130,'[\"1\",\"2\",\"3\",\"4\",\"5\"]','[\"1\",\"2\",\"3\",\"4\",\"5\",\"6\",\"7\"]','[\"1\",\"5\",\"9\"]',1,1,'2026-02-17 05:43:43','2026-02-17 05:43:54',0,1),(40,'Healthcare','<p>healthcare</p>','industries/healthcare',131,'[\"1\",\"2\",\"3\",\"4\",\"5\"]','[\"1\",\"2\",\"3\",\"4\",\"5\",\"6\",\"7\"]','[\"1\",\"5\",\"9\"]',1,1,'2026-02-17 05:44:57','2026-02-17 05:45:11',0,1),(41,'IT Solutions','<p>it-solutions</p>','industries/it-solutions',132,'[\"1\",\"2\",\"3\",\"4\",\"5\"]','[\"1\",\"2\",\"3\",\"4\",\"5\",\"6\",\"7\"]','[\"1\",\"5\",\"9\"]',1,1,'2026-02-17 05:46:25','2026-02-17 05:47:26',0,1),(42,'Solutions','<p>solutions</p>','solutions',133,'[\"1\",\"2\",\"3\",\"4\",\"5\"]','[\"1\",\"2\",\"3\",\"4\",\"5\",\"6\",\"7\"]','[\"1\",\"5\",\"9\"]',1,1,'2026-02-17 05:48:42','2026-02-17 05:48:42',0,1),(43,'Contact Us','<p>contact</p>','help/contact',140,'[\"1\",\"2\",\"3\",\"4\",\"5\"]','[\"1\",\"2\",\"3\",\"4\",\"5\",\"6\",\"7\"]','[\"1\",\"5\",\"9\"]',1,1,'2026-02-20 04:38:39','2026-02-20 04:38:50',0,1);

--
-- Table structure for table `engine4_sespagebuilder_photos`
--

CREATE TABLE `engine4_sespagebuilder_photos` (
  `photo_id` int(11) NOT NULL AUTO_INCREMENT,
  `content_id` int(11) NOT NULL,
  `name` varchar(255) NOT NULL,
  `title` varchar(255) DEFAULT NULL,
  `file_id` int(11) NOT NULL,
  `target` varchar(255) DEFAULT NULL,
  `href` varchar(255) DEFAULT NULL,
  `active` enum('0','1') NOT NULL DEFAULT '1',
  `creation_date` datetime NOT NULL,
  `modified_date` timestamp NOT NULL DEFAULT current_timestamp() ON UPDATE current_timestamp(),
  PRIMARY KEY (`photo_id`)
) ENGINE=InnoDB DEFAULT CHARSET=utf8mb4 COLLATE=utf8mb4_unicode_ci;

--
-- Dumping data for table `engine4_sespagebuilder_photos`
--


--
-- Table structure for table `engine4_sespagebuilder_popups`
--

CREATE TABLE `engine4_sespagebuilder_popups` (
  `popup_id` int(11) unsigned NOT NULL AUTO_INCREMENT,
  `title` varchar(128) NOT NULL,
  `description` text NOT NULL,
  `type` varchar(255) NOT NULL,
  `enable` tinyint(1) NOT NULL DEFAULT 1,
  `order` smallint(3) NOT NULL DEFAULT 999,
  `modified_date` datetime NOT NULL,
  PRIMARY KEY (`popup_id`)
) ENGINE=InnoDB DEFAULT CHARSET=utf8mb4 COLLATE=utf8mb4_unicode_ci;

--
-- Dumping data for table `engine4_sespagebuilder_popups`
--


--
-- Table structure for table `engine4_sespagebuilder_pricingtables`
--

CREATE TABLE `engine4_sespagebuilder_pricingtables` (
  `pricingtable_id` int(11) NOT NULL AUTO_INCREMENT,
  `table_id` int(11) NOT NULL,
  `column_name` varchar(128) NOT NULL,
  `column_title` varchar(128) NOT NULL,
  `column_width` varchar(64) DEFAULT NULL,
  `column_margin` int(2) DEFAULT NULL,
  `icon_position` tinyint(1) NOT NULL,
  `show_highlight` tinyint(1) DEFAULT NULL,
  `currency` varchar(255) DEFAULT NULL,
  `currency_value` int(5) DEFAULT 0,
  `currency_duration` varchar(128) DEFAULT NULL,
  `column_description` varchar(512) DEFAULT NULL,
  `show_label` tinyint(1) NOT NULL DEFAULT 0,
  `label_text` varchar(255) DEFAULT NULL,
  `footer_text` varchar(256) DEFAULT NULL,
  `column_text_color` varchar(64) DEFAULT NULL,
  `footer_text_color` varchar(64) DEFAULT NULL,
  `footer_bg_color` varchar(64) DEFAULT NULL,
  `text_url` text DEFAULT NULL,
  `column_color` varchar(255) DEFAULT NULL,
  `column_row_color` varchar(255) DEFAULT NULL,
  `column_row_text_color` varchar(255) DEFAULT NULL,
  `label_text_color` varchar(255) DEFAULT NULL,
  `label_color` varchar(255) DEFAULT NULL,
  `label_position` tinyint(1) NOT NULL DEFAULT 1,
  `row1_text` text DEFAULT NULL,
  `row1_description` text DEFAULT NULL,
  `row1_file_id` int(5) DEFAULT NULL,
  `row2_text` text DEFAULT NULL,
  `row2_description` text DEFAULT NULL,
  `row2_file_id` int(5) DEFAULT NULL,
  `row3_text` text DEFAULT NULL,
  `row3_description` text DEFAULT NULL,
  `row3_file_id` int(5) DEFAULT NULL,
  `row4_text` text DEFAULT NULL,
  `row4_description` text DEFAULT NULL,
  `row4_file_id` int(5) DEFAULT NULL,
  `row5_text` text DEFAULT NULL,
  `row5_description` text DEFAULT NULL,
  `row5_file_id` int(5) DEFAULT NULL,
  `row6_text` text DEFAULT NULL,
  `row6_description` text DEFAULT NULL,
  `row6_file_id` int(5) DEFAULT NULL,
  `row7_text` text DEFAULT NULL,
  `row7_description` text DEFAULT NULL,
  `row7_file_id` int(5) DEFAULT NULL,
  `row8_text` text DEFAULT NULL,
  `row8_description` text DEFAULT NULL,
  `row8_file_id` int(5) DEFAULT NULL,
  `row9_text` text DEFAULT NULL,
  `row9_description` text DEFAULT NULL,
  `row9_file_id` int(5) DEFAULT NULL,
  `row10_text` text DEFAULT NULL,
  `row10_description` text DEFAULT NULL,
  `row10_file_id` int(5) DEFAULT NULL,
  `row11_text` text DEFAULT NULL,
  `row11_description` text DEFAULT NULL,
  `row11_file_id` int(5) DEFAULT NULL,
  `row12_text` text DEFAULT NULL,
  `row12_description` text DEFAULT NULL,
  `row12_file_id` int(5) DEFAULT NULL,
  `order` smallint(3) NOT NULL DEFAULT 999,
  PRIMARY KEY (`pricingtable_id`),
  KEY `pricingtable_id` (`pricingtable_id`,`column_name`),
  KEY `column_name` (`column_name`)
) ENGINE=InnoDB DEFAULT CHARSET=utf8mb4 COLLATE=utf8mb4_unicode_ci;

--
-- Dumping data for table `engine4_sespagebuilder_pricingtables`
--


--
-- Table structure for table `engine4_sespagebuilder_progressbarcontents`
--

CREATE TABLE `engine4_sespagebuilder_progressbarcontents` (
  `progressbarcontent_id` int(11) unsigned NOT NULL AUTO_INCREMENT,
  `progressbar_id` int(11) unsigned NOT NULL,
  `title` varchar(128) NOT NULL,
  `settings` text NOT NULL,
  `enable` tinyint(1) NOT NULL DEFAULT 1,
  `creation_date` datetime NOT NULL,
  `order` smallint(3) NOT NULL DEFAULT 999,
  `modified_date` datetime NOT NULL,
  PRIMARY KEY (`progressbarcontent_id`)
) ENGINE=InnoDB DEFAULT CHARSET=utf8mb4 COLLATE=utf8mb4_unicode_ci;

--
-- Dumping data for table `engine4_sespagebuilder_progressbarcontents`
--


--
-- Table structure for table `engine4_sespagebuilder_progressbars`
--

CREATE TABLE `engine4_sespagebuilder_progressbars` (
  `progressbar_id` int(11) unsigned NOT NULL AUTO_INCREMENT,
  `title` varchar(128) NOT NULL,
  `type` enum('circle','bar') NOT NULL DEFAULT 'bar',
  `enable` tinyint(1) NOT NULL DEFAULT 1,
  `modified_date` datetime NOT NULL,
  PRIMARY KEY (`progressbar_id`)
) ENGINE=InnoDB DEFAULT CHARSET=utf8mb4 COLLATE=utf8mb4_unicode_ci;

--
-- Dumping data for table `engine4_sespagebuilder_progressbars`
--


--
-- Table structure for table `engine4_sespagebuilder_tabs`
--

CREATE TABLE `engine4_sespagebuilder_tabs` (
  `tab_id` int(11) unsigned NOT NULL AUTO_INCREMENT,
  `name` varchar(128) NOT NULL,
  `short_code` tinyint(1) NOT NULL DEFAULT 0,
  `height` varchar(64) DEFAULT NULL,
  `headingBgColor` varchar(64) DEFAULT NULL,
  `descriptionBgColor` varchar(64) DEFAULT NULL,
  `tabBgColor` varchar(64) DEFAULT NULL,
  `tabActiveBgColor` varchar(64) DEFAULT NULL,
  `tabTextBgColor` varchar(64) DEFAULT NULL,
  `tabActiveTextColor` varchar(64) DEFAULT NULL,
  `tabTextFontSize` varchar(64) DEFAULT NULL,
  `width` varchar(64) DEFAULT NULL,
  `tab1_name` varchar(64) NOT NULL,
  `tab1_body` longtext NOT NULL,
  `tab2_name` varchar(64) NOT NULL,
  `tab2_body` longtext NOT NULL,
  `tab3_name` varchar(64) NOT NULL,
  `tab3_body` longtext NOT NULL,
  `tab4_name` varchar(64) NOT NULL,
  `tab4_body` longtext NOT NULL,
  `tab5_name` varchar(64) NOT NULL,
  `tab5_body` longtext NOT NULL,
  `tab6_name` varchar(64) NOT NULL,
  `tab6_body` longtext NOT NULL,
  `tab7_name` varchar(64) NOT NULL,
  `tab7_body` longtext NOT NULL,
  `tab8_name` varchar(64) NOT NULL,
  `tab8_body` longtext NOT NULL,
  `tab9_name` varchar(64) NOT NULL,
  `tab9_body` longtext NOT NULL,
  `tab10_name` varchar(64) NOT NULL,
  `tab10_body` longtext NOT NULL,
  `tab11_name` varchar(64) NOT NULL,
  `tab11_body` longtext NOT NULL,
  `tab12_name` varchar(64) NOT NULL,
  `tab12_body` longtext NOT NULL,
  PRIMARY KEY (`tab_id`)
) ENGINE=InnoDB DEFAULT CHARSET=utf8mb4 COLLATE=utf8mb4_unicode_ci;

--
-- Dumping data for table `engine4_sespagebuilder_tabs`
--


--
-- Table structure for table `engine4_storage_chunks`
--

CREATE TABLE `engine4_storage_chunks` (
  `chunk_id` bigint(20) unsigned NOT NULL AUTO_INCREMENT,
  `file_id` int(11) unsigned NOT NULL,
  `data` blob NOT NULL,
  PRIMARY KEY (`chunk_id`),
  KEY `file_id` (`file_id`)
) ENGINE=MyISAM DEFAULT CHARSET=utf8mb4 COLLATE=utf8mb4_unicode_ci;

--
-- Dumping data for table `engine4_storage_chunks`
--


--
-- Table structure for table `engine4_storage_files`
--

CREATE TABLE `engine4_storage_files` (
  `file_id` int(10) unsigned NOT NULL AUTO_INCREMENT,
  `parent_file_id` int(10) unsigned DEFAULT NULL,
  `type` varchar(16) DEFAULT NULL,
  `parent_type` varchar(32) DEFAULT NULL,
  `parent_id` int(10) unsigned DEFAULT NULL,
  `user_id` int(10) unsigned DEFAULT NULL,
  `creation_date` datetime NOT NULL,
  `modified_date` datetime NOT NULL,
  `service_id` int(10) unsigned NOT NULL DEFAULT 1,
  `storage_path` varchar(255) NOT NULL,
  `extension` varchar(8) NOT NULL,
  `name` varchar(255) DEFAULT NULL,
  `mime_major` varchar(64) NOT NULL,
  `mime_minor` varchar(64) NOT NULL,
  `size` bigint(20) unsigned NOT NULL,
  `hash` varchar(64) NOT NULL,
  `resource_type` varchar(128) DEFAULT NULL,
  `resource_id` int(11) DEFAULT NULL,
  `height` int(11) DEFAULT NULL,
  `width` int(11) DEFAULT NULL,
  PRIMARY KEY (`file_id`),
  UNIQUE KEY `parent_file_id` (`parent_file_id`,`type`),
  KEY `PARENT` (`parent_type`,`parent_id`),
  KEY `user_id` (`user_id`),
  KEY `service_id` (`service_id`),
  KEY `creation_date` (`creation_date`),
  KEY `modified_date` (`modified_date`),
  KEY `mime_major` (`mime_major`),
  KEY `mime_minor` (`mime_minor`),
  KEY `extension` (`extension`),
  KEY `resource_type` (`resource_type`),
  KEY `resource_id` (`resource_id`)
) ENGINE=InnoDB AUTO_INCREMENT=482 DEFAULT CHARSET=utf8mb4 COLLATE=utf8mb4_unicode_ci;

--
-- Dumping data for table `engine4_storage_files`
--

INSERT INTO `engine4_storage_files` VALUES (5,NULL,NULL,'core_file',1,1,'2024-09-23 05:18:07','2024-09-23 05:18:07',1,'public/core_file/05/8bd63adc0b3bc03d2393582dce7cf93c.ico','ico','favicon (1).ico','image','x-icon',1150,'f13b34c56f8c3e78c09b201a6c940ae8',NULL,NULL,0,0),(6,NULL,NULL,'core_file',2,1,'2024-09-23 05:21:18','2024-09-23 05:21:18',1,'public/core_file/06/4c6cb7460dbb38b6bb0d9b12bf94528a.png','png','feed.png','image','png',724,'36cedca23debb82b38e5e4b7ebf0278e',NULL,NULL,0,0),(7,NULL,NULL,'core_file',3,1,'2024-09-23 05:21:18','2024-09-23 05:21:18',1,'public/core_file/07/2cfeae58402eff44377d97aabdc346b2.jpg','jpg','slide2.jpg','image','jpeg',834437,'7a70da3e962444e43ab77767192a745a',NULL,NULL,0,0),(8,NULL,NULL,'core_file',4,1,'2024-09-23 05:21:18','2024-09-23 05:21:18',1,'public/core_file/08/13654f3733d06d5672aaa543bfb84cc0.jpg','jpg','bg_f.jpg','image','jpeg',196697,'fb5d82fa51162a106a89efc80f0a0e94',NULL,NULL,0,0),(9,NULL,NULL,'core_file',5,1,'2024-09-23 05:21:18','2024-09-23 05:21:18',1,'public/core_file/09/68933696f063e3abc1c11fcd8ee0fb0e.jpg','jpg','bg-qa.jpg','image','jpeg',58554,'e8241a594c6709e2d170c8676918a0c1',NULL,NULL,0,0),(10,NULL,NULL,'core_file',6,1,'2024-09-23 05:21:18','2024-09-23 05:21:18',1,'public/core_file/0a/fe07eeacb9d49dc432937d10622f5478.jpg','jpg','slide1.jpg','image','jpeg',328479,'70e4867e61a9a98021971543e61cdbcd',NULL,NULL,0,0),(11,NULL,NULL,'core_file',7,1,'2024-09-23 05:21:18','2024-09-23 05:21:18',1,'public/core_file/0b/fe07eeacb9d49dc432937d10622f5478.jpg','jpg','slider-bg-01.jpg','image','jpeg',328479,'70e4867e61a9a98021971543e61cdbcd',NULL,NULL,0,0),(12,NULL,NULL,'core_file',8,1,'2024-09-23 05:21:18','2024-09-23 05:21:18',1,'public/core_file/0c/f8cf0a16a3b0c1857eddee1d7458e25b.jpg','jpg','online-community.jpg','image','jpeg',113256,'2bb84f5695d92d9924c035cae3497ad0',NULL,NULL,0,0),(13,NULL,NULL,'core_file',9,1,'2024-09-23 05:21:18','2024-09-23 05:21:18',1,'public/core_file/0d/f96076cbb42e328032e383a9ebc12f23.png','png','trophy.png','image','png',2058,'a928e35ea7c517c03f785aa7cccd1040',NULL,NULL,0,0),(14,NULL,NULL,'core_file',10,1,'2024-09-23 05:21:18','2024-09-23 05:21:18',1,'public/core_file/0e/8ef5a2e0d1b48447bc11bb38e30b4dfe.jpg','jpg','background_img2.jpg','image','jpeg',332582,'4ce3ef58190b5786a2df11967296428a',NULL,NULL,0,0),(15,NULL,NULL,'core_file',11,1,'2024-09-23 05:21:18','2024-09-23 05:21:18',1,'public/core_file/0f/c3c86ad9078ea0756918149f9ec6e0fd.jpg','jpg','team_bg.jpg','image','jpeg',1428010,'57dca508b6b2c85d5750a35bf2570fbd',NULL,NULL,0,0),(16,NULL,NULL,'core_file',12,1,'2024-09-23 05:21:18','2024-09-23 05:21:18',1,'public/core_file/10/ba8d3030913c01c0dd3053d742dfb3f3.jpg','jpg','category_banner_sesvideo.jpg','image','jpeg',45215,'6221d4276f82593e6fc13e38a5163c62',NULL,NULL,0,0),(17,NULL,NULL,'core_file',13,1,'2024-09-23 05:21:18','2024-09-23 05:21:18',1,'public/core_file/11/91eb4ea558c11f5ca981a66752e1cd6e.jpg','jpg','background_img1.jpg','image','jpeg',98342,'7f9fcbd7d8c9f98ad9d173da2813a2a5',NULL,NULL,0,0),(18,NULL,NULL,'core_file',14,1,'2024-09-23 05:21:18','2024-09-23 05:21:18',1,'public/core_file/12/be4169748727045ce61656a9642e2a90.png','png','group-icon.png','image','png',2870,'e0a76c6a13d2436bd7af7ea815664ad1',NULL,NULL,0,0),(19,NULL,NULL,'core_file',15,1,'2024-09-23 05:21:18','2024-09-23 05:21:18',1,'public/core_file/13/e53fb5b9c164ac49fec78bdc57c37c8b.jpg','jpg','login-bg.jpg','image','jpeg',82715,'ffcc84a906a9a96e3ae051cf3f8f43da',NULL,NULL,0,0),(20,NULL,NULL,'core_file',16,1,'2024-09-23 05:21:18','2024-09-23 05:21:18',1,'public/core_file/14/a5d9fb077c0c3472f884e3961124d59f.png','png','music-icon.png','image','png',2199,'4338fc2ff2f6116f9aab81073bf39852',NULL,NULL,0,0),(21,NULL,NULL,'core_file',17,1,'2024-09-23 05:21:18','2024-09-23 05:21:18',1,'public/core_file/15/3fb2585ad16ed3e4bec6394cbe717953.jpg','jpg','crowd1.jpg','image','jpeg',167136,'c311a294a51df488a0eb86a78f0ec421',NULL,NULL,0,0),(22,NULL,NULL,'core_file',18,1,'2024-09-23 05:21:18','2024-09-23 05:21:18',1,'public/core_file/16/0e6e34011199135edf85fcec33683582.jpg','jpg','tutorial-category-banner.jpg','image','jpeg',119619,'bbbf27a8a5f60847acd9628530848c3d',NULL,NULL,0,0),(23,NULL,NULL,'core_file',19,1,'2024-09-23 05:21:18','2024-09-23 05:21:18',1,'public/core_file/17/d7690719e1ce10c9193e493458f44898.php','php','general.php','unknown','unknown',193,'8ec3219e14c95226f411a9371944d77f',NULL,NULL,NULL,NULL),(24,NULL,NULL,'core_file',20,1,'2024-09-23 05:21:19','2024-09-23 05:21:19',1,'public/core_file/18/2c1f1456ef809d1024c09e58aa6c432d.jpg','jpg','stores-category-banner.jpg','image','jpeg',334588,'e16f22e5445c18abe007efe3950eb119',NULL,NULL,0,0),(25,NULL,NULL,'core_file',21,1,'2024-09-23 05:21:19','2024-09-23 05:21:19',1,'public/core_file/19/6e8fec8dafc3089b5332695cc43fbac1.png','png','photo-icon.png','image','png',1860,'41b649aa5e2ddf6204ab9153f2e724f6',NULL,NULL,0,0),(26,NULL,NULL,'core_file',22,1,'2024-09-23 05:21:19','2024-09-23 05:21:19',1,'public/core_file/1a/ff2e32e5286b1b4ae492b7e2715b9600.jpg','jpg','contact_bg.jpg','image','jpeg',1745092,'68b62dd6750fe8b9bf07ef2790707b95',NULL,NULL,0,0),(27,NULL,NULL,'core_file',23,1,'2024-09-23 05:21:19','2024-09-23 05:21:19',1,'public/core_file/1b/c8c00fc9ed906dd2c2f9c6f75f064cbb.png','png','logo_business.png','image','png',9317,'893d19483897b58901df7e9e0e9877c6',NULL,NULL,0,0),(28,NULL,NULL,'core_file',24,1,'2024-09-23 05:21:19','2024-09-23 05:21:19',1,'public/core_file/1c/a21ec2464da8b1b6c06eaf4c064669ce.jpg','jpg','faq-category-banner.jpg','image','jpeg',119619,'bbbf27a8a5f60847acd9628530848c3d',NULL,NULL,0,0),(29,NULL,NULL,'core_file',25,1,'2024-09-23 05:21:19','2024-09-23 05:21:19',1,'public/core_file/1d/9669a1500d8934402e34f1f148019418.jpg','jpg','private-photo.jpg','image','jpeg',17192,'7ce103b740b81021aac481baa2027ab7',NULL,NULL,0,0),(30,NULL,NULL,'core_file',26,1,'2024-09-23 05:21:19','2024-09-23 05:21:19',1,'public/core_file/1e/4bcf4d3d6ce33ea1d47943864cdb7de2.png','png','welcome-icon.png','image','png',412,'b0a6f4e52e9a214952c4868e1f795978',NULL,NULL,0,0),(31,NULL,NULL,'core_file',27,1,'2024-09-23 05:21:19','2024-09-23 05:21:19',1,'public/core_file/1f/42dfd7588022d88bfa431a2f3b136d89.jpg','jpg','recipes.jpg','image','jpeg',604416,'831ec57b6da37818f3c80200d3b56cb4',NULL,NULL,0,0),(32,NULL,NULL,'core_file',28,1,'2024-09-23 05:21:19','2024-09-23 05:21:19',1,'public/core_file/20/372ee71348df6ed09a7a5c2c6821d263.jpg','jpg','listing-category-banner.jpg','image','jpeg',605125,'c73bf91b3b0dc8a92af234eb7712bd62',NULL,NULL,0,0),(33,NULL,NULL,'core_file',29,1,'2024-09-23 05:21:19','2024-09-23 05:21:19',1,'public/core_file/21/93825966ca4c3ea23be77f1806e2b9a9.jpg','jpg','drft.jpg','image','jpeg',103890,'87cf1574f721475790c4950cf6bdb498',NULL,NULL,0,0),(34,NULL,NULL,'core_file',30,1,'2024-09-23 05:21:19','2024-09-23 05:21:19',1,'public/core_file/22/a326b7f153ceb0e30bbeac5097116c15.jpg','jpg','slide4.jpg','image','jpeg',196052,'f77e3a5e7c9c6a9cc11cdddfa5fb3ba2',NULL,NULL,0,0),(35,NULL,NULL,'core_file',31,1,'2024-09-23 05:21:19','2024-09-23 05:21:19',1,'public/core_file/23/33f2461742bce6c20fd994a1a68e57e0.jpg','jpg','slide3.jpg','image','jpeg',385490,'ff07326b2e3f48f509eabedb27351487',NULL,NULL,0,0),(36,NULL,NULL,'core_file',32,1,'2024-09-23 05:21:19','2024-09-23 05:21:19',1,'public/core_file/24/792dcda58ab821e7ea241111a462a95a.jpg','jpg','product-category-banner.jpg','image','jpeg',271016,'12fe720dc69aca725f2c302951ae0299',NULL,NULL,0,0),(37,NULL,NULL,'core_file',33,1,'2024-09-23 05:21:19','2024-09-23 05:21:19',1,'public/core_file/25/de889f46977ef1da87b25013f5f17a95.png','png','screenshot.png','image','png',89791,'e006e7f2fa0067c7eaa74e7b3fd9661b',NULL,NULL,0,0),(38,NULL,NULL,'core_file',34,1,'2024-09-23 05:21:19','2024-09-23 05:21:19',1,'public/core_file/26/2c1f1456ef809d1024c09e58aa6c432d.jpg','jpg','artists-category-banner.jpg','image','jpeg',334588,'e16f22e5445c18abe007efe3950eb119',NULL,NULL,0,0),(39,NULL,NULL,'core_file',35,1,'2024-09-23 05:21:19','2024-09-23 05:21:19',1,'public/core_file/27/27e7b6294afb9a8283a7fdc7961ed29c.jpg','jpg','ytube-theme-banner.jpg','image','jpeg',164233,'8f1c7354e7044de12e3ab10c1e644011',NULL,NULL,0,0),(40,NULL,NULL,'core_file',36,1,'2024-09-23 05:21:19','2024-09-23 05:21:19',1,'public/core_file/28/3053d35e5656b8b5fd2be65d6a208852.png','png','blank.png','image','png',929,'b5fa84636e042e9dfee037cce02d2862',NULL,NULL,0,0),(41,NULL,NULL,'core_file',37,1,'2024-09-23 05:21:19','2024-09-23 05:21:19',1,'public/core_file/29/d6896c107881e9db7cfb786689c66923.jpg','jpg','search-banner.jpg','image','jpeg',246545,'e3b0fdfa146ac685ec4cca41cfa6354a',NULL,NULL,0,0),(42,NULL,NULL,'core_file',38,1,'2024-09-23 05:21:19','2024-09-23 05:21:19',1,'public/core_file/2a/a1aa7b8a7f6487ba67226b46cedaab30.html','html','index.html','unknown','unknown',187,'61814e05ae19fbad6823b30f0a0168bd',NULL,NULL,NULL,NULL),(43,NULL,NULL,'core_file',39,1,'2024-09-23 05:21:19','2024-09-23 05:21:19',1,'public/core_file/2b/69ac71f6758254671fb44fdef929d273.png','png','logo-az.png','image','png',16650,'3467c82d2914b36855a3b7717eb5c752',NULL,NULL,0,0),(44,NULL,NULL,'core_file',40,1,'2024-09-23 05:21:19','2024-09-23 05:21:19',1,'public/core_file/2c/4fedc668301f6357f6eb0c73dedde927.png','png','store-header-bg.png','image','png',65803,'abe92039abd294f1768b5fb8f4c48320',NULL,NULL,0,0),(45,NULL,NULL,'core_file',41,1,'2024-09-23 05:21:19','2024-09-23 05:21:19',1,'public/core_file/2d/5060cdbdb5200c34a9e1a97a961ef200.jpg','jpg','contact_main_img.jpg','image','jpeg',1335716,'574aad29338cc96e3a693fba1e245b37',NULL,NULL,0,0),(46,NULL,NULL,'core_file',42,1,'2024-09-23 05:21:19','2024-09-23 05:21:19',1,'public/core_file/2e/2c1f1456ef809d1024c09e58aa6c432d.jpg','jpg','pages-category-banner.jpg','image','jpeg',334588,'e16f22e5445c18abe007efe3950eb119',NULL,NULL,0,0),(47,NULL,NULL,'core_file',43,1,'2024-09-23 05:21:19','2024-09-23 05:21:19',1,'public/core_file/2f/96b81fce9bbd065c4b6eb8597ecb7543.jpg','jpg','category_banner.jpg','image','jpeg',96379,'c96745c39f750927f5437fc6cd06b20b',NULL,NULL,0,0),(48,NULL,NULL,'core_file',44,1,'2024-09-23 05:21:19','2024-09-23 05:21:19',1,'public/core_file/30/e97ac077561dc31df2ae1d2876ec66d6.jpg','jpg','content-circle-bg.jpg','image','jpeg',147731,'2be09a6fc90dc5b9e6f4d0f5de889a12',NULL,NULL,0,0),(49,NULL,NULL,'core_file',45,1,'2024-09-23 05:21:19','2024-09-23 05:21:19',1,'public/core_file/31/2c1f1456ef809d1024c09e58aa6c432d.jpg','jpg','businesses-category-banner.jpg','image','jpeg',334588,'e16f22e5445c18abe007efe3950eb119',NULL,NULL,0,0),(50,NULL,NULL,'core_file',46,1,'2024-09-23 05:21:19','2024-09-23 05:21:19',1,'public/core_file/32/94eaae60ce75ad73247ed01e5db1a813.jpg','jpg','social_share.jpg','image','jpeg',122736,'957e7f7eb4be448ae7156246d69a19ef',NULL,NULL,0,0),(51,NULL,NULL,'core_file',47,1,'2024-09-23 05:21:19','2024-09-23 05:21:19',1,'public/core_file/33/1983fa600514d5a4209be2af190760e6.png','png','info-bg2.png','image','png',44983,'f949de90727cc579aa3b90c8f3b18ec8',NULL,NULL,0,0),(52,NULL,NULL,'core_file',48,1,'2024-09-23 05:21:19','2024-09-23 05:21:19',1,'public/core_file/34/da11580e077bbbd1cec359df28dc2a39.png','png','popup-bg.png','image','png',52141,'da751a56238dc6c8b73f02315e27603d',NULL,NULL,0,0),(53,NULL,NULL,'core_file',49,1,'2024-09-23 05:21:19','2024-09-23 05:21:19',1,'public/core_file/35/8288f616ad64517035b72fbdf1283ece.jpg','jpg','whychooseus_bg.jpg','image','jpeg',222792,'c509027e0363fee6eebdc9bce5e0a0ee',NULL,NULL,0,0),(54,NULL,NULL,'core_file',50,1,'2024-09-23 05:21:19','2024-09-23 05:21:19',1,'public/core_file/36/2c1f1456ef809d1024c09e58aa6c432d.jpg','jpg','groups-category-banner.jpg','image','jpeg',334588,'e16f22e5445c18abe007efe3950eb119',NULL,NULL,0,0),(55,NULL,NULL,'core_file',51,1,'2024-09-23 05:21:19','2024-09-23 05:21:19',1,'public/core_file/37/8049b9a1cef9c5d0881a2c3c7d7da017.jpg','jpg','theme-banner.jpg','image','jpeg',352000,'52de9c0e67eddac4cb155059d2eec20d',NULL,NULL,0,0),(56,NULL,NULL,'core_file',52,1,'2024-09-23 05:21:19','2024-09-23 05:21:19',1,'public/core_file/38/ec99b6f5a3467363f4d4bcb98c36207a.jpg','jpg','Our-Clients.jpg','image','jpeg',51015,'318889f6f8783f3cbd8788e40554340d',NULL,NULL,0,0),(57,NULL,NULL,'core_file',53,1,'2024-09-23 05:21:19','2024-09-23 05:21:19',1,'public/core_file/39/13a4d523d747903e22605c9e04556d29.png','png','banner-img.png','image','png',133717,'016892b53b779f3aade53a24fb04b5db',NULL,NULL,0,0),(58,NULL,NULL,'core_file',54,1,'2024-09-23 05:21:19','2024-09-23 05:21:19',1,'public/core_file/3a/5b914a00e8e2ac5ef2e7aadabeeafa50.jpg','jpg','hero-13.jpg','image','jpeg',356032,'55b93bbf652ea0c2bf2972dd1376e991',NULL,NULL,0,0),(59,NULL,NULL,'core_file',55,1,'2024-09-23 05:21:19','2024-09-23 05:21:19',1,'public/core_file/3b/119ab2350aad7e42482ded619957f9a3.png','png','event-icon.png','image','png',1777,'9a48a19ea02114ad5d772f8118d0a3a8',NULL,NULL,0,0),(60,NULL,NULL,'core_file',56,1,'2024-09-23 05:21:19','2024-09-23 05:21:19',1,'public/core_file/3c/54b32ba770762cd8f1db1c609f4b1a5c.png','png','video-icon.png','image','png',2149,'3cd9e0889e8cca5af71d2132cbc542c1',NULL,NULL,0,0),(61,62,'thumb.icon','sesblog_album',1,1,'2026-02-11 06:20:13','2026-02-11 06:20:13',1,'public/sesblog_album/3d/e1d6a3c55b93ace07ea0da9ddc7fbe5c.jpg','jpg','virtual-reality-6847304_640_is.jpg','image','jpeg',6333,'341341299b043362ffb2aa6624b55a22',NULL,NULL,0,0),(62,NULL,NULL,'sesblog_album',1,1,'2026-02-11 06:20:13','2026-02-11 06:20:13',1,'public/sesblog_album/3e/6d8149fb64f9938829aa6df6d269f0f6.jpg','jpg','virtual-reality-6847304_640_m.jpg','image','jpeg',41923,'789326f774a38a18baedd2e29a59d156',NULL,NULL,0,0),(63,62,'thumb.normal','sesblog_album',1,1,'2026-02-11 06:20:13','2026-02-11 06:20:13',1,'public/sesblog_album/3f/a471f76da9a38d9ea515736da50d2dc0.jpg','jpg','virtual-reality-6847304_640_in.jpg','image','jpeg',27057,'c7fede6644148c7bfb8e2f2e0fd72ef1',NULL,NULL,0,0),(64,62,'thumb.normalmain','sesblog_album',1,1,'2026-02-11 06:20:13','2026-02-11 06:20:13',1,'public/sesblog_album/40/7a578fe8abf460e3243c07123225622e.jpg','jpg','virtual-reality-6847304_640_nm.jpg','image','jpeg',27069,'c595af404b0c6da3a410fc4388f288ca',NULL,NULL,0,0),(65,66,'thumb.icon','sesblog_album',1,1,'2026-02-11 06:21:19','2026-02-11 06:21:19',1,'public/sesblog_album/41/b009dea1792aff7ec2ec4aa8e9abc29f.jpg','jpg','artificial-intelligence-3382507_640_is.jpg','image','jpeg',8777,'9bdae6de76e63b32b8b3c8c9fb77d320',NULL,NULL,0,0),(66,NULL,NULL,'sesblog_album',1,1,'2026-02-11 06:21:19','2026-02-11 06:21:19',1,'public/sesblog_album/42/f6bf02ccb8030f3ad4f9102e9bdb2263.jpg','jpg','artificial-intelligence-3382507_640_m.jpg','image','jpeg',106247,'f9e4daf6908210588911dd583224b816',NULL,NULL,0,0),(67,66,'thumb.normal','sesblog_album',1,1,'2026-02-11 06:21:19','2026-02-11 06:21:19',1,'public/sesblog_album/43/9f35c0b512d727cfc62d945f58abb3a4.jpg','jpg','artificial-intelligence-3382507_640_in.jpg','image','jpeg',60712,'b48dd56e21097723863b6ecd7334d50d',NULL,NULL,0,0),(68,66,'thumb.normalmain','sesblog_album',1,1,'2026-02-11 06:21:19','2026-02-11 06:21:19',1,'public/sesblog_album/44/6c33a6bce956261f29ae53b675c0b500.jpg','jpg','artificial-intelligence-3382507_640_nm.jpg','image','jpeg',60672,'e2198ff6ae9954b39c42b6e04f71b9a1',NULL,NULL,0,0),(69,70,'thumb.icon','sesblog_album',2,1,'2026-02-11 11:09:08','2026-02-11 11:09:08',1,'public/sesblog_album/45/9effe9d066112f69075b391be32aa221.jpg','jpg','images (22)_is.jpg','image','jpeg',7265,'a0ef810f7b702b442e1b5805b0256ad8',NULL,NULL,0,0),(70,NULL,NULL,'sesblog_album',2,1,'2026-02-11 11:09:08','2026-02-11 11:09:08',1,'public/sesblog_album/46/5fd09ceb4118b89a3812fdc2280d2cf1.jpg','jpg','images (22)_m.jpg','image','jpeg',16003,'0745afd24387ac435516dcede760fad3',NULL,NULL,0,0),(71,70,'thumb.normal','sesblog_album',2,1,'2026-02-11 11:09:08','2026-02-11 11:09:08',1,'public/sesblog_album/47/5fd09ceb4118b89a3812fdc2280d2cf1.jpg','jpg','images (22)_in.jpg','image','jpeg',16003,'0745afd24387ac435516dcede760fad3',NULL,NULL,0,0),(72,70,'thumb.normalmain','sesblog_album',2,1,'2026-02-11 11:09:08','2026-02-11 11:09:08',1,'public/sesblog_album/48/f5c71eda5a15903d054cc26418b9123b.jpg','jpg','images (22)_nm.jpg','image','jpeg',15980,'9dac769b1df5a2dc7ea58070d3a2a2af',NULL,NULL,0,0),(73,74,'thumb.icon','sesblog_album',3,1,'2026-02-12 12:20:45','2026-02-12 12:20:45',1,'public/sesblog_album/49/d2ef32e4725958ebed920ae04e6d9a3f.jpg','jpg','coffee-7567749_640_is.jpg','image','jpeg',5610,'a2fc181dc60d580f11829597dcf8f377',NULL,NULL,0,0),(74,NULL,NULL,'sesblog_album',3,1,'2026-02-12 12:20:45','2026-02-12 12:20:45',1,'public/sesblog_album/4a/9b5982da1fdb26590126d302a49b314f.jpg','jpg','coffee-7567749_640_m.jpg','image','jpeg',39411,'93225bef65b0189bd2a7b7a852222ba0',NULL,NULL,0,0),(75,74,'thumb.normal','sesblog_album',3,1,'2026-02-12 12:20:45','2026-02-12 12:20:45',1,'public/sesblog_album/4b/b28a9ef72780f89fe22f27b81a3e5017.jpg','jpg','coffee-7567749_640_in.jpg','image','jpeg',25790,'240cbe96894e9902800538dd3f67f00e',NULL,NULL,0,0),(76,74,'thumb.normalmain','sesblog_album',3,1,'2026-02-12 12:20:45','2026-02-12 12:20:45',1,'public/sesblog_album/4c/c7e1519cbdf1bffce707c7827cd2d263.jpg','jpg','coffee-7567749_640_nm.jpg','image','jpeg',25766,'e1f6fbbd6138cd09d1c7b061d42c4e8f',NULL,NULL,0,0),(91,NULL,NULL,'comment_category',1,1,'2026-02-19 05:57:00','2026-02-19 05:57:00',1,'public/comment_category/5b/513baa653ff98dae2c39b92503035eb9.webp','webp','happy.png','image','webp',8246,'7c310628d4f868dd4ff35ff7f8c4f6b6',NULL,NULL,50,50),(92,NULL,NULL,'comment_category',2,1,'2026-02-19 05:57:00','2026-02-19 05:57:00',1,'public/comment_category/5c/e1d6b2793b6c3ef6ff2f0f64dda38cdd.webp','webp','inlove.png','image','webp',7716,'e708df1730aef76565f7fd4c3c1d6ff9',NULL,NULL,50,50),(93,NULL,NULL,'comment_category',3,1,'2026-02-19 05:57:00','2026-02-19 05:57:00',1,'public/comment_category/5d/087e4cd9939717d95a76d807dea053df.webp','webp','sad.png','image','webp',8819,'abaa0c29ef8c8a859b1a1d92442ec121',NULL,NULL,50,50),(94,NULL,NULL,'comment_category',4,1,'2026-02-19 05:57:00','2026-02-19 05:57:00',1,'public/comment_category/5e/f365af12d3efcee2fc62583c0c30ebe2.webp','webp','eating.png','image','webp',8606,'33ba89c43b12b4464fd10bea7c32392d',NULL,NULL,50,50),(95,NULL,NULL,'comment_category',5,1,'2026-02-19 05:57:00','2026-02-19 05:57:00',1,'public/comment_category/5f/81507f916639890c424b19fc0acc0037.webp','webp','celebrating.png','image','webp',9077,'4538cef492253044af745375f59d92f1',NULL,NULL,50,50),(96,NULL,NULL,'comment_category',6,1,'2026-02-19 05:57:00','2026-02-19 05:57:00',1,'public/comment_category/60/4ebf89fc2e7594d78f457a728dc1a424.webp','webp','active.png','image','webp',10528,'82d88fecba79c4342812b00d18670489',NULL,NULL,50,50),(97,NULL,NULL,'comment_category',7,1,'2026-02-19 05:57:00','2026-02-19 05:57:00',1,'public/comment_category/61/dbd6fcfd70834a78d7d04c42f71ac01c.webp','webp','working.png','image','webp',8030,'4f902b0beb826d01c83499c103457c31',NULL,NULL,50,50),(98,NULL,NULL,'comment_category',8,1,'2026-02-19 05:57:00','2026-02-19 05:57:00',1,'public/comment_category/62/d42de3185198fbc964c3c82aadcd936a.webp','webp','sleepy.png','image','webp',8782,'abe45bab9133e98b221a63f0d7e3afce',NULL,NULL,50,50),(99,NULL,NULL,'comment_category',9,1,'2026-02-19 05:57:00','2026-02-19 05:57:00',1,'public/comment_category/63/5150de84a6279e24835396190a2ca867.webp','webp','angry.png','image','webp',9637,'cf192d59d6a62cfd0a7bfeb9db702998',NULL,NULL,50,50),(100,NULL,NULL,'comment_category',10,1,'2026-02-19 05:57:00','2026-02-19 05:57:00',1,'public/comment_category/64/52de5a10deccd1d70b4e2e0497d930fb.webp','webp','confused.png','image','webp',8760,'645ef5ab51bcf10712557e244ffb83c2',NULL,NULL,50,50),(101,NULL,NULL,'comment_gallery',1,1,'2026-02-19 05:57:00','2026-02-19 05:57:00',1,'public/comment_gallery/65/0882204786997539fa9608be8975f930.webp','webp','meep.png','image','webp',34947,'ee8ae16c2d4dda466dbb0596f764d972',NULL,NULL,180,186),(102,NULL,NULL,'comment_gallery',2,1,'2026-02-19 05:57:00','2026-02-19 05:57:00',1,'public/comment_gallery/66/e6e08d0269e6e053a8430207ad3ea2de.webp','webp','minions.png','image','webp',76906,'b228041b6070715edda3f1d3897f3552',NULL,NULL,204,197),(103,NULL,NULL,'comment_gallery',3,1,'2026-02-19 05:57:00','2026-02-19 05:57:00',1,'public/comment_gallery/67/de4aeb99247c0be80938902c8860e82d.webp','webp','lazylifeline.png','image','webp',17834,'3a205fa5f15aa5ff308300dd6b4f8ae0',NULL,NULL,157,170),(104,NULL,NULL,'comment_gallery',4,1,'2026-02-19 05:57:00','2026-02-19 05:57:00',1,'public/comment_gallery/68/524bac8cbf19a81bc56a5311282fecf0.webp','webp','waddles.png','image','webp',46551,'faac6edfbd0dae514881494ea9e124bc',NULL,NULL,198,185),(105,NULL,NULL,'comment_gallery',5,1,'2026-02-19 05:57:00','2026-02-19 05:57:00',1,'public/comment_gallery/69/f8d5c831d43886d4e1974d43749149b0.webp','webp','panda.png','image','webp',26046,'df64d04e110bab63d2aa3c10da955bac',NULL,NULL,211,247),(106,NULL,NULL,'comment_gallery',6,1,'2026-02-19 05:57:00','2026-02-19 05:57:00',1,'public/comment_gallery/6a/15b017e9cf67457ea67a3b37741b9a65.webp','webp','tomandjerry.png','image','webp',52095,'4909c2e45c7e55013bae040123687d40',NULL,NULL,240,254),(107,NULL,NULL,'comment_files',1,1,'2026-02-19 05:57:00','2026-02-19 05:57:00',1,'public/comment_files/6b/61094823a7ec7be69180fc059b5bc95e.webp','webp','1.png','image','webp',32984,'4e46115da70dd2d4a9c7d0696daacbab',NULL,NULL,180,226),(108,NULL,NULL,'comment_files',2,1,'2026-02-19 05:57:00','2026-02-19 05:57:00',1,'public/comment_files/6c/b08db3fb622dbfab38d66176d4a7aa35.webp','webp','2.png','image','webp',44246,'e294113f1b3b037e923aa923bd517b34',NULL,NULL,180,277),(109,NULL,NULL,'comment_files',3,1,'2026-02-19 05:57:00','2026-02-19 05:57:00',1,'public/comment_files/6d/0882204786997539fa9608be8975f930.webp','webp','3.png','image','webp',34947,'ee8ae16c2d4dda466dbb0596f764d972',NULL,NULL,180,186),(110,NULL,NULL,'comment_files',4,1,'2026-02-19 05:57:00','2026-02-19 05:57:00',1,'public/comment_files/6e/e6e08d0269e6e053a8430207ad3ea2de.webp','webp','1.png','image','webp',76906,'b228041b6070715edda3f1d3897f3552',NULL,NULL,204,197),(111,NULL,NULL,'comment_files',5,1,'2026-02-19 05:57:01','2026-02-19 05:57:01',1,'public/comment_files/6f/fce8de56cd5d25436cf9a9248a22b123.webp','webp','2.png','image','webp',47189,'8deb83aafc51245675263153b36ea00d',NULL,NULL,228,206),(112,NULL,NULL,'comment_files',6,1,'2026-02-19 05:57:01','2026-02-19 05:57:01',1,'public/comment_files/70/0b8d5956d37d4bf20764305ad5c2573c.webp','webp','3.png','image','webp',49019,'4fdd4a42d024d2d771eb504173e9589c',NULL,NULL,233,221),(113,NULL,NULL,'comment_files',7,1,'2026-02-19 05:57:01','2026-02-19 05:57:01',1,'public/comment_files/71/7c0881fc3d8054a8aee5fb6671f59532.webp','webp','21.png','image','webp',58053,'9a4aaf4dfbfc3eb5ff1f45dca3b508d6',NULL,NULL,200,196),(114,NULL,NULL,'comment_files',8,1,'2026-02-19 05:57:01','2026-02-19 05:57:01',1,'public/comment_files/72/0811c78e0dc1b76013d516ff34605977.webp','webp','22.png','image','webp',38863,'bd9c6713e9331487cea01c38bb9c9168',NULL,NULL,214,115),(115,NULL,NULL,'comment_files',9,1,'2026-02-19 05:57:01','2026-02-19 05:57:01',1,'public/comment_files/73/053b89eda8cec108cae0d233dc953f9b.webp','webp','1.png','image','webp',17834,'3a205fa5f15aa5ff308300dd6b4f8ae0',NULL,NULL,157,170),(116,NULL,NULL,'comment_files',10,1,'2026-02-19 05:57:01','2026-02-19 05:57:01',1,'public/comment_files/74/c9feadd74b64371c2505444668fbd84d.webp','webp','2.png','image','webp',18327,'e1e15b9a5604a55f77c6ea67f0e3a7de',NULL,NULL,120,234),(117,NULL,NULL,'comment_files',11,1,'2026-02-19 05:57:01','2026-02-19 05:57:01',1,'public/comment_files/75/3c20391a30ed5017ec2f6e21697322b9.webp','webp','3.png','image','webp',19814,'3dcac6d70ed349e27e482dff149aa6bb',NULL,NULL,167,189),(118,NULL,NULL,'comment_files',12,1,'2026-02-19 05:57:01','2026-02-19 05:57:01',1,'public/comment_files/76/68de22b17ce81972601db600c77e474a.webp','webp','1.png','image','webp',46551,'faac6edfbd0dae514881494ea9e124bc',NULL,NULL,198,185),(119,NULL,NULL,'comment_files',13,1,'2026-02-19 05:57:01','2026-02-19 05:57:01',1,'public/comment_files/77/9632bfe8a214b2291082bd02d3750a7b.webp','webp','2.png','image','webp',42574,'dcb75b7331080ab22c38b9dced7f3826',NULL,NULL,199,197),(120,NULL,NULL,'comment_files',14,1,'2026-02-19 05:57:01','2026-02-19 05:57:01',1,'public/comment_files/78/5e25afae4d67940082f76ba4dc60ca3b.webp','webp','3.png','image','webp',41475,'5f8dd20b69c497d7467d7e28ceb18c05',NULL,NULL,194,186),(121,NULL,NULL,'comment_files',15,1,'2026-02-19 05:57:01','2026-02-19 05:57:01',1,'public/comment_files/79/ce0f11692906a8a3a19757ccd4a9b02b.webp','webp','1.png','image','webp',23648,'c6c2ede8a255a0d881be13698eeb0836',NULL,NULL,211,194),(122,NULL,NULL,'comment_files',16,1,'2026-02-19 05:57:01','2026-02-19 05:57:01',1,'public/comment_files/7a/081a89752f5fd4904f40bc35aea54c16.webp','webp','2.png','image','webp',26046,'df64d04e110bab63d2aa3c10da955bac',NULL,NULL,211,247),(123,NULL,NULL,'comment_files',17,1,'2026-02-19 05:57:01','2026-02-19 05:57:01',1,'public/comment_files/7b/715faf32c40985cafd2eeb71f5b00e45.webp','webp','3.png','image','webp',23266,'2ea93b9572a218aee523825941734c32',NULL,NULL,211,243),(124,NULL,NULL,'comment_files',18,1,'2026-02-19 05:57:01','2026-02-19 05:57:01',1,'public/comment_files/7c/fb65dd012666a153ca567c13031eee9a.webp','webp','1.png','image','webp',53353,'761b2d8dc9e20645c745d40de8c0b7f6',NULL,NULL,218,218),(125,NULL,NULL,'comment_files',19,1,'2026-02-19 05:57:01','2026-02-19 05:57:01',1,'public/comment_files/7d/5eae8add79ef4a4d0af1eeb4b7c2137e.webp','webp','2.png','image','webp',35199,'c48bb827052f110d856a62506f94f069',NULL,NULL,217,219),(126,NULL,NULL,'comment_files',20,1,'2026-02-19 05:57:01','2026-02-19 05:57:01',1,'public/comment_files/7e/ffb05b9de26b7429d9b725ec755657f2.webp','webp','3.png','image','webp',27625,'fc8a8d508e0f50a806afadf0b0954d5f',NULL,NULL,217,158),(127,NULL,NULL,'comment_reaction',1,1,'2026-02-19 05:57:01','2026-02-19 05:57:01',1,'public/comment_reaction/7f/bcc2a5b60e177e42a330920edb7aea11.webp','webp','icon-like.png','image','webp',2589,'67e329a430f7084547171f94d5f4d2b5',NULL,NULL,64,64),(128,NULL,NULL,'comment_reaction',2,1,'2026-02-19 05:57:01','2026-02-19 05:57:01',1,'public/comment_reaction/80/afcf4ecd25016c8792e37a2c1dd20aa2.webp','webp','icon-love.png','image','webp',2451,'4cf67ebfa393b0c0e962fe0790ff9f5b',NULL,NULL,63,64),(129,NULL,NULL,'comment_reaction',3,1,'2026-02-19 05:57:01','2026-02-19 05:57:01',1,'public/comment_reaction/81/92f5baa7194a449723fe8adf42436a1e.webp','webp','icon-haha.png','image','webp',4476,'04cfe4d86b4b3328ca9b72d471fc0e8a',NULL,NULL,63,64),(130,NULL,NULL,'comment_reaction',4,1,'2026-02-19 05:57:01','2026-02-19 05:57:01',1,'public/comment_reaction/82/a4a1b301c929e6fef3441d1ae58f4621.webp','webp','icon-wow.png','image','webp',4158,'bcc36ac098420cc4cea1629085782e32',NULL,NULL,63,64),(131,NULL,NULL,'comment_reaction',5,1,'2026-02-19 05:57:01','2026-02-19 05:57:01',1,'public/comment_reaction/83/703163d10f1185784661d118add08c59.webp','webp','icon-angery.png','image','webp',3918,'426478b8dc78100a0c7524a9fbd0d117',NULL,NULL,63,64),(132,NULL,NULL,'comment_reaction',6,1,'2026-02-19 05:57:01','2026-02-19 05:57:01',1,'public/comment_reaction/84/b99b9aaa299510c4e6163730604fcf57.webp','webp','icon-sad.png','image','webp',4257,'0b0aca240a598de160b3c552f789750c',NULL,NULL,64,64),(133,NULL,NULL,'activity_background',1,1,'2026-02-19 05:57:01','2026-02-19 05:57:01',1,'public/activity_background/85/c0fbeb742fa2b552d39809610d3b49dc.webp','webp','1.jpg','image','webp',98096,'549cf286db150155fc25f510c2684d3b',NULL,NULL,500,800),(134,NULL,NULL,'activity_background',2,1,'2026-02-19 05:57:01','2026-02-19 05:57:01',1,'public/activity_background/86/378270f17edf8e70ee0154eb59d4c002.webp','webp','10.jpg','image','webp',106121,'805d7e84cbf4483d7878936b4677d6aa',NULL,NULL,500,800),(135,NULL,NULL,'activity_background',3,1,'2026-02-19 05:57:01','2026-02-19 05:57:01',1,'public/activity_background/87/ec014766da8d7bce1aaad79f056cdfbe.webp','webp','11.jpg','image','webp',193018,'25ee6ae0e0764aee04d3215d04cf904d',NULL,NULL,500,800),(136,NULL,NULL,'activity_background',4,1,'2026-02-19 05:57:01','2026-02-19 05:57:01',1,'public/activity_background/88/8970caf80e85c368d18516ce6982d912.webp','webp','12.jpg','image','webp',154356,'c02db326f0808c010ee950ba92d4b752',NULL,NULL,500,800),(137,NULL,NULL,'activity_background',5,1,'2026-02-19 05:57:01','2026-02-19 05:57:01',1,'public/activity_background/89/d97616c008eb2fc005e3876bd9c0823d.webp','webp','2.jpg','image','webp',119096,'28fdd47538fbb0cdd397bfeec51d8b75',NULL,NULL,500,800),(138,NULL,NULL,'activity_background',6,1,'2026-02-19 05:57:02','2026-02-19 05:57:02',1,'public/activity_background/8a/b050a613d7c24fa37ead5ca0d2dd27b9.webp','webp','3.jpg','image','webp',51122,'348a8342312165a1878763a9538d92b1',NULL,NULL,500,800),(139,NULL,NULL,'activity_background',7,1,'2026-02-19 05:57:02','2026-02-19 05:57:02',1,'public/activity_background/8b/cff0a59d6bd9573cdbe09e32ef50bf6f.webp','webp','4.jpg','image','webp',234969,'c4e872925380737124cbd4d52d668e22',NULL,NULL,500,800),(140,NULL,NULL,'activity_background',8,1,'2026-02-19 05:57:02','2026-02-19 05:57:02',1,'public/activity_background/8c/d6d3088f751931b364bc944d01522a44.webp','webp','5.jpg','image','webp',108392,'05be1325c48582c32cece7a91e9c1550',NULL,NULL,500,800),(141,NULL,NULL,'activity_background',9,1,'2026-02-19 05:57:02','2026-02-19 05:57:02',1,'public/activity_background/8d/d0cabdc340a136e582fdbe6ceb00672a.webp','webp','6.jpg','image','webp',173268,'0e14fd27c9121a1f4dcbc0633d558b0b',NULL,NULL,500,800),(142,NULL,NULL,'activity_background',10,1,'2026-02-19 05:57:02','2026-02-19 05:57:02',1,'public/activity_background/8e/c5200c205be7f53f8a4170512d278e3a.webp','webp','7.jpg','image','webp',322035,'8f4ff5716718d049b740ffe16a1ab070',NULL,NULL,500,800),(143,NULL,NULL,'activity_background',11,1,'2026-02-19 05:57:02','2026-02-19 05:57:02',1,'public/activity_background/8f/068e21338d42c588723d9bf019af0d1c.webp','webp','8.jpg','image','webp',187626,'f93f8958e86c73c0e6b5682f8b7c5b04',NULL,NULL,500,800),(144,NULL,NULL,'activity_background',12,1,'2026-02-19 05:57:02','2026-02-19 05:57:02',1,'public/activity_background/90/1530936c90ba8908e4cb4ec9cbf5d181.webp','webp','9.jpg','image','webp',58626,'4c760ee77379591655cc22c4c4daa120',NULL,NULL,500,800),(145,NULL,NULL,'activity_feeling',1,1,'2026-02-19 05:57:02','2026-02-19 05:57:02',1,'public/activity_feeling/91/fa4e4a863ea383efc77f04ac07a5a324.webp','webp','feeling.png','image','webp',3098,'078a4f02ea90058e9461bf096430602d',NULL,NULL,32,32),(146,NULL,NULL,'activity_feeling',2,1,'2026-02-19 05:57:02','2026-02-19 05:57:02',1,'public/activity_feeling/92/b9c49c38f49e22cadba601d582059ef7.webp','webp','celebrating.png','image','webp',5013,'4b76957308fbf9c4fb8f9ee33f01cb78',NULL,NULL,32,32),(147,NULL,NULL,'activity_feeling',3,1,'2026-02-19 05:57:02','2026-02-19 05:57:02',1,'public/activity_feeling/93/1ea1e46ce0578f1f82045ee0d5e60d26.webp','webp','just.png','image','webp',3098,'473f7f6763cc9fea415f5454118d0046',NULL,NULL,32,32),(148,NULL,NULL,'activity_feeling',4,1,'2026-02-19 05:57:02','2026-02-19 05:57:02',1,'public/activity_feeling/94/7b117e19b449fcfce2e293bb0c371923.webp','webp','drinking.png','image','webp',4204,'a09c742d648fb88b49936f51f6f61074',NULL,NULL,32,32),(149,NULL,NULL,'activity_feeling',5,1,'2026-02-19 05:57:02','2026-02-19 05:57:02',1,'public/activity_feeling/95/15ca56d6f943398de2f16e5b7ab44aaa.webp','webp','eating.png','image','webp',5450,'66117d4dc66c8d3fff3ab7ef19dcd6eb',NULL,NULL,32,32),(150,NULL,NULL,'activity_feeling',13,1,'2026-02-19 05:57:02','2026-02-19 05:57:02',1,'public/activity_feeling/96/b03b6abf05962bc1ce424bdeceff14d0.webp','webp','watching.png','image','webp',4148,'fe926b664ca728b8106b0e93a734cafa',NULL,NULL,32,32),(151,NULL,NULL,'activity_feeling',18,1,'2026-02-19 05:57:02','2026-02-19 05:57:02',1,'public/activity_feeling/97/ebc621dd06307d824f16232e2715cfb8.webp','webp','browsing.png','image','webp',125792,'547edc83bdc87ac8e88bd96f1728ab0a',NULL,NULL,1024,1024),(152,NULL,NULL,'activity_feeling',19,1,'2026-02-19 05:57:02','2026-02-19 05:57:02',1,'public/activity_feeling/98/0402264c00d5af5d74c22cafb9544bb4.webp','webp','attending_event.png','image','webp',3914,'57882576b5632f79aa1f14857a63b47b',NULL,NULL,32,32),(153,NULL,NULL,'activity_feeling',15,1,'2026-02-19 05:57:02','2026-02-19 05:57:02',1,'public/activity_feeling/99/5d94310fb671cee9a2487a45d21d9de4.webp','webp','listening_to.png','image','webp',4829,'62f0f09040f9cfc8549845fe05316bff',NULL,NULL,32,32),(154,NULL,NULL,'activity_feeling',14,1,'2026-02-19 05:57:02','2026-02-19 05:57:02',1,'public/activity_feeling/9a/003650ceedeb87dea8199113e49a2532.webp','webp','reading.png','image','webp',4440,'02e1967d3a964ab4bbc6a49a06b31a2f',NULL,NULL,32,32),(155,NULL,NULL,'activity_feeling',6,1,'2026-02-19 05:57:02','2026-02-19 05:57:02',1,'public/activity_feeling/9b/0402264c00d5af5d74c22cafb9544bb4.webp','webp','attending.png','image','webp',3914,'57882576b5632f79aa1f14857a63b47b',NULL,NULL,32,32),(156,NULL,NULL,'activity_feeling',7,1,'2026-02-19 05:57:02','2026-02-19 05:57:02',1,'public/activity_feeling/9c/b16fef068bc2834dc530c9fbc80916da.webp','webp','getting.png','image','webp',4199,'36e26db862a5f754f5b4c5d064868c72',NULL,NULL,32,32),(157,NULL,NULL,'activity_feeling',8,1,'2026-02-19 05:57:02','2026-02-19 05:57:02',1,'public/activity_feeling/9d/81376fed7f034843627069120a719adc.webp','webp','looking_for.png','image','webp',4750,'f67a4aa806524ab230b1e6682805263d',NULL,NULL,32,32),(158,NULL,NULL,'activity_feeling',9,1,'2026-02-19 05:57:02','2026-02-19 05:57:02',1,'public/activity_feeling/9e/3a2f96af9b4552a085e67127b3ea3555.webp','webp','making.png','image','webp',5182,'08d57b5cf9d0a62733aa827de18a9707',NULL,NULL,32,32),(159,NULL,NULL,'activity_feeling',10,1,'2026-02-19 05:57:02','2026-02-19 05:57:02',1,'public/activity_feeling/9f/0d16fdad9d5f2f273a1a636079c4cd33.webp','webp','meeting.png','image','webp',4376,'b1d7c0988848b9dd94b1044433c6b610',NULL,NULL,32,32),(160,NULL,NULL,'activity_feeling',11,1,'2026-02-19 05:57:02','2026-02-19 05:57:02',1,'public/activity_feeling/a0/2834502add098055240bbdfe185fc49e.webp','webp','remembering.png','image','webp',4431,'b20edf09a7e0de9b9941d072652f3b5c',NULL,NULL,32,32),(161,NULL,NULL,'activity_feeling',12,1,'2026-02-19 05:57:02','2026-02-19 05:57:02',1,'public/activity_feeling/a1/afe5c1be1346a1c0832b46461ce9012e.webp','webp','thinking_about.png','image','webp',1600,'6c7f788f3e4947bc82d3fb74f05937af',NULL,NULL,32,32),(162,NULL,NULL,'activity_feelingicon',1,1,'2026-02-19 05:57:02','2026-02-19 05:57:02',1,'public/activity_feelingicon/a2/738dab06fea100e1099213af75659127.webp','webp','alone.png','image','webp',3113,'aabda5717f721b31a7fe8e9f40b38731',NULL,NULL,32,32),(163,NULL,NULL,'activity_feelingicon',2,1,'2026-02-19 05:57:03','2026-02-19 05:57:03',1,'public/activity_feelingicon/a3/b4f0da1ab155c1a578452dca2ad459a7.webp','webp','angry.png','image','webp',2978,'b08f861790f52200180309aa7390a573',NULL,NULL,32,32),(164,NULL,NULL,'activity_feelingicon',3,1,'2026-02-19 05:57:03','2026-02-19 05:57:03',1,'public/activity_feelingicon/a4/15061179333266c094f21616e4807bfd.webp','webp','awesome.png','image','webp',3098,'7c44b4d886c40dd40c2264437ee1435c',NULL,NULL,32,32),(165,NULL,NULL,'activity_feelingicon',4,1,'2026-02-19 05:57:03','2026-02-19 05:57:03',1,'public/activity_feelingicon/a5/ada1a561f85e9c826da76ce8a3d7edfc.webp','webp','blessed.png','image','webp',3208,'ac25033af7ad087a9f410c8bc360afcc',NULL,NULL,32,32),(166,NULL,NULL,'activity_feelingicon',5,1,'2026-02-19 05:57:03','2026-02-19 05:57:03',1,'public/activity_feelingicon/a6/b10848bbf1a814d143a82a7d1916f912.webp','webp','confused.png','image','webp',3136,'02702e38fea1ae6fbc3ba3df03510135',NULL,NULL,32,32),(167,NULL,NULL,'activity_feelingicon',6,1,'2026-02-19 05:57:03','2026-02-19 05:57:03',1,'public/activity_feelingicon/a7/1a74a57b7dd57d543a2cdd0e51302937.webp','webp','cool.png','image','webp',3350,'599926d60544daad0c9c112638034fa6',NULL,NULL,32,32),(168,NULL,NULL,'activity_feelingicon',7,1,'2026-02-19 05:57:03','2026-02-19 05:57:03',1,'public/activity_feelingicon/a8/572e712d30774086f4086a777fafe3e0.webp','webp','crazy.png','image','webp',3038,'1b3566d185e158f97d245116fb39a6d7',NULL,NULL,32,32),(169,NULL,NULL,'activity_feelingicon',8,1,'2026-02-19 05:57:03','2026-02-19 05:57:03',1,'public/activity_feelingicon/a9/66443ead0262fdf77f3fc30c5a120e11.webp','webp','cute.png','image','webp',3056,'ace32ba32132ab790208070a35d23d8b',NULL,NULL,32,32),(170,NULL,NULL,'activity_feelingicon',9,1,'2026-02-19 05:57:03','2026-02-19 05:57:03',1,'public/activity_feelingicon/aa/6b28c9f03aac4b74299c1ec8098228df.webp','webp','disappointed.png','image','webp',3185,'19a58374509821d5d38425628a781125',NULL,NULL,32,32),(171,NULL,NULL,'activity_feelingicon',10,1,'2026-02-19 05:57:03','2026-02-19 05:57:03',1,'public/activity_feelingicon/ab/d06bbc5606aab287bc79837db4cdb70f.webp','webp','emotional.png','image','webp',3493,'9444b0baea5737d55f49e0bee94078a9',NULL,NULL,32,32),(172,NULL,NULL,'activity_feelingicon',11,1,'2026-02-19 05:57:03','2026-02-19 05:57:03',1,'public/activity_feelingicon/ac/7957b20f2376f6953baa299eab9c5c9d.webp','webp','excited.png','image','webp',3063,'b91d261a55293db2243f6c9d7610cf0b',NULL,NULL,32,32),(173,NULL,NULL,'activity_feelingicon',12,1,'2026-02-19 05:57:03','2026-02-19 05:57:03',1,'public/activity_feelingicon/ad/cd0ab3dff292659f7df1ab3bece035af.webp','webp','funny.png','image','webp',3097,'3bd97e17fa1d9db8afc219ab23650764',NULL,NULL,32,32),(174,NULL,NULL,'activity_feelingicon',13,1,'2026-02-19 05:57:03','2026-02-19 05:57:03',1,'public/activity_feelingicon/ae/0749e537bc3e27eeb926a79705c9f23e.webp','webp','good.png','image','webp',3118,'14db9539e7b7bbd0be032d3c28530b4a',NULL,NULL,32,32),(175,NULL,NULL,'activity_feelingicon',14,1,'2026-02-19 05:57:03','2026-02-19 05:57:03',1,'public/activity_feelingicon/af/37238424e1de8aa1bb38fb117c0f4e08.webp','webp','happy.png','image','webp',3098,'bbcba2aa92c50ec534738964fec86afb',NULL,NULL,32,32),(176,NULL,NULL,'activity_feelingicon',15,1,'2026-02-19 05:57:03','2026-02-19 05:57:03',1,'public/activity_feelingicon/b0/85930e4f50a747416ccc69ed6da81edb.webp','webp','heart_broken.png','image','webp',3466,'a7d14c9a555204be00e76eeb0b2bc28d',NULL,NULL,32,32),(177,NULL,NULL,'activity_feelingicon',16,1,'2026-02-19 05:57:03','2026-02-19 05:57:03',1,'public/activity_feelingicon/b1/280aa17990031cc103f436ec1f65cc8b.webp','webp','hurt.png','image','webp',3354,'806a0806041dab39c3c7bce4c348f093',NULL,NULL,33,32),(178,NULL,NULL,'activity_feelingicon',17,1,'2026-02-19 05:57:03','2026-02-19 05:57:03',1,'public/activity_feelingicon/b2/693e5217ceb62406ede8df1d67238b4c.webp','webp','in_love.png','image','webp',3081,'ac884fece15799cf95e85eb9e895957f',NULL,NULL,32,32),(179,NULL,NULL,'activity_feelingicon',18,1,'2026-02-19 05:57:03','2026-02-19 05:57:03',1,'public/activity_feelingicon/b3/c15c7ad8150a6241df008f787ef449fb.webp','webp','joyful.png','image','webp',3106,'43eca0d011ad36e9d47013508bc70841',NULL,NULL,32,32),(180,NULL,NULL,'activity_feelingicon',19,1,'2026-02-19 05:57:03','2026-02-19 05:57:03',1,'public/activity_feelingicon/b4/8ad23a4cacd7a2643b97fb47085c4e77.webp','webp','loved.png','image','webp',3334,'a7a61c42cd6d7c0ee964997c0347c2f3',NULL,NULL,32,32),(181,NULL,NULL,'activity_feelingicon',20,1,'2026-02-19 05:57:03','2026-02-19 05:57:03',1,'public/activity_feelingicon/b5/9183a4afcff48910644c8901714fd18b.webp','webp','lovely.png','image','webp',3081,'b5b03767281d4a4baa5262957d8f070e',NULL,NULL,32,32),(182,NULL,NULL,'activity_feelingicon',21,1,'2026-02-19 05:57:03','2026-02-19 05:57:03',1,'public/activity_feelingicon/b6/4372d03f1812070cf44ff3b46572f753.webp','webp','missing.png','image','webp',2993,'b0038923ced40f5fbaa4ced686e63386',NULL,NULL,32,32),(183,NULL,NULL,'activity_feelingicon',22,1,'2026-02-19 05:57:03','2026-02-19 05:57:03',1,'public/activity_feelingicon/b7/5eb7287a2e7074561bd7ef7c5b283f3f.webp','webp','naughty.png','image','webp',3261,'517f4c8311d29af8135d0617e6a1f3e8',NULL,NULL,32,32),(184,NULL,NULL,'activity_feelingicon',23,1,'2026-02-19 05:57:03','2026-02-19 05:57:03',1,'public/activity_feelingicon/b8/1fa08831b3b55877634ca4794f74c475.webp','webp','positive.png','image','webp',2625,'35d315452c10d37085d0060ec01461e9',NULL,NULL,32,32),(185,NULL,NULL,'activity_feelingicon',24,1,'2026-02-19 05:57:03','2026-02-19 05:57:03',1,'public/activity_feelingicon/b9/1620aed7bc28c68e01da8f30e22bdf08.webp','webp','proud.png','image','webp',1148,'9ccb088e19f78f891ed4f3123d20eeb1',NULL,NULL,32,32),(186,NULL,NULL,'activity_feelingicon',25,1,'2026-02-19 05:57:03','2026-02-19 05:57:03',1,'public/activity_feelingicon/ba/2b056a507a4bec1b97dd78c7b0ff1caa.webp','webp','sad.png','image','webp',1130,'1d21d0c459fa65030b818703a64ce4c6',NULL,NULL,32,32),(187,NULL,NULL,'activity_feelingicon',26,1,'2026-02-19 05:57:03','2026-02-19 05:57:03',1,'public/activity_feelingicon/bb/f57cdce8a7f833018b38234909e3acb6.webp','webp','scared.png','image','webp',3444,'e420331c923cfe5bf0fd2a17cec3fb63',NULL,NULL,32,32),(188,NULL,NULL,'activity_feelingicon',27,1,'2026-02-19 05:57:03','2026-02-19 05:57:03',1,'public/activity_feelingicon/bc/209fa5544b7259d3689fd7e9fce47690.webp','webp','shocked.png','image','webp',3355,'98f048c466b22eb3649f7c8ad5bef9f6',NULL,NULL,32,32),(189,NULL,NULL,'activity_feelingicon',28,1,'2026-02-19 05:57:03','2026-02-19 05:57:03',1,'public/activity_feelingicon/bd/34d35dcd1984cdfed713656e18023198.webp','webp','silly.png','image','webp',3261,'31fb7d620d959302d11492acef4ac8e2',NULL,NULL,32,32),(190,NULL,NULL,'activity_feelingicon',29,1,'2026-02-19 05:57:03','2026-02-19 05:57:03',1,'public/activity_feelingicon/be/28e5585bac5a2efaa07a574f362c92e0.webp','webp','sleepy.png','image','webp',3423,'f73f242fa9ccf215ffcf59746dec29e9',NULL,NULL,32,32),(191,NULL,NULL,'activity_feelingicon',30,1,'2026-02-19 05:57:03','2026-02-19 05:57:03',1,'public/activity_feelingicon/bf/f25c047beb5f90f5342ce78ffbc657e4.webp','webp','special.png','image','webp',3528,'4bafc83d669666b19d834059600eeea2',NULL,NULL,32,32),(192,NULL,NULL,'activity_feelingicon',31,1,'2026-02-19 05:57:03','2026-02-19 05:57:03',1,'public/activity_feelingicon/c0/873a8af378d266bf549992ccddd3a5d9.webp','webp','thankful.png','image','webp',3098,'78a8e6cda90d0d8feaee4a2de727d1c0',NULL,NULL,32,32),(193,NULL,NULL,'activity_feelingicon',32,1,'2026-02-19 05:57:04','2026-02-19 05:57:04',1,'public/activity_feelingicon/c1/d20a342d3560900ba0cfb62b2f45397f.webp','webp','thoughtful.png','image','webp',3051,'edd0b8b0656bc0b1b4dec9f4ef3bb0ed',NULL,NULL,32,32),(194,NULL,NULL,'activity_feelingicon',33,1,'2026-02-19 05:57:04','2026-02-19 05:57:04',1,'public/activity_feelingicon/c2/c57a7eb733183074d69717fdfdff9f59.webp','webp','upset.png','image','webp',3175,'faf70cfe8a63065f61852498554a4845',NULL,NULL,32,32),(195,NULL,NULL,'activity_feelingicon',34,1,'2026-02-19 05:57:04','2026-02-19 05:57:04',1,'public/activity_feelingicon/c3/6c0c682521a08e346cc70938ad3b5b41.webp','webp','4th_of_July.png','image','webp',3643,'b45d38f382f1f2de064fddd5bdea31b2',NULL,NULL,32,32),(196,NULL,NULL,'activity_feelingicon',35,1,'2026-02-19 05:57:04','2026-02-19 05:57:04',1,'public/activity_feelingicon/c4/c8a4e707a0c21ce3662590471ab7f76f.webp','webp','International_yoga_day.png','image','webp',5024,'c5c17f98b4d3a7bf8c1ffa61a0ecb5de',NULL,NULL,32,32),(197,NULL,NULL,'activity_feelingicon',36,1,'2026-02-19 05:57:04','2026-02-19 05:57:04',1,'public/activity_feelingicon/c5/801d10a8d7d099f60a73630a086f52bf.webp','webp','a_birthday.png','image','webp',5495,'b40216b945cee57c2bc7d4ac5941f9a4',NULL,NULL,32,32),(198,NULL,NULL,'activity_feelingicon',37,1,'2026-02-19 05:57:04','2026-02-19 05:57:04',1,'public/activity_feelingicon/c6/fb4bcd3d2263fac4e50feaa85d2d437e.webp','webp','an_anniversary.png','image','webp',5013,'4b76957308fbf9c4fb8f9ee33f01cb78',NULL,NULL,32,32),(199,NULL,NULL,'activity_feelingicon',38,1,'2026-02-19 05:57:04','2026-02-19 05:57:04',1,'public/activity_feelingicon/c7/801d10a8d7d099f60a73630a086f52bf.webp','webp','another_birthday.png','image','webp',5495,'b40216b945cee57c2bc7d4ac5941f9a4',NULL,NULL,32,32),(200,NULL,NULL,'activity_feelingicon',39,1,'2026-02-19 05:57:04','2026-02-19 05:57:04',1,'public/activity_feelingicon/c8/801d10a8d7d099f60a73630a086f52bf.webp','webp','birthdays.png','image','webp',5495,'b40216b945cee57c2bc7d4ac5941f9a4',NULL,NULL,32,32),(201,NULL,NULL,'activity_feelingicon',40,1,'2026-02-19 05:57:04','2026-02-19 05:57:04',1,'public/activity_feelingicon/c9/d4340a55c753caa21512c0815c59cdcf.webp','webp','eid.png','image','webp',4652,'e48c84b81373887462a0e72ac5b6bf93',NULL,NULL,32,32),(202,NULL,NULL,'activity_feelingicon',41,1,'2026-02-19 05:57:04','2026-02-19 05:57:04',1,'public/activity_feelingicon/ca/c931b1c26be1d90071d369047d7df503.webp','webp','engagement.png','image','webp',4632,'e50c6a46e31947646e99ca808dc5a5d4',NULL,NULL,32,32),(203,NULL,NULL,'activity_feelingicon',42,1,'2026-02-19 05:57:04','2026-02-19 05:57:04',1,'public/activity_feelingicon/cb/fb4bcd3d2263fac4e50feaa85d2d437e.webp','webp','friendship.png','image','webp',5013,'4b76957308fbf9c4fb8f9ee33f01cb78',NULL,NULL,32,32),(204,NULL,NULL,'activity_feelingicon',43,1,'2026-02-19 05:57:04','2026-02-19 05:57:04',1,'public/activity_feelingicon/cc/a8fe0ec7b232f3e1833a37ddb8d6afbe.webp','webp','graduation.png','image','webp',4190,'62e6737912495400d40024a778e72841',NULL,NULL,32,32),(205,NULL,NULL,'activity_feelingicon',44,1,'2026-02-19 05:57:04','2026-02-19 05:57:04',1,'public/activity_feelingicon/cd/dbb3d75d7d7904db903a8c4205d067fd.webp','webp','life.png','image','webp',4839,'c2b6e6093e4e5230c6e68fd3c0708f8e',NULL,NULL,32,32),(206,NULL,NULL,'activity_feelingicon',45,1,'2026-02-19 05:57:04','2026-02-19 05:57:04',1,'public/activity_feelingicon/ce/852b315730e9273a0541477254a0fb7e.webp','webp','love.png','image','webp',4080,'3ebc9501a178e64e71cbeb7b5aaa0c52',NULL,NULL,32,32),(207,NULL,NULL,'activity_feelingicon',46,1,'2026-02-19 05:57:04','2026-02-19 05:57:04',1,'public/activity_feelingicon/cf/665d805ba041a17ad1b8e3ba093fa1ce.webp','webp','mother\'s_day.png','image','webp',4914,'00c99cd0a6cba98b68a80bc9dacefe66',NULL,NULL,32,32),(208,NULL,NULL,'activity_feelingicon',47,1,'2026-02-19 05:57:04','2026-02-19 05:57:04',1,'public/activity_feelingicon/d0/801d10a8d7d099f60a73630a086f52bf.webp','webp','my_birthday.png','image','webp',5495,'b40216b945cee57c2bc7d4ac5941f9a4',NULL,NULL,32,32),(209,NULL,NULL,'activity_feelingicon',48,1,'2026-02-19 05:57:04','2026-02-19 05:57:04',1,'public/activity_feelingicon/d1/fb4bcd3d2263fac4e50feaa85d2d437e.webp','webp','my_brother\'s_birthday.png','image','webp',5013,'4b76957308fbf9c4fb8f9ee33f01cb78',NULL,NULL,32,32),(210,NULL,NULL,'activity_feelingicon',49,1,'2026-02-19 05:57:04','2026-02-19 05:57:04',1,'public/activity_feelingicon/d2/fb4bcd3d2263fac4e50feaa85d2d437e.webp','webp','my_daughter\'s_birthday..png','image','webp',5013,'4b76957308fbf9c4fb8f9ee33f01cb78',NULL,NULL,32,32),(211,NULL,NULL,'activity_feelingicon',50,1,'2026-02-19 05:57:04','2026-02-19 05:57:04',1,'public/activity_feelingicon/d3/fb4bcd3d2263fac4e50feaa85d2d437e.webp','webp','my_mom\'s_birthday.png','image','webp',5013,'4b76957308fbf9c4fb8f9ee33f01cb78',NULL,NULL,32,32),(212,NULL,NULL,'activity_feelingicon',51,1,'2026-02-19 05:57:04','2026-02-19 05:57:04',1,'public/activity_feelingicon/d4/fb4bcd3d2263fac4e50feaa85d2d437e.webp','webp','my_sister\'s_birthday.png','image','webp',5013,'4b76957308fbf9c4fb8f9ee33f01cb78',NULL,NULL,32,32),(213,NULL,NULL,'activity_feelingicon',52,1,'2026-02-19 05:57:04','2026-02-19 05:57:04',1,'public/activity_feelingicon/d5/fb4bcd3d2263fac4e50feaa85d2d437e.webp','webp','my_son\'s_birthday.png','image','webp',5013,'4b76957308fbf9c4fb8f9ee33f01cb78',NULL,NULL,32,32),(214,NULL,NULL,'activity_feelingicon',53,1,'2026-02-19 05:57:04','2026-02-19 05:57:04',1,'public/activity_feelingicon/d6/791673652a4053e307a9f98fede12f80.webp','webp','our__anniversary.png','image','webp',5039,'d38916a73563ad631fd7cbfdf8eff592',NULL,NULL,32,32),(215,NULL,NULL,'activity_feelingicon',54,1,'2026-02-19 05:57:04','2026-02-19 05:57:04',1,'public/activity_feelingicon/d7/fb4bcd3d2263fac4e50feaa85d2d437e.webp','webp','our_special_day.png','image','webp',5013,'4b76957308fbf9c4fb8f9ee33f01cb78',NULL,NULL,32,32),(216,NULL,NULL,'activity_feelingicon',55,1,'2026-02-19 05:57:04','2026-02-19 05:57:04',1,'public/activity_feelingicon/d8/852b315730e9273a0541477254a0fb7e.webp','webp','our_wedding_anniversary.png','image','webp',4080,'3ebc9501a178e64e71cbeb7b5aaa0c52',NULL,NULL,32,32),(217,NULL,NULL,'activity_feelingicon',56,1,'2026-02-19 05:57:04','2026-02-19 05:57:04',1,'public/activity_feelingicon/d9/e6b39fe5b9bd4afa67dca4e4e1d46382.webp','webp','success.png','image','webp',3549,'dc13bd9fc2b263b7ecab6f2b11e7d7a9',NULL,NULL,32,32),(218,NULL,NULL,'activity_feelingicon',57,1,'2026-02-19 05:57:04','2026-02-19 05:57:04',1,'public/activity_feelingicon/da/42064b7e83d2deb055061512896ec5e1.webp','webp','the_beginning_of_spring.png','image','webp',5039,'8c6878b880a3ace6a317736f207075e6',NULL,NULL,32,32),(219,NULL,NULL,'activity_feelingicon',58,1,'2026-02-19 05:57:04','2026-02-19 05:57:04',1,'public/activity_feelingicon/db/fb4bcd3d2263fac4e50feaa85d2d437e.webp','webp','this_day.png','image','webp',5013,'4b76957308fbf9c4fb8f9ee33f01cb78',NULL,NULL,32,32),(220,NULL,NULL,'activity_feelingicon',59,1,'2026-02-19 05:57:04','2026-02-19 05:57:04',1,'public/activity_feelingicon/dc/fb4bcd3d2263fac4e50feaa85d2d437e.webp','webp','this_special_day.png','image','webp',5013,'4b76957308fbf9c4fb8f9ee33f01cb78',NULL,NULL,32,32),(221,NULL,NULL,'activity_feelingicon',60,1,'2026-02-19 05:57:04','2026-02-19 05:57:04',1,'public/activity_feelingicon/dd/bd4e5527d0825593df0344afd7260b14.webp','webp','victory.png','image','webp',4966,'41a15189aedb35660bba38e2155d2f36',NULL,NULL,32,32),(222,NULL,NULL,'activity_feelingicon',61,1,'2026-02-19 05:57:04','2026-02-19 05:57:04',1,'public/activity_feelingicon/de/fb4bcd3d2263fac4e50feaa85d2d437e.webp','webp','your_big_day.png','image','webp',5013,'4b76957308fbf9c4fb8f9ee33f01cb78',NULL,NULL,32,32),(223,NULL,NULL,'activity_feelingicon',62,1,'2026-02-19 05:57:04','2026-02-19 05:57:04',1,'public/activity_feelingicon/df/fb4bcd3d2263fac4e50feaa85d2d437e.webp','webp','your_special_day.png','image','webp',5013,'4b76957308fbf9c4fb8f9ee33f01cb78',NULL,NULL,32,32),(224,NULL,NULL,'activity_feelingicon',63,1,'2026-02-19 05:57:04','2026-02-19 05:57:04',1,'public/activity_feelingicon/e0/d05e6c55816b29e71fcbe883efa82512.webp','webp','chilling.png','image','webp',3350,'0c2dd27afa72ea1164d515b4e071357e',NULL,NULL,32,32),(225,NULL,NULL,'activity_feelingicon',64,1,'2026-02-19 05:57:04','2026-02-19 05:57:04',1,'public/activity_feelingicon/e1/7f8069969e0cd0cd011e7f1e90902bb9.webp','webp','enjoying.png','image','webp',3407,'27cd47a6bd9ef18e7af5f81510633391',NULL,NULL,32,32),(226,NULL,NULL,'activity_feelingicon',65,1,'2026-02-19 05:57:04','2026-02-19 05:57:04',1,'public/activity_feelingicon/e2/e967894c514d5deed24bdf1fc969117e.webp','webp','enjoying_life.png','image','webp',3407,'6b3348c5c1338a8351bdfd8372fabbba',NULL,NULL,32,32),(227,NULL,NULL,'activity_feelingicon',66,1,'2026-02-19 05:57:05','2026-02-19 05:57:05',1,'public/activity_feelingicon/e3/0d3f53bbb0d682962628548b0cdf02ae.webp','webp','enjoying_the_day.png','image','webp',3407,'bb94b0e9410593dd21bd7cf1fdafd20d',NULL,NULL,32,32),(228,NULL,NULL,'activity_feelingicon',67,1,'2026-02-19 05:57:05','2026-02-19 05:57:05',1,'public/activity_feelingicon/e4/f0ee8c0e09cca3e10543fd19cf0b0389.webp','webp','hanging_out.png','image','webp',4726,'4fdf1cd323e3233f60ede0b6a5ce694d',NULL,NULL,32,32),(229,NULL,NULL,'activity_feelingicon',68,1,'2026-02-19 05:57:05','2026-02-19 05:57:05',1,'public/activity_feelingicon/e5/5d9f0d0fe1829f2b84ca6a3e3fd1f486.webp','webp','hoping_for_the_best.png','image','webp',3334,'5f9d6b467765c7516978cda8f7b6515c',NULL,NULL,32,32),(230,NULL,NULL,'activity_feelingicon',69,1,'2026-02-19 05:57:05','2026-02-19 05:57:05',1,'public/activity_feelingicon/e6/0e1d1de21c58a91df0ef6a48a3a36b0a.webp','webp','looking_forward_to_the_day.png','image','webp',3144,'9cce706e111f60334490449d750d9dd3',NULL,NULL,32,32),(231,NULL,NULL,'activity_feelingicon',70,1,'2026-02-19 05:57:05','2026-02-19 05:57:05',1,'public/activity_feelingicon/e7/8ad70fc4304d6087b7153876eb6242f4.webp','webp','losing_my_mind.png','image','webp',3264,'31b5e0f263d5154b7c3cc70e4a1f41ea',NULL,NULL,32,32),(232,NULL,NULL,'activity_feelingicon',71,1,'2026-02-19 05:57:05','2026-02-19 05:57:05',1,'public/activity_feelingicon/e8/a8a0b46b7f8e0d024a8b93112b87bc62.webp','webp','missing_someone.png','image','webp',1600,'6c7f788f3e4947bc82d3fb74f05937af',NULL,NULL,32,32),(233,NULL,NULL,'activity_feelingicon',72,1,'2026-02-19 05:57:05','2026-02-19 05:57:05',1,'public/activity_feelingicon/e9/dc5e7d2aa064f2ce0a436f2ff438c166.webp','webp','showing_love.png','image','webp',3082,'5160c985fb9735a04747d9886167c0ae',NULL,NULL,32,32),(234,NULL,NULL,'activity_feelingicon',73,1,'2026-02-19 05:57:05','2026-02-19 05:57:05',1,'public/activity_feelingicon/ea/6aff47642bdece5daea37bf49790bea0.webp','webp','sleeping.png','image','webp',3428,'39cb31db485f93823cf9c98387b2ecbc',NULL,NULL,32,32),(235,NULL,NULL,'activity_feelingicon',74,1,'2026-02-19 05:57:05','2026-02-19 05:57:05',1,'public/activity_feelingicon/eb/92122aa679548cdc71492f036bd6edff.webp','webp','smiling.png','image','webp',2857,'5ecebbe40ae157a0e6d7181099aa8307',NULL,NULL,32,32),(236,NULL,NULL,'activity_feelingicon',75,1,'2026-02-19 05:57:05','2026-02-19 05:57:05',1,'public/activity_feelingicon/ec/06158c8cab21ba9b828d26a5dbdcaa5e.webp','webp','thinking.png','image','webp',4314,'75573fd81de7d28a87c5790dc36692a9',NULL,NULL,32,32),(237,NULL,NULL,'activity_feelingicon',76,1,'2026-02-19 05:57:05','2026-02-19 05:57:05',1,'public/activity_feelingicon/ed/7a0d52cc593d875169693a6b765b4a25.webp','webp','thinking_god.png','image','webp',2857,'014bbfbbd70fe2f4c3aa53313d478595',NULL,NULL,32,32),(238,NULL,NULL,'activity_feelingicon',77,1,'2026-02-19 05:57:05','2026-02-19 05:57:05',1,'public/activity_feelingicon/ee/06c4f62fc974193f1174332b3570ae02.webp','webp','voting_in_the_election.png','image','webp',4377,'64ac7b8ce924e83c7d17ad0aac6d85c0',NULL,NULL,32,32),(239,NULL,NULL,'activity_feelingicon',78,1,'2026-02-19 05:57:05','2026-02-19 05:57:05',1,'public/activity_feelingicon/ef/0a4e3ce743110aeed89376f01410260a.webp','webp','welcome_spring.png','image','webp',4160,'2348d7682b519d5833d031d06946c214',NULL,NULL,32,32),(240,NULL,NULL,'activity_feelingicon',79,1,'2026-02-19 05:57:05','2026-02-19 05:57:05',1,'public/activity_feelingicon/f0/ec66bacaa0e74811ca445439f4f27fe4.webp','webp','working.png','image','webp',4194,'df973a7d2d64a4c2742487ff44a90863',NULL,NULL,32,32),(241,NULL,NULL,'activity_feelingicon',80,1,'2026-02-19 05:57:05','2026-02-19 05:57:05',1,'public/activity_feelingicon/f1/ccedc6b537e46770a9b75f898b903f31.webp','webp','100_Pipers_Deluxe_Blended_Scotch_Whisky..png','image','webp',4351,'23e4d7292deb6ab786b2855ef1636b8e',NULL,NULL,32,32),(242,NULL,NULL,'activity_feelingicon',81,1,'2026-02-19 05:57:05','2026-02-19 05:57:05',1,'public/activity_feelingicon/f2/73f2ac9a3a7f981fc20e6f23655f9dae.webp','webp','BEAR_BRAND_Powdered_Milk_Drink..png','image','webp',4764,'1adfefeeaeef4f97ddcc9918b8df6d71',NULL,NULL,32,32),(243,NULL,NULL,'activity_feelingicon',82,1,'2026-02-19 05:57:05','2026-02-19 05:57:05',1,'public/activity_feelingicon/f3/73f2ac9a3a7f981fc20e6f23655f9dae.webp','webp','Kingfisher.png','image','webp',4764,'1adfefeeaeef4f97ddcc9918b8df6d71',NULL,NULL,32,32),(244,NULL,NULL,'activity_feelingicon',83,1,'2026-02-19 05:57:05','2026-02-19 05:57:05',1,'public/activity_feelingicon/f4/73f2ac9a3a7f981fc20e6f23655f9dae.webp','webp','adult_beverages.png','image','webp',4764,'1adfefeeaeef4f97ddcc9918b8df6d71',NULL,NULL,32,32),(245,NULL,NULL,'activity_feelingicon',84,1,'2026-02-19 05:57:05','2026-02-19 05:57:05',1,'public/activity_feelingicon/f5/0ff9d9976815826a1f8124fa16b58cab.webp','webp','beer.png','image','webp',4108,'b7edb3c4da2e93660c41097ed27d17d1',NULL,NULL,32,32),(246,NULL,NULL,'activity_feelingicon',85,1,'2026-02-19 05:57:05','2026-02-19 05:57:05',1,'public/activity_feelingicon/f6/0f34c71691670e3a873a8667d7b8810c.webp','webp','coffee.png','image','webp',4891,'d8f3834148279b8b24c49dac90751a76',NULL,NULL,32,32),(247,NULL,NULL,'activity_feelingicon',86,1,'2026-02-19 05:57:05','2026-02-19 05:57:05',1,'public/activity_feelingicon/f7/8c0d442ab62298424b0d38d4117611c8.webp','webp','coke.png','image','webp',3854,'204a6c4266a2411a34801cc859aa8801',NULL,NULL,32,32),(248,NULL,NULL,'activity_feelingicon',87,1,'2026-02-19 05:57:05','2026-02-19 05:57:05',1,'public/activity_feelingicon/f8/9c59d10bf6b891164743c2e035b6d815.webp','webp','rose_wine.png','image','webp',4834,'64a28205bf8bd389abdf0de12a39b851',NULL,NULL,32,32),(249,NULL,NULL,'activity_feelingicon',88,1,'2026-02-19 05:57:05','2026-02-19 05:57:05',1,'public/activity_feelingicon/f9/d23888923debcfa19c12b68ff9f84b22.webp','webp','something_that_makes_me_smile.....more.png','image','webp',3106,'ca7b604b2fcbdb79f3894556b0f70645',NULL,NULL,32,32),(250,NULL,NULL,'activity_feelingicon',89,1,'2026-02-19 05:57:05','2026-02-19 05:57:05',1,'public/activity_feelingicon/fa/0f34c71691670e3a873a8667d7b8810c.webp','webp','tea.png','image','webp',4891,'d8f3834148279b8b24c49dac90751a76',NULL,NULL,32,32),(251,NULL,NULL,'activity_feelingicon',90,1,'2026-02-19 05:57:05','2026-02-19 05:57:05',1,'public/activity_feelingicon/fb/73f2ac9a3a7f981fc20e6f23655f9dae.webp','webp','with_friends.png','image','webp',4764,'1adfefeeaeef4f97ddcc9918b8df6d71',NULL,NULL,32,32),(252,NULL,NULL,'activity_feelingicon',91,1,'2026-02-19 05:57:05','2026-02-19 05:57:05',1,'public/activity_feelingicon/fc/0a1a18149720b66f060660c30ba775fb.webp','webp','BAR_B_Q_tonight.png','image','webp',4310,'2cff5c374da3d80e1fb3de99a89a9840',NULL,NULL,32,32),(253,NULL,NULL,'activity_feelingicon',92,1,'2026-02-19 05:57:05','2026-02-19 05:57:05',1,'public/activity_feelingicon/fd/ff6ebfe76bd424047368bcbad6e8d5fa.webp','webp','Burger_&_Lobster.png','image','webp',4175,'73280dcff2ef421cc4d8615700945e41',NULL,NULL,32,32),(254,NULL,NULL,'activity_feelingicon',93,1,'2026-02-19 05:57:05','2026-02-19 05:57:05',1,'public/activity_feelingicon/fe/465388b7eafaa30af6bd99168bc65e0a.webp','webp','KFC_Kentucky_Fried_Chicken.png','image','webp',4359,'655402cd3c45f33744a0c28d2d75b44e',NULL,NULL,32,32),(255,NULL,NULL,'activity_feelingicon',94,1,'2026-02-19 05:57:05','2026-02-19 05:57:05',1,'public/activity_feelingicon/00/01/80c52710b124dcdd9349349691f1d1c7.webp','webp','Zinger_Burger.png','image','webp',4898,'7f45294d01804ace958db9a083fa3bc9',NULL,NULL,32,32),(256,NULL,NULL,'activity_feelingicon',95,1,'2026-02-19 05:57:05','2026-02-19 05:57:05',1,'public/activity_feelingicon/01/01/3de8c9fe460423c68c2cc6e124489a5f.webp','webp','birthday_cake.png','image','webp',4697,'95231a4fd322c3f611869db10f35482e',NULL,NULL,32,32),(257,NULL,NULL,'activity_feelingicon',96,1,'2026-02-19 05:57:05','2026-02-19 05:57:05',1,'public/activity_feelingicon/02/01/af4c23bb897bfffaf67be34e33d90df5.webp','webp','breakfast.png','image','webp',4535,'7234bda527e5900e66b9ca8a97f0b06c',NULL,NULL,32,32),(258,NULL,NULL,'activity_feelingicon',97,1,'2026-02-19 05:57:05','2026-02-19 05:57:05',1,'public/activity_feelingicon/03/01/0a1a18149720b66f060660c30ba775fb.webp','webp','breakfast_this_morning.png','image','webp',4310,'2cff5c374da3d80e1fb3de99a89a9840',NULL,NULL,32,32),(259,NULL,NULL,'activity_feelingicon',98,1,'2026-02-19 05:57:05','2026-02-19 05:57:05',1,'public/activity_feelingicon/04/01/465388b7eafaa30af6bd99168bc65e0a.webp','webp','chicken.png','image','webp',4359,'655402cd3c45f33744a0c28d2d75b44e',NULL,NULL,32,32),(260,NULL,NULL,'activity_feelingicon',99,1,'2026-02-19 05:57:06','2026-02-19 05:57:06',1,'public/activity_feelingicon/05/01/80bc25b2cb1673fbcdf7bb4b6ad74815.webp','webp','dessert.png','image','webp',4697,'95231a4fd322c3f611869db10f35482e',NULL,NULL,32,32),(261,NULL,NULL,'activity_feelingicon',100,1,'2026-02-19 05:57:06','2026-02-19 05:57:06',1,'public/activity_feelingicon/06/01/938a1444ff5bb5376220eddb4e44755e.webp','webp','dinner.png','image','webp',4310,'2cff5c374da3d80e1fb3de99a89a9840',NULL,NULL,32,32),(262,NULL,NULL,'activity_feelingicon',101,1,'2026-02-19 05:57:06','2026-02-19 05:57:06',1,'public/activity_feelingicon/07/01/938a1444ff5bb5376220eddb4e44755e.webp','webp','dinner_with_my_beloved_friends.png','image','webp',4310,'2cff5c374da3d80e1fb3de99a89a9840',NULL,NULL,32,32),(263,NULL,NULL,'activity_feelingicon',102,1,'2026-02-19 05:57:06','2026-02-19 05:57:06',1,'public/activity_feelingicon/08/01/938a1444ff5bb5376220eddb4e44755e.webp','webp','eating_dinner.png','image','webp',4310,'2cff5c374da3d80e1fb3de99a89a9840',NULL,NULL,32,32),(264,NULL,NULL,'activity_feelingicon',103,1,'2026-02-19 05:57:06','2026-02-19 05:57:06',1,'public/activity_feelingicon/09/01/938a1444ff5bb5376220eddb4e44755e.webp','webp','evening_snacks.png','image','webp',4310,'2cff5c374da3d80e1fb3de99a89a9840',NULL,NULL,32,32),(265,NULL,NULL,'activity_feelingicon',104,1,'2026-02-19 05:57:06','2026-02-19 05:57:06',1,'public/activity_feelingicon/0a/01/2708d90444557534ccab7bf4b46f2df1.webp','webp','ice_cream.png','image','webp',4755,'6483ffc7c4e497e2b723dae5ee53d5b7',NULL,NULL,32,32),(266,NULL,NULL,'activity_feelingicon',105,1,'2026-02-19 05:57:06','2026-02-19 05:57:06',1,'public/activity_feelingicon/0b/01/3a4aee2334394d0ba1769442d0947d71.webp','webp','lunch.png','image','webp',4838,'64426eb9610dbd2376abf46343a4105a',NULL,NULL,32,32),(267,NULL,NULL,'activity_feelingicon',106,1,'2026-02-19 05:57:06','2026-02-19 05:57:06',1,'public/activity_feelingicon/0c/01/938a1444ff5bb5376220eddb4e44755e.webp','webp','lunch_with_family.png','image','webp',4310,'2cff5c374da3d80e1fb3de99a89a9840',NULL,NULL,32,32),(268,NULL,NULL,'activity_feelingicon',107,1,'2026-02-19 05:57:06','2026-02-19 05:57:06',1,'public/activity_feelingicon/0d/01/938a1444ff5bb5376220eddb4e44755e.webp','webp','lunch_with_friends.png','image','webp',4310,'2cff5c374da3d80e1fb3de99a89a9840',NULL,NULL,32,32),(269,NULL,NULL,'activity_feelingicon',108,1,'2026-02-19 05:57:06','2026-02-19 05:57:06',1,'public/activity_feelingicon/0e/01/938a1444ff5bb5376220eddb4e44755e.webp','webp','rainforest_cafe.png','image','webp',4310,'2cff5c374da3d80e1fb3de99a89a9840',NULL,NULL,32,32),(270,NULL,NULL,'activity_feelingicon',109,1,'2026-02-19 05:57:06','2026-02-19 05:57:06',1,'public/activity_feelingicon/0f/01/4d15fe4c5deb863cff16a79696068e0b.webp','webp','a_birthday_party.png','image','webp',5495,'b40216b945cee57c2bc7d4ac5941f9a4',NULL,NULL,32,32),(271,NULL,NULL,'activity_feelingicon',110,1,'2026-02-19 05:57:06','2026-02-19 05:57:06',1,'public/activity_feelingicon/10/01/5251a802d782cd026ec113e87bea83dc.webp','webp','a_class.png','image','webp',4947,'b2d84507d230aa1df88e1365093daf98',NULL,NULL,32,32),(272,NULL,NULL,'activity_feelingicon',111,1,'2026-02-19 05:57:06','2026-02-19 05:57:06',1,'public/activity_feelingicon/11/01/2b66c310d4438d8ebf7efc0ac76112d9.webp','webp','a_family_day.png','image','webp',4874,'115938afbfd9bbba0d5c5a5b0ec37fe0',NULL,NULL,32,32),(273,NULL,NULL,'activity_feelingicon',112,1,'2026-02-19 05:57:06','2026-02-19 05:57:06',1,'public/activity_feelingicon/12/01/3990ea0fa8cd12117d2b13d64e72af46.webp','webp','a_graduation_ceremony.png','image','webp',4190,'62e6737912495400d40024a778e72841',NULL,NULL,32,32),(274,NULL,NULL,'activity_feelingicon',113,1,'2026-02-19 05:57:06','2026-02-19 05:57:06',1,'public/activity_feelingicon/13/01/2d205aa6e0933a844a955845cb898d16.webp','webp','a_lecture.png','image','webp',1885,'b5d0c0aae93717625fbf50efe4daf051',NULL,NULL,125,125),(275,NULL,NULL,'activity_feelingicon',114,1,'2026-02-19 05:57:06','2026-02-19 05:57:06',1,'public/activity_feelingicon/14/01/f3ffe45002266d62db36160c5e623cff.webp','webp','a_live_concert.png','image','webp',4722,'3da9b5ae99428dbf8393fd59eb8a3878',NULL,NULL,32,32),(276,NULL,NULL,'activity_feelingicon',115,1,'2026-02-19 05:57:06','2026-02-19 05:57:06',1,'public/activity_feelingicon/15/01/78f3e413adb2a11f71b9b13373e7c809.webp','webp','a_marriage_ceremony.png','image','webp',5386,'1ff87aae30b882eecfcb8316ed13d404',NULL,NULL,32,32),(277,NULL,NULL,'activity_feelingicon',116,1,'2026-02-19 05:57:06','2026-02-19 05:57:06',1,'public/activity_feelingicon/16/01/0fd29b62e67524865e0298d4d03b8a22.webp','webp','a_meeting.png','image','webp',4376,'b1d7c0988848b9dd94b1044433c6b610',NULL,NULL,32,32),(278,NULL,NULL,'activity_feelingicon',117,1,'2026-02-19 05:57:06','2026-02-19 05:57:06',1,'public/activity_feelingicon/17/01/38b428585700a957a730464c3b3d04ec.webp','webp','a_party.png','image','webp',5013,'4b76957308fbf9c4fb8f9ee33f01cb78',NULL,NULL,32,32),(279,NULL,NULL,'activity_feelingicon',118,1,'2026-02-19 05:57:06','2026-02-19 05:57:06',1,'public/activity_feelingicon/18/01/96b74393fa5eb57df51c36b03007aac1.webp','webp','a_prayer.png','image','webp',4431,'b20edf09a7e0de9b9941d072652f3b5c',NULL,NULL,32,32),(280,NULL,NULL,'activity_feelingicon',119,1,'2026-02-19 05:57:06','2026-02-19 05:57:06',1,'public/activity_feelingicon/19/01/6192f73080b176a521dbd89f2fb009de.webp','webp','a_program.png','image','webp',4177,'fe87c135667ecf94aaba6ac800dd7618',NULL,NULL,32,32),(281,NULL,NULL,'activity_feelingicon',120,1,'2026-02-19 05:57:06','2026-02-19 05:57:06',1,'public/activity_feelingicon/1a/01/578f3c57c85acc7ca8456849653da314.webp','webp','a_training.png','image','webp',4149,'d0d5181ab1e25bfbfb613e4419b8d62f',NULL,NULL,32,32),(282,NULL,NULL,'activity_feelingicon',121,1,'2026-02-19 05:57:06','2026-02-19 05:57:06',1,'public/activity_feelingicon/1b/01/1ab4930baa4f7a1a8d325e5af52e43ea.webp','webp','a_wedding.png','image','webp',4330,'14e16522261a317be6d47eb2dedfb37e',NULL,NULL,32,32),(283,NULL,NULL,'activity_feelingicon',122,1,'2026-02-19 05:57:06','2026-02-19 05:57:06',1,'public/activity_feelingicon/1c/01/6192f73080b176a521dbd89f2fb009de.webp','webp','an_event.png','image','webp',4177,'fe87c135667ecf94aaba6ac800dd7618',NULL,NULL,32,32),(284,NULL,NULL,'activity_feelingicon',123,1,'2026-02-19 05:57:06','2026-02-19 05:57:06',1,'public/activity_feelingicon/1d/01/cdeb2c03f1a94cf5fdde8788e700e6bf.webp','webp','an_exam.png','image','webp',3445,'3156bb8cf8a2dd75821a31f26a0097c3',NULL,NULL,32,32),(285,NULL,NULL,'activity_feelingicon',124,1,'2026-02-19 05:57:06','2026-02-19 05:57:06',1,'public/activity_feelingicon/1e/01/0fd29b62e67524865e0298d4d03b8a22.webp','webp','business_meeting.png','image','webp',4376,'b1d7c0988848b9dd94b1044433c6b610',NULL,NULL,32,32),(286,NULL,NULL,'activity_feelingicon',125,1,'2026-02-19 05:57:06','2026-02-19 05:57:06',1,'public/activity_feelingicon/1f/01/658b4332023cd12ac61ede8236acccd6.webp','webp','church.png','image','webp',5332,'9378c4efb7ab805256a0ffb314875e49',NULL,NULL,32,32),(287,NULL,NULL,'activity_feelingicon',126,1,'2026-02-19 05:57:06','2026-02-19 05:57:06',1,'public/activity_feelingicon/20/01/38b428585700a957a730464c3b3d04ec.webp','webp','family_reunion.png','image','webp',5013,'4b76957308fbf9c4fb8f9ee33f01cb78',NULL,NULL,32,32),(288,NULL,NULL,'activity_feelingicon',127,1,'2026-02-19 05:57:06','2026-02-19 05:57:06',1,'public/activity_feelingicon/21/01/5858c898220ee7b7c0871c6a86c3948e.webp','webp','my_very-special_event.png','image','webp',3914,'57882576b5632f79aa1f14857a63b47b',NULL,NULL,32,32),(289,NULL,NULL,'activity_feelingicon',128,1,'2026-02-19 05:57:06','2026-02-19 05:57:06',1,'public/activity_feelingicon/22/01/658b4332023cd12ac61ede8236acccd6.webp','webp','sunday_mass.png','image','webp',5332,'9378c4efb7ab805256a0ffb314875e49',NULL,NULL,32,32),(290,NULL,NULL,'activity_feelingicon',129,1,'2026-02-19 05:57:06','2026-02-19 05:57:06',1,'public/activity_feelingicon/23/01/a3c2e401fc6646e2853a442cd505109d.webp','webp','work.png','image','webp',5073,'1668ebce5b8489453498582299c544ea',NULL,NULL,32,32),(291,NULL,NULL,'activity_feelingicon',130,1,'2026-02-19 05:57:06','2026-02-19 05:57:06',1,'public/activity_feelingicon/24/01/b6b7b9edbb0204ed2982dc40d337acc9.webp','webp','a_much_needed_rest.png','image','webp',3423,'f73f242fa9ccf215ffcf59746dec29e9',NULL,NULL,32,32),(292,NULL,NULL,'activity_feelingicon',131,1,'2026-02-19 05:57:06','2026-02-19 05:57:06',1,'public/activity_feelingicon/25/01/f7e3d712bd5ad518e3253cb63bb77ab5.webp','webp','connected.png','image','webp',5500,'6abe743f658dfbb345525474a3f7a77b',NULL,NULL,32,32),(293,NULL,NULL,'activity_feelingicon',132,1,'2026-02-19 05:57:06','2026-02-19 05:57:06',1,'public/activity_feelingicon/26/01/0fd29b62e67524865e0298d4d03b8a22.webp','webp','connections.png','image','webp',4376,'b1d7c0988848b9dd94b1044433c6b610',NULL,NULL,32,32),(294,NULL,NULL,'activity_feelingicon',133,1,'2026-02-19 05:57:06','2026-02-19 05:57:06',1,'public/activity_feelingicon/27/01/5aae8ce2a90084e0b6b669a89987dd20.webp','webp','focused.png','image','webp',4114,'4204f78d45aed38fea784501a371454d',NULL,NULL,32,32),(295,NULL,NULL,'activity_feelingicon',134,1,'2026-02-19 05:57:06','2026-02-19 05:57:06',1,'public/activity_feelingicon/28/01/3fab2769700ce5eef8456b0cf9917400.webp','webp','groceries.png','image','webp',4199,'36e26db862a5f754f5b4c5d064868c72',NULL,NULL,32,32),(296,NULL,NULL,'activity_feelingicon',135,1,'2026-02-19 05:57:06','2026-02-19 05:57:06',1,'public/activity_feelingicon/29/01/747b712167f492a1661c43d727c67ae3.webp','webp','healthy.png','image','webp',4899,'2b1387adb6d113a858c51bd8f035c739',NULL,NULL,32,32),(297,NULL,NULL,'activity_feelingicon',136,1,'2026-02-19 05:57:06','2026-02-19 05:57:06',1,'public/activity_feelingicon/2a/01/78f3e413adb2a11f71b9b13373e7c809.webp','webp','married.png','image','webp',5386,'1ff87aae30b882eecfcb8316ed13d404',NULL,NULL,32,32),(298,NULL,NULL,'activity_feelingicon',137,1,'2026-02-19 05:57:06','2026-02-19 05:57:06',1,'public/activity_feelingicon/2b/01/c2aea9260c20f237fd6f152a96a6c051.webp','webp','motivated.png','image','webp',3528,'0114d1db7391f916ba9f0133b504691d',NULL,NULL,32,32),(299,NULL,NULL,'activity_feelingicon',138,1,'2026-02-19 05:57:07','2026-02-19 05:57:07',1,'public/activity_feelingicon/2c/01/3d49245e49a5005748eddb4032051868.webp','webp','new_phone.png','image','webp',3682,'2dcfe8ba3a69f55627388250fb7be20f',NULL,NULL,32,32),(300,NULL,NULL,'activity_feelingicon',139,1,'2026-02-19 05:57:07','2026-02-19 05:57:07',1,'public/activity_feelingicon/2d/01/453d21efac474c23dff595c1595e6a4b.webp','webp','ready_for_bed.png','image','webp',3695,'9374e7f7ba8765c396ef27c3568a01e1',NULL,NULL,32,32),(301,NULL,NULL,'activity_feelingicon',140,1,'2026-02-19 05:57:07','2026-02-19 05:57:07',1,'public/activity_feelingicon/2e/01/7dccc3212b6a0e8c91969674621bd759.webp','webp','ready_for_work.png','image','webp',4194,'df973a7d2d64a4c2742487ff44a90863',NULL,NULL,32,32),(302,NULL,NULL,'activity_feelingicon',141,1,'2026-02-19 05:57:07','2026-02-19 05:57:07',1,'public/activity_feelingicon/2f/01/54a7998c252b6999a67e5e0583215b21.webp','webp','ready_to_party.png','image','webp',5013,'4b76957308fbf9c4fb8f9ee33f01cb78',NULL,NULL,32,32),(303,NULL,NULL,'activity_feelingicon',142,1,'2026-02-19 05:57:07','2026-02-19 05:57:07',1,'public/activity_feelingicon/30/01/6567568f32bf01f3b440402c6b68331f.webp','webp','relaxed.png','image','webp',1114,'e0bddc142ee56aa05bc40832897993fd',NULL,NULL,32,32),(304,NULL,NULL,'activity_feelingicon',143,1,'2026-02-19 05:57:07','2026-02-19 05:57:07',1,'public/activity_feelingicon/31/01/24cbb36197269a30297805755689da6b.webp','webp','some_fresh_air.png','image','webp',5434,'b5cc12f84e7383e0935360113af8cb5b',NULL,NULL,32,32),(305,NULL,NULL,'activity_feelingicon',144,1,'2026-02-19 05:57:07','2026-02-19 05:57:07',1,'public/activity_feelingicon/32/01/88a1f360bf2fd61da222013b63931f3b.webp','webp','strong.png','image','webp',4270,'4c9481a09806362612e4a74c57b44957',NULL,NULL,32,32),(306,NULL,NULL,'activity_feelingicon',145,1,'2026-02-19 05:57:07','2026-02-19 05:57:07',1,'public/activity_feelingicon/33/01/48a27045bfa8c86bdb1d007e1b43e995.webp','webp','things_done.png','image','webp',3346,'4c16f596a91b0aacdfafc78483cddc5d',NULL,NULL,32,32),(307,NULL,NULL,'activity_feelingicon',146,1,'2026-02-19 05:57:07','2026-02-19 05:57:07',1,'public/activity_feelingicon/34/01/6976c0830a23f309e5fed24211f013c7.webp','webp','together.png','image','webp',4330,'14e16522261a317be6d47eb2dedfb37e',NULL,NULL,32,32),(308,NULL,NULL,'activity_feelingicon',147,1,'2026-02-19 05:57:07','2026-02-19 05:57:07',1,'public/activity_feelingicon/35/01/ad5767c263b4129f967c6e0adfef09d4.webp','webp','a_best_friend.png','image','webp',5330,'768114396d37e717cec1559532756ae6',NULL,NULL,32,32),(309,NULL,NULL,'activity_feelingicon',148,1,'2026-02-19 05:57:07','2026-02-19 05:57:07',1,'public/activity_feelingicon/36/01/ba69c3e4af8a2204a7d4bf551fabf5ed.webp','webp','a_cake.png','image','webp',5071,'e5d11804e10bd66c014a8b5c9af6d362',NULL,NULL,32,32),(310,NULL,NULL,'activity_feelingicon',149,1,'2026-02-19 05:57:07','2026-02-19 05:57:07',1,'public/activity_feelingicon/37/01/4f6ce2562da33ab978c1a9f4c089103c.webp','webp','a_girlfriend.png','image','webp',5249,'c99982cbc0d039f4942c43f7b18a7e12',NULL,NULL,32,32),(311,NULL,NULL,'activity_feelingicon',150,1,'2026-02-19 05:57:07','2026-02-19 05:57:07',1,'public/activity_feelingicon/38/01/88a1f360bf2fd61da222013b63931f3b.webp','webp','a_great_workout.png','image','webp',4270,'4c9481a09806362612e4a74c57b44957',NULL,NULL,32,32),(312,NULL,NULL,'activity_feelingicon',151,1,'2026-02-19 05:57:07','2026-02-19 05:57:07',1,'public/activity_feelingicon/39/01/b404ee7ae0b7f7efa11d348a9ce53104.webp','webp','a_job.png','image','webp',5073,'1668ebce5b8489453498582299c544ea',NULL,NULL,32,32),(313,NULL,NULL,'activity_feelingicon',152,1,'2026-02-19 05:57:07','2026-02-19 05:57:07',1,'public/activity_feelingicon/3a/01/027c3ef738f1af615135199ccf91b723.webp','webp','a_life.png','image','webp',4750,'f67a4aa806524ab230b1e6682805263d',NULL,NULL,32,32),(314,NULL,NULL,'activity_feelingicon',153,1,'2026-02-19 05:57:07','2026-02-19 05:57:07',1,'public/activity_feelingicon/3b/01/9f3b1ee6dab91b517d21c44acc079450.webp','webp','a_miracle.png','image','webp',4314,'75573fd81de7d28a87c5790dc36692a9',NULL,NULL,32,32),(315,NULL,NULL,'activity_feelingicon',154,1,'2026-02-19 05:57:07','2026-02-19 05:57:07',1,'public/activity_feelingicon/3c/01/e263e41305a1657926e60e63735d8c6d.webp','webp','a_partner.png','image','webp',5386,'1ff87aae30b882eecfcb8316ed13d404',NULL,NULL,32,32),(316,NULL,NULL,'activity_feelingicon',155,1,'2026-02-19 05:57:07','2026-02-19 05:57:07',1,'public/activity_feelingicon/3d/01/ad5767c263b4129f967c6e0adfef09d4.webp','webp','a_partner_in_crime.png','image','webp',5330,'768114396d37e717cec1559532756ae6',NULL,NULL,32,32),(317,NULL,NULL,'activity_feelingicon',156,1,'2026-02-19 05:57:07','2026-02-19 05:57:07',1,'public/activity_feelingicon/3e/01/a71622deca41ed34a4da4f4c864b46ce.webp','webp','a_photographer.png','image','webp',4755,'bcb594f7fc783b0e1fbebf8ece9d507a',NULL,NULL,32,32),(318,NULL,NULL,'activity_feelingicon',157,1,'2026-02-19 05:57:07','2026-02-19 05:57:07',1,'public/activity_feelingicon/3f/01/2743daaa1cedbf4152d5916c3bff840b.webp','webp','a_super_hero.png','image','webp',4859,'7ba3232672b34cd66db1f0ba1f93f202',NULL,NULL,32,32),(319,NULL,NULL,'activity_feelingicon',158,1,'2026-02-19 05:57:07','2026-02-19 05:57:07',1,'public/activity_feelingicon/40/01/1f1e30f8702f6e6ad3b00dfccbb564eb.webp','webp','a_trip.png','image','webp',5546,'55629161bf4a57a19b5d01a10f060b33',NULL,NULL,32,32),(320,NULL,NULL,'activity_feelingicon',159,1,'2026-02-19 05:57:07','2026-02-19 05:57:07',1,'public/activity_feelingicon/41/01/3df0d8fbf383838910cf928a5808c902.webp','webp','an_adventure.png','image','webp',4638,'ae35720543393595b9497095bf166f3e',NULL,NULL,32,32),(321,NULL,NULL,'activity_feelingicon',160,1,'2026-02-19 05:57:07','2026-02-19 05:57:07',1,'public/activity_feelingicon/42/01/027c3ef738f1af615135199ccf91b723.webp','webp','answers.png','image','webp',4750,'f67a4aa806524ab230b1e6682805263d',NULL,NULL,32,32),(322,NULL,NULL,'activity_feelingicon',161,1,'2026-02-19 05:57:07','2026-02-19 05:57:07',1,'public/activity_feelingicon/43/01/ba69c3e4af8a2204a7d4bf551fabf5ed.webp','webp','birthday_gift_recommendations.png','image','webp',5071,'e5d11804e10bd66c014a8b5c9af6d362',NULL,NULL,32,32),(323,NULL,NULL,'activity_feelingicon',162,1,'2026-02-19 05:57:07','2026-02-19 05:57:07',1,'public/activity_feelingicon/44/01/b8cfca95f87d998df1161d64772f06c7.webp','webp','employees.png','image','webp',5319,'85bc93c2e2acf8a1a219c0d02c4ba9ff',NULL,NULL,32,32),(324,NULL,NULL,'activity_feelingicon',163,1,'2026-02-19 05:57:07','2026-02-19 05:57:07',1,'public/activity_feelingicon/45/01/ad5767c263b4129f967c6e0adfef09d4.webp','webp','friends.png','image','webp',5330,'768114396d37e717cec1559532756ae6',NULL,NULL,32,32),(325,NULL,NULL,'activity_feelingicon',164,1,'2026-02-19 05:57:07','2026-02-19 05:57:07',1,'public/activity_feelingicon/46/01/88fa23631b1ac150a12c905727a1c1a2.webp','webp','fun.png','image','webp',3118,'9676c158d84a9afc957bd7fba0567b80',NULL,NULL,32,32),(326,NULL,NULL,'activity_feelingicon',165,1,'2026-02-19 05:57:07','2026-02-19 05:57:07',1,'public/activity_feelingicon/47/01/7a3b2693f63d2a1391f89713b287d6d8.webp','webp','fun_people.png','image','webp',3111,'39e31375b69502a8867fc9ae0c0a8543',NULL,NULL,32,32),(327,NULL,NULL,'activity_feelingicon',166,1,'2026-02-19 05:57:07','2026-02-19 05:57:07',1,'public/activity_feelingicon/48/01/053feb913dfec126dbaea80c700d71b5.webp','webp','great_music.png','image','webp',4722,'3da9b5ae99428dbf8393fd59eb8a3878',NULL,NULL,32,32),(328,NULL,NULL,'activity_feelingicon',167,1,'2026-02-19 05:57:07','2026-02-19 05:57:07',1,'public/activity_feelingicon/49/01/3d4933111649968bd08e2360f14afc2f.webp','webp','help.png','image','webp',3122,'24b12c86dd140a4d7aa1b7e25d4da4d1',NULL,NULL,32,32),(329,NULL,NULL,'activity_feelingicon',168,1,'2026-02-19 05:57:07','2026-02-19 05:57:07',1,'public/activity_feelingicon/4a/01/027c3ef738f1af615135199ccf91b723.webp','webp','hope.png','image','webp',4750,'f67a4aa806524ab230b1e6682805263d',NULL,NULL,32,32),(330,NULL,NULL,'activity_feelingicon',169,1,'2026-02-19 05:57:07','2026-02-19 05:57:07',1,'public/activity_feelingicon/4b/01/e263e41305a1657926e60e63735d8c6d.webp','webp','love_in_all_the_wrong_places.png','image','webp',5386,'1ff87aae30b882eecfcb8316ed13d404',NULL,NULL,32,32),(331,NULL,NULL,'activity_feelingicon',170,1,'2026-02-19 05:57:07','2026-02-19 05:57:07',1,'public/activity_feelingicon/4c/01/538b93e0bddba40e8394899f75863f04.webp','webp','money.png','image','webp',4811,'df84f5a53798065a34d2bba2d8a77c2a',NULL,NULL,32,32),(332,NULL,NULL,'activity_feelingicon',171,1,'2026-02-19 05:57:07','2026-02-19 05:57:07',1,'public/activity_feelingicon/4d/01/ad5767c263b4129f967c6e0adfef09d4.webp','webp','more_friends.png','image','webp',5330,'768114396d37e717cec1559532756ae6',NULL,NULL,32,32),(333,NULL,NULL,'activity_feelingicon',172,1,'2026-02-19 05:57:07','2026-02-19 05:57:07',1,'public/activity_feelingicon/4e/01/027c3ef738f1af615135199ccf91b723.webp','webp','peace.png','image','webp',4750,'f67a4aa806524ab230b1e6682805263d',NULL,NULL,32,32),(334,NULL,NULL,'activity_feelingicon',173,1,'2026-02-19 05:57:07','2026-02-19 05:57:07',1,'public/activity_feelingicon/4f/01/a71622deca41ed34a4da4f4c864b46ce.webp','webp','photos.png','image','webp',4755,'bcb594f7fc783b0e1fbebf8ece9d507a',NULL,NULL,32,32),(335,NULL,NULL,'activity_feelingicon',174,1,'2026-02-19 05:57:07','2026-02-19 05:57:07',1,'public/activity_feelingicon/50/01/027c3ef738f1af615135199ccf91b723.webp','webp','somthing_to_do.png','image','webp',4750,'f67a4aa806524ab230b1e6682805263d',NULL,NULL,32,32),(336,NULL,NULL,'activity_feelingicon',175,1,'2026-02-19 05:57:07','2026-02-19 05:57:07',1,'public/activity_feelingicon/51/01/30fb1b47d4131192b80d5243d93b78ab.webp','webp','art.png','image','webp',4767,'00b83c552dfdc68a44e2ab258ff39fab',NULL,NULL,32,32),(337,NULL,NULL,'activity_feelingicon',176,1,'2026-02-19 05:57:08','2026-02-19 05:57:08',1,'public/activity_feelingicon/52/01/d828caf023860277ebb46cf037eff7a0.webp','webp','cake.png','image','webp',5495,'b40216b945cee57c2bc7d4ac5941f9a4',NULL,NULL,32,32),(338,NULL,NULL,'activity_feelingicon',177,1,'2026-02-19 05:57:08','2026-02-19 05:57:08',1,'public/activity_feelingicon/53/01/40c5ccb34eba77b094a22b0a92ceba35.webp','webp','decision.png','image','webp',4172,'1d8d0ef6361d3ea8917597e68f33a4b6',NULL,NULL,32,32),(339,NULL,NULL,'activity_feelingicon',178,1,'2026-02-19 05:57:08','2026-02-19 05:57:08',1,'public/activity_feelingicon/54/01/94911d8f88f4ade46383e5bb633a7d7c.webp','webp','funny_faces.png','image','webp',3103,'bfdd3c47d68c4da7d3ec94fd301ac95f',NULL,NULL,32,32),(340,NULL,NULL,'activity_feelingicon',179,1,'2026-02-19 05:57:08','2026-02-19 05:57:08',1,'public/activity_feelingicon/55/01/23ba4b6b4d16bdae349f91a1a8863aa3.webp','webp','magic.png','image','webp',4864,'e3e47f9c557019600694a026ed021590',NULL,NULL,32,32),(341,NULL,NULL,'activity_feelingicon',180,1,'2026-02-19 05:57:08','2026-02-19 05:57:08',1,'public/activity_feelingicon/56/01/c7d79a9c8e3b18689c87506e7f5cb02f.webp','webp','memories.png','image','webp',4314,'75573fd81de7d28a87c5790dc36692a9',NULL,NULL,32,32),(342,NULL,NULL,'activity_feelingicon',181,1,'2026-02-19 05:57:08','2026-02-19 05:57:08',1,'public/activity_feelingicon/57/01/e207c4bd312d6f2a9102522312539eeb.webp','webp','music.png','image','webp',4722,'3da9b5ae99428dbf8393fd59eb8a3878',NULL,NULL,32,32),(343,NULL,NULL,'activity_feelingicon',182,1,'2026-02-19 05:57:08','2026-02-19 05:57:08',1,'public/activity_feelingicon/58/01/e7220d882800dbe423ff2eaea525cda6.webp','webp','new_friends.png','image','webp',4376,'b1d7c0988848b9dd94b1044433c6b610',NULL,NULL,32,32),(344,NULL,NULL,'activity_feelingicon',183,1,'2026-02-19 05:57:08','2026-02-19 05:57:08',1,'public/activity_feelingicon/59/01/19d1fe15c8e936a1abc71efc7d323b6e.webp','webp','notes.png','image','webp',3445,'3156bb8cf8a2dd75821a31f26a0097c3',NULL,NULL,32,32),(345,NULL,NULL,'activity_feelingicon',184,1,'2026-02-19 05:57:08','2026-02-19 05:57:08',1,'public/activity_feelingicon/5a/01/e7c89e5496bb8351c868cc6bc96f3a50.webp','webp','other_people_happy.png','image','webp',3106,'ea0284668149e7c180a366855d288336',NULL,NULL,32,32),(346,NULL,NULL,'activity_feelingicon',185,1,'2026-02-19 05:57:08','2026-02-19 05:57:08',1,'public/activity_feelingicon/5b/01/a666d74967d8fdf991f6a98099eba8b9.webp','webp','plans.png','image','webp',3958,'ae60aad0cc2d3e87d950002f8e8cf599',NULL,NULL,32,32),(347,NULL,NULL,'activity_feelingicon',186,1,'2026-02-19 05:57:08','2026-02-19 05:57:08',1,'public/activity_feelingicon/5c/01/9b7c25f073ccad2ad7959c4e7d7a0057.webp','webp','presentation.png','image','webp',5489,'ba8c8f549a71f25bbdabe209f6d7159e',NULL,NULL,32,32),(348,NULL,NULL,'activity_feelingicon',187,1,'2026-02-19 05:57:08','2026-02-19 05:57:08',1,'public/activity_feelingicon/5d/01/c05cf9b019fffb4b3ac67645dd7d53bf.webp','webp','someone_smile.png','image','webp',3118,'af54afc6d6307b21a1c970fcff626dfc',NULL,NULL,32,32),(349,NULL,NULL,'activity_feelingicon',188,1,'2026-02-19 05:57:08','2026-02-19 05:57:08',1,'public/activity_feelingicon/5e/01/59ec31af519ba038995dc09238111c71.webp','webp','the_world_a_better_place.png','image','webp',4839,'c2b6e6093e4e5230c6e68fd3c0708f8e',NULL,NULL,32,32),(350,NULL,NULL,'activity_feelingicon',189,1,'2026-02-19 05:57:08','2026-02-19 05:57:08',1,'public/activity_feelingicon/5f/01/0542a70f6a08176462c759e97805ca3c.webp','webp','things_happen.png','image','webp',4305,'a4022531a8067fef73ff434061eea668',NULL,NULL,32,32),(351,NULL,NULL,'activity_feelingicon',190,1,'2026-02-19 05:57:08','2026-02-19 05:57:08',1,'public/activity_feelingicon/60/01/34da05a67ca871b691d0df4f5c60aee5.webp','webp','wishes.png','image','webp',5445,'835fc7bf69f884f3a0a00819bd79b2ea',NULL,NULL,32,32),(352,NULL,NULL,'activity_feelingicon',191,1,'2026-02-19 05:57:08','2026-02-19 05:57:08',1,'public/activity_feelingicon/61/01/e7220d882800dbe423ff2eaea525cda6.webp','webp','awesome_people.png','image','webp',4376,'b1d7c0988848b9dd94b1044433c6b610',NULL,NULL,32,32),(353,NULL,NULL,'activity_feelingicon',192,1,'2026-02-19 05:57:08','2026-02-19 05:57:08',1,'public/activity_feelingicon/62/01/04a381fda19326e46a301c63af676a37.webp','webp','family.png','image','webp',4504,'36bff868859e984c6df792d1cc923d23',NULL,NULL,32,32),(354,NULL,NULL,'activity_feelingicon',193,1,'2026-02-19 05:57:08','2026-02-19 05:57:08',1,'public/activity_feelingicon/63/01/9915b9708d47d3e7093d511b518506a7.webp','webp','kids.png','image','webp',4908,'7fe4bc9221820f3cabe23433e4a40576',NULL,NULL,32,32),(355,NULL,NULL,'activity_feelingicon',194,1,'2026-02-19 05:57:08','2026-02-19 05:57:08',1,'public/activity_feelingicon/64/01/e7220d882800dbe423ff2eaea525cda6.webp','webp','my_best_friend.png','image','webp',4376,'b1d7c0988848b9dd94b1044433c6b610',NULL,NULL,32,32),(356,NULL,NULL,'activity_feelingicon',195,1,'2026-02-19 05:57:08','2026-02-19 05:57:08',1,'public/activity_feelingicon/65/01/e7220d882800dbe423ff2eaea525cda6.webp','webp','my_brother.png','image','webp',4376,'b1d7c0988848b9dd94b1044433c6b610',NULL,NULL,32,32),(357,NULL,NULL,'activity_feelingicon',196,1,'2026-02-19 05:57:08','2026-02-19 05:57:08',1,'public/activity_feelingicon/66/01/e7220d882800dbe423ff2eaea525cda6.webp','webp','my_friend.png','image','webp',4376,'b1d7c0988848b9dd94b1044433c6b610',NULL,NULL,32,32),(358,NULL,NULL,'activity_feelingicon',197,1,'2026-02-19 05:57:08','2026-02-19 05:57:08',1,'public/activity_feelingicon/67/01/519bc0be287d2197f07f0a65c53676b5.webp','webp','my_girlfriend.png','image','webp',5386,'1ff87aae30b882eecfcb8316ed13d404',NULL,NULL,32,32),(359,NULL,NULL,'activity_feelingicon',198,1,'2026-02-19 05:57:08','2026-02-19 05:57:08',1,'public/activity_feelingicon/68/01/91b46f471ef5cf59be4ee8aeb8be82b0.webp','webp','my_little_brother.png','image','webp',4483,'1bce10f47fd8e6f777edd7b5f63f5791',NULL,NULL,32,32),(360,NULL,NULL,'activity_feelingicon',199,1,'2026-02-19 05:57:08','2026-02-19 05:57:08',1,'public/activity_feelingicon/69/01/eddfbb555ee53293d1720f3ac93371fb.webp','webp','my_love.png','image','webp',3401,'54c241d08cca28a6f1389df0b2c6881e',NULL,NULL,32,32),(361,NULL,NULL,'activity_feelingicon',200,1,'2026-02-19 05:57:08','2026-02-19 05:57:08',1,'public/activity_feelingicon/6a/01/e7220d882800dbe423ff2eaea525cda6.webp','webp','my_old_friend.png','image','webp',4376,'b1d7c0988848b9dd94b1044433c6b610',NULL,NULL,32,32),(362,NULL,NULL,'activity_feelingicon',201,1,'2026-02-19 05:57:08','2026-02-19 05:57:08',1,'public/activity_feelingicon/6b/01/e7220d882800dbe423ff2eaea525cda6.webp','webp','my_right_person.png','image','webp',4376,'b1d7c0988848b9dd94b1044433c6b610',NULL,NULL,32,32),(363,NULL,NULL,'activity_feelingicon',202,1,'2026-02-19 05:57:08','2026-02-19 05:57:08',1,'public/activity_feelingicon/6c/01/ad172b46c3d2010bdc57e3f7aaf259e5.webp','webp','my_sweet.png','image','webp',3090,'19264e75093f75b2f598d856bfef06ea',NULL,NULL,32,32),(364,NULL,NULL,'activity_feelingicon',203,1,'2026-02-19 05:57:08','2026-02-19 05:57:08',1,'public/activity_feelingicon/6d/01/e7220d882800dbe423ff2eaea525cda6.webp','webp','new_people.png','image','webp',4376,'b1d7c0988848b9dd94b1044433c6b610',NULL,NULL,32,32),(365,NULL,NULL,'activity_feelingicon',204,1,'2026-02-19 05:57:08','2026-02-19 05:57:08',1,'public/activity_feelingicon/6e/01/ae288e9fc7fb8d7eea20d2cdf9bee9f4.webp','webp','the_band.png','image','webp',4096,'9f0fd671e3bd375e515549d80ba28c94',NULL,NULL,32,32),(366,NULL,NULL,'activity_feelingicon',205,1,'2026-02-19 05:57:08','2026-02-19 05:57:08',1,'public/activity_feelingicon/6f/01/04a381fda19326e46a301c63af676a37.webp','webp','the_family.png','image','webp',4504,'36bff868859e984c6df792d1cc923d23',NULL,NULL,32,32),(367,NULL,NULL,'activity_feelingicon',206,1,'2026-02-19 05:57:08','2026-02-19 05:57:08',1,'public/activity_feelingicon/70/01/e43b4276dc9c2418648f8d3f925c66f4.webp','webp','the_florist.png','image','webp',5039,'8c6878b880a3ace6a317736f207075e6',NULL,NULL,32,32),(368,NULL,NULL,'activity_feelingicon',207,1,'2026-02-19 05:57:08','2026-02-19 05:57:08',1,'public/activity_feelingicon/71/01/b9b6ade1bcf7699f865ad1d055454fa9.webp','webp','the_prince.png','image','webp',4848,'c3f6470aecded06d9579bdb273cf2a6e',NULL,NULL,32,32),(369,NULL,NULL,'activity_feelingicon',208,1,'2026-02-19 05:57:08','2026-02-19 05:57:08',1,'public/activity_feelingicon/72/01/4ff93406a1ed2063288a0046dc14be4c.webp','webp','the_real_estate_agent.png','image','webp',4295,'785f1d443f246dadc122225c3cd49a66',NULL,NULL,32,32),(370,NULL,NULL,'activity_feelingicon',209,1,'2026-02-19 05:57:08','2026-02-19 05:57:08',1,'public/activity_feelingicon/73/01/9f4b2ab23fd2012cef2b3318eb9cbc4b.webp','webp','with_the_company.png','image','webp',5073,'1668ebce5b8489453498582299c544ea',NULL,NULL,32,32),(371,NULL,NULL,'activity_feelingicon',210,1,'2026-02-19 05:57:08','2026-02-19 05:57:08',1,'public/activity_feelingicon/74/01/d59852282fab7011791a2681c8ea8d60.webp','webp','a_great_man.png','image','webp',4431,'b20edf09a7e0de9b9941d072652f3b5c',NULL,NULL,32,32),(372,NULL,NULL,'activity_feelingicon',211,1,'2026-02-19 05:57:08','2026-02-19 05:57:08',1,'public/activity_feelingicon/75/01/d59852282fab7011791a2681c8ea8d60.webp','webp','all_the_good_times_we_had_together.png','image','webp',4431,'b20edf09a7e0de9b9941d072652f3b5c',NULL,NULL,32,32),(373,NULL,NULL,'activity_feelingicon',212,1,'2026-02-19 05:57:09','2026-02-19 05:57:09',1,'public/activity_feelingicon/76/01/a2e9f4cad31be7c4735891933e84cc72.webp','webp','all_the_happy_times_we_had_together.png','image','webp',3130,'fc68b35dbf2b118b75358c03f4d34cad',NULL,NULL,32,32),(374,NULL,NULL,'activity_feelingicon',213,1,'2026-02-19 05:57:09','2026-02-19 05:57:09',1,'public/activity_feelingicon/77/01/72c7c4ce37d723128f19f6326c4fae2f.webp','webp','fun_times.png','image','webp',3350,'67e903a47d049c56a1c1ab3f64e1740a',NULL,NULL,32,32),(375,NULL,NULL,'activity_feelingicon',214,1,'2026-02-19 05:57:09','2026-02-19 05:57:09',1,'public/activity_feelingicon/78/01/6cafbeda44709d7528ec3535057b8677.webp','webp','happy_times.png','image','webp',3130,'3c8b05a840ace7d4ce52c1711031f396',NULL,NULL,32,32),(376,NULL,NULL,'activity_feelingicon',215,1,'2026-02-19 05:57:09','2026-02-19 05:57:09',1,'public/activity_feelingicon/79/01/11343ce1501c4cf95dbbe62cb51e31b4.webp','webp','how_things_used_to_be.png','image','webp',4988,'2131d2707d8607a7a81e32e018ce9758',NULL,NULL,32,32),(377,NULL,NULL,'activity_feelingicon',216,1,'2026-02-19 05:57:09','2026-02-19 05:57:09',1,'public/activity_feelingicon/7a/01/b072986d7072333dfef1d78cab4ffd60.webp','webp','my_childhood_days.png','image','webp',3443,'3781a341b0c15acbcb8367aa26502098',NULL,NULL,32,32),(378,NULL,NULL,'activity_feelingicon',217,1,'2026-02-19 05:57:09','2026-02-19 05:57:09',1,'public/activity_feelingicon/7b/01/91deafbf6cc04dc6d0b3ad8ad8414cdd.webp','webp','my_dreams.png','image','webp',3695,'9374e7f7ba8765c396ef27c3568a01e1',NULL,NULL,32,32),(379,NULL,NULL,'activity_feelingicon',218,1,'2026-02-19 05:57:09','2026-02-19 05:57:09',1,'public/activity_feelingicon/7c/01/94928309d9300266e600539d69e9b692.webp','webp','my_family.png','image','webp',5773,'89be06ded74fb62b786f7405f752db2c',NULL,NULL,32,32),(380,NULL,NULL,'activity_feelingicon',219,1,'2026-02-19 05:57:09','2026-02-19 05:57:09',1,'public/activity_feelingicon/7d/01/2654bbc12a9130f8e08e4c08b3b3fe71.webp','webp','my_father.png','image','webp',5052,'f64cbad8d2366735f11300710a891dcd',NULL,NULL,32,32),(381,NULL,NULL,'activity_feelingicon',220,1,'2026-02-19 05:57:09','2026-02-19 05:57:09',1,'public/activity_feelingicon/7e/01/ec060dd8cb0933e203b834c0cfe21980.webp','webp','my_last_birthday.png','image','webp',5495,'b40216b945cee57c2bc7d4ac5941f9a4',NULL,NULL,32,32),(382,NULL,NULL,'activity_feelingicon',221,1,'2026-02-19 05:57:09','2026-02-19 05:57:09',1,'public/activity_feelingicon/7f/01/e5ca4778ca3efe949572cbd6ea22e36b.webp','webp','someone_very_special.png','image','webp',3090,'19264e75093f75b2f598d856bfef06ea',NULL,NULL,32,32),(383,NULL,NULL,'activity_feelingicon',222,1,'2026-02-19 05:57:09','2026-02-19 05:57:09',1,'public/activity_feelingicon/80/01/87295668c4e0aadd9736de0ccb2a62b2.webp','webp','that_moment.png','image','webp',4431,'b20edf09a7e0de9b9941d072652f3b5c',NULL,NULL,32,32),(384,NULL,NULL,'activity_feelingicon',223,1,'2026-02-19 05:57:09','2026-02-19 05:57:09',1,'public/activity_feelingicon/81/01/11343ce1501c4cf95dbbe62cb51e31b4.webp','webp','the_good_old_days.png','image','webp',4988,'2131d2707d8607a7a81e32e018ce9758',NULL,NULL,32,32),(385,NULL,NULL,'activity_feelingicon',224,1,'2026-02-19 05:57:09','2026-02-19 05:57:09',1,'public/activity_feelingicon/82/01/11343ce1501c4cf95dbbe62cb51e31b4.webp','webp','the_past.png','image','webp',4988,'2131d2707d8607a7a81e32e018ce9758',NULL,NULL,32,32),(386,NULL,NULL,'activity_feelingicon',225,1,'2026-02-19 05:57:09','2026-02-19 05:57:09',1,'public/activity_feelingicon/83/01/11343ce1501c4cf95dbbe62cb51e31b4.webp','webp','those_moments.png','image','webp',4988,'2131d2707d8607a7a81e32e018ce9758',NULL,NULL,32,32),(387,NULL,NULL,'activity_feelingicon',226,1,'2026-02-19 05:57:09','2026-02-19 05:57:09',1,'public/activity_feelingicon/84/01/10a6277c95a9dc8bca6dfb70ab206d7b.webp','webp','those_who\'ve_served.png','image','webp',3643,'b45d38f382f1f2de064fddd5bdea31b2',NULL,NULL,32,32),(388,NULL,NULL,'activity_feelingicon',227,1,'2026-02-19 05:57:09','2026-02-19 05:57:09',1,'public/activity_feelingicon/85/01/87295668c4e0aadd9736de0ccb2a62b2.webp','webp','those_who_are_no_longer_with_us.png','image','webp',4431,'b20edf09a7e0de9b9941d072652f3b5c',NULL,NULL,32,32),(389,NULL,NULL,'activity_feelingicon',228,1,'2026-02-19 05:57:09','2026-02-19 05:57:09',1,'public/activity_feelingicon/86/01/87295668c4e0aadd9736de0ccb2a62b2.webp','webp','you_all.png','image','webp',4431,'b20edf09a7e0de9b9941d072652f3b5c',NULL,NULL,32,32),(390,NULL,NULL,'activity_feelingicon',229,1,'2026-02-19 05:57:09','2026-02-19 05:57:09',1,'public/activity_feelingicon/87/01/df31d4a79dc4f0b8794fc0ed308869b1.webp','webp','a_lot_of_things.png','image','webp',1600,'6c7f788f3e4947bc82d3fb74f05937af',NULL,NULL,32,32),(391,NULL,NULL,'activity_feelingicon',230,1,'2026-02-19 05:57:09','2026-02-19 05:57:09',1,'public/activity_feelingicon/88/01/68687fda1a53b1e937ab36b48e7085d8.webp','webp','a_road_trip.png','image','webp',3917,'35bc4460cad139494a9096713f8a83c2',NULL,NULL,32,32),(392,NULL,NULL,'activity_feelingicon',231,1,'2026-02-19 05:57:09','2026-02-19 05:57:09',1,'public/activity_feelingicon/89/01/df31d4a79dc4f0b8794fc0ed308869b1.webp','webp','all_my_friends.png','image','webp',1600,'6c7f788f3e4947bc82d3fb74f05937af',NULL,NULL,32,32),(393,NULL,NULL,'activity_feelingicon',232,1,'2026-02-19 05:57:09','2026-02-19 05:57:09',1,'public/activity_feelingicon/8a/01/df31d4a79dc4f0b8794fc0ed308869b1.webp','webp','all_the_good_times.png','image','webp',1600,'6c7f788f3e4947bc82d3fb74f05937af',NULL,NULL,32,32),(394,NULL,NULL,'activity_feelingicon',233,1,'2026-02-19 05:57:09','2026-02-19 05:57:09',1,'public/activity_feelingicon/8b/01/df31d4a79dc4f0b8794fc0ed308869b1.webp','webp','better_days.png','image','webp',1600,'6c7f788f3e4947bc82d3fb74f05937af',NULL,NULL,32,32),(395,NULL,NULL,'activity_feelingicon',234,1,'2026-02-19 05:57:09','2026-02-19 05:57:09',1,'public/activity_feelingicon/8c/01/df31d4a79dc4f0b8794fc0ed308869b1.webp','webp','doing_something_crazy.png','image','webp',1600,'6c7f788f3e4947bc82d3fb74f05937af',NULL,NULL,32,32),(396,NULL,NULL,'activity_feelingicon',235,1,'2026-02-19 05:57:09','2026-02-19 05:57:09',1,'public/activity_feelingicon/8d/01/df31d4a79dc4f0b8794fc0ed308869b1.webp','webp','doing_something_different.png','image','webp',1600,'6c7f788f3e4947bc82d3fb74f05937af',NULL,NULL,32,32),(397,NULL,NULL,'activity_feelingicon',236,1,'2026-02-19 05:57:09','2026-02-19 05:57:09',1,'public/activity_feelingicon/8e/01/df31d4a79dc4f0b8794fc0ed308869b1.webp','webp','friends_and_family.png','image','webp',1600,'6c7f788f3e4947bc82d3fb74f05937af',NULL,NULL,32,32),(398,NULL,NULL,'activity_feelingicon',237,1,'2026-02-19 05:57:09','2026-02-19 05:57:09',1,'public/activity_feelingicon/8f/01/f416d3cbe05bf9512b53713a3e8f4a2f.webp','webp','getting_my_hair_cut.png','image','webp',3688,'ea7a5cf46ccd0fc4920e919b854eb633',NULL,NULL,32,32),(399,NULL,NULL,'activity_feelingicon',238,1,'2026-02-19 05:57:09','2026-02-19 05:57:09',1,'public/activity_feelingicon/90/01/b8151ebb45abf0a038699841080373b6.webp','webp','going_back_to_college.png','image','webp',4190,'62e6737912495400d40024a778e72841',NULL,NULL,32,32),(400,NULL,NULL,'activity_feelingicon',239,1,'2026-02-19 05:57:09','2026-02-19 05:57:09',1,'public/activity_feelingicon/91/01/4970d0209e128e8a6a2a800c42ec76e4.webp','webp','how_blessed_i_am.png','image','webp',4709,'503289dfaa01b7ec5881fcb592686b99',NULL,NULL,32,32),(401,NULL,NULL,'activity_feelingicon',240,1,'2026-02-19 05:57:09','2026-02-19 05:57:09',1,'public/activity_feelingicon/92/01/df31d4a79dc4f0b8794fc0ed308869b1.webp','webp','making_a_change.png','image','webp',1600,'6c7f788f3e4947bc82d3fb74f05937af',NULL,NULL,32,32),(402,NULL,NULL,'activity_feelingicon',241,1,'2026-02-19 05:57:09','2026-02-19 05:57:09',1,'public/activity_feelingicon/93/01/df31d4a79dc4f0b8794fc0ed308869b1.webp','webp','making_a_trip.png','image','webp',1600,'6c7f788f3e4947bc82d3fb74f05937af',NULL,NULL,32,32),(403,NULL,NULL,'activity_feelingicon',242,1,'2026-02-19 05:57:09','2026-02-19 05:57:09',1,'public/activity_feelingicon/94/01/df31d4a79dc4f0b8794fc0ed308869b1.webp','webp','my_future.png','image','webp',1600,'6c7f788f3e4947bc82d3fb74f05937af',NULL,NULL,32,32),(404,NULL,NULL,'activity_feelingicon',243,1,'2026-02-19 05:57:09','2026-02-19 05:57:09',1,'public/activity_feelingicon/95/01/df31d4a79dc4f0b8794fc0ed308869b1.webp','webp','my_mom.png','image','webp',1600,'6c7f788f3e4947bc82d3fb74f05937af',NULL,NULL,32,32),(405,NULL,NULL,'activity_feelingicon',244,1,'2026-02-19 05:57:09','2026-02-19 05:57:09',1,'public/activity_feelingicon/96/01/df31d4a79dc4f0b8794fc0ed308869b1.webp','webp','old_memories.png','image','webp',1600,'6c7f788f3e4947bc82d3fb74f05937af',NULL,NULL,32,32),(406,NULL,NULL,'activity_feelingicon',245,1,'2026-02-19 05:57:09','2026-02-19 05:57:09',1,'public/activity_feelingicon/97/01/df31d4a79dc4f0b8794fc0ed308869b1.webp','webp','someone_special.png','image','webp',1600,'6c7f788f3e4947bc82d3fb74f05937af',NULL,NULL,32,32),(407,NULL,NULL,'activity_feelingicon',246,1,'2026-02-19 05:57:09','2026-02-19 05:57:09',1,'public/activity_feelingicon/98/01/df31d4a79dc4f0b8794fc0ed308869b1.webp','webp','the_meaning_of_life.png','image','webp',1600,'6c7f788f3e4947bc82d3fb74f05937af',NULL,NULL,32,32),(408,NULL,NULL,'activity_feelingicon',247,1,'2026-02-19 05:57:09','2026-02-19 05:57:09',1,'public/activity_feelingicon/99/01/df31d4a79dc4f0b8794fc0ed308869b1.webp','webp','the_old_days.png','image','webp',1600,'6c7f788f3e4947bc82d3fb74f05937af',NULL,NULL,32,32),(409,NULL,NULL,'comment_reaction',1,1,'2026-02-19 05:57:09','2026-02-19 05:57:09',1,'public/comment_reaction/9a/01/7afff7e30d3e505c758e0567b7102077.webp','webp','icon-like.png','image','webp',2589,'67e329a430f7084547171f94d5f4d2b5',NULL,NULL,64,64),(410,NULL,NULL,'comment_reaction',2,1,'2026-02-19 05:57:09','2026-02-19 05:57:09',1,'public/comment_reaction/9b/01/bc32a6a6328fe06240c05ad82fb8f765.webp','webp','icon-love.png','image','webp',2451,'4cf67ebfa393b0c0e962fe0790ff9f5b',NULL,NULL,63,64),(411,NULL,NULL,'comment_reaction',3,1,'2026-02-19 05:57:09','2026-02-19 05:57:09',1,'public/comment_reaction/9c/01/b0af206ce06b1eb3ed4a587db729b89e.webp','webp','icon-haha.png','image','webp',4476,'04cfe4d86b4b3328ca9b72d471fc0e8a',NULL,NULL,63,64),(412,NULL,NULL,'comment_reaction',4,1,'2026-02-19 05:57:09','2026-02-19 05:57:09',1,'public/comment_reaction/9d/01/cd122c03c61a972b54d34e7832522f9b.webp','webp','icon-wow.png','image','webp',4158,'bcc36ac098420cc4cea1629085782e32',NULL,NULL,63,64),(413,NULL,NULL,'comment_reaction',5,1,'2026-02-19 05:57:09','2026-02-19 05:57:09',1,'public/comment_reaction/9e/01/eb0a8408cb0d94bbbbc63b588fd50db6.webp','webp','icon-angery.png','image','webp',3918,'426478b8dc78100a0c7524a9fbd0d117',NULL,NULL,63,64),(414,NULL,NULL,'comment_reaction',6,1,'2026-02-19 05:57:09','2026-02-19 05:57:09',1,'public/comment_reaction/9f/01/a1ae2e46effc6f85e9c7e8cc708aa570.webp','webp','icon-sad.png','image','webp',4257,'0b0aca240a598de160b3c552f789750c',NULL,NULL,64,64),(415,NULL,NULL,'activity_emoji',1,1,'2026-02-19 05:57:10','2026-02-19 05:57:10',1,'public/activity_emoji/a0/01/5b454ac1afb5e3712b20418fd68305da.webp','webp','1.png','image','webp',1440,'26a4537abd243275a68fc0d9f1781f19',NULL,NULL,32,32),(416,NULL,NULL,'activity_emoji',2,1,'2026-02-19 05:57:10','2026-02-19 05:57:10',1,'public/activity_emoji/a1/01/a09b03f1c1f1595858fe975ab5146cf1.webp','webp','2.png','image','webp',1314,'c6b0d854521e23b44b36d42b176138a7',NULL,NULL,32,32),(417,NULL,NULL,'activity_emoji',4,1,'2026-02-19 05:57:10','2026-02-19 05:57:10',1,'public/activity_emoji/a2/01/ea304215cf251050d3437a1e1777e649.webp','webp','4.png','image','webp',1173,'b4dd51caffa4d54a592a0116247e2ee3',NULL,NULL,32,32),(418,NULL,NULL,'activity_emoji',5,1,'2026-02-19 05:57:10','2026-02-19 05:57:10',1,'public/activity_emoji/a3/01/9f3b7dfc247c1783a41da73336c37e24.webp','webp','5.png','image','webp',1718,'0892408b3263bd6b31b5f02cf0990264',NULL,NULL,32,32),(419,NULL,NULL,'activity_emoji',6,1,'2026-02-19 05:57:10','2026-02-19 05:57:10',1,'public/activity_emoji/a4/01/4017330ad458621c81ef00aeb6dd6fb2.webp','webp','6.png','image','webp',1125,'82215a87b6c09e94528ef0db75ef327d',NULL,NULL,32,32),(420,NULL,NULL,'activity_emoji',7,1,'2026-02-19 05:57:10','2026-02-19 05:57:10',1,'public/activity_emoji/a5/01/7fb51f7b3c0002995377701023f7198a.webp','webp','7.png','image','webp',1427,'01b950de613e2207216ce9f64f586507',NULL,NULL,32,32),(421,NULL,NULL,'activity_emoji',8,1,'2026-02-19 05:57:10','2026-02-19 05:57:10',1,'public/activity_emoji/a6/01/a07789dd28f7b3468dca36b0707776f3.webp','webp','8.png','image','webp',1668,'d6ee87c5be6714c4d8e48eb695ea04b9',NULL,NULL,32,32),(422,NULL,NULL,'user_avatar',1,1,'2026-02-19 05:57:10','2026-02-19 05:57:10',1,'public/user_avatar/a7/01/57e638c72c076bc9f1f793460c867c13.webp','webp','1.png','image','webp',19102,'93d38e75256cecb676686e6b8cf7cea3',NULL,NULL,500,500),(423,NULL,NULL,'user_avatar',2,1,'2026-02-19 05:57:10','2026-02-19 05:57:10',1,'public/user_avatar/a8/01/fb4794076df54bf3574db58d24a135cc.webp','webp','10.png','image','webp',26786,'9078fce1088ed15f85671c44a7775ef7',NULL,NULL,500,500),(424,NULL,NULL,'user_avatar',3,1,'2026-02-19 05:57:10','2026-02-19 05:57:10',1,'public/user_avatar/a9/01/aadb0cb132c3237aa8b8249239b3ca97.webp','webp','14.png','image','webp',21274,'eda989268708ae748886bd193c1a9f36',NULL,NULL,500,500),(425,NULL,NULL,'user_avatar',4,1,'2026-02-19 05:57:10','2026-02-19 05:57:10',1,'public/user_avatar/aa/01/06349b386a468adcdbd9f9e880dc16ae.webp','webp','16.png','image','webp',24324,'29ea38f39cfe6a42273d670d37f34698',NULL,NULL,500,500),(426,NULL,NULL,'user_avatar',5,1,'2026-02-19 05:57:10','2026-02-19 05:57:10',1,'public/user_avatar/ab/01/48843cf621a86956977f7bbab0ab7307.webp','webp','18.png','image','webp',21032,'84e67fe4bb7ae6f9445a7c1f3bbd94dc',NULL,NULL,500,500),(427,NULL,NULL,'user_avatar',6,1,'2026-02-19 05:57:10','2026-02-19 05:57:10',1,'public/user_avatar/ac/01/5811974d5a6ddd1b3ac1337bee91b428.webp','webp','19.png','image','webp',24082,'78656887abdb5d6261fd9649a54c713a',NULL,NULL,500,500),(428,NULL,NULL,'user_avatar',7,1,'2026-02-19 05:57:10','2026-02-19 05:57:10',1,'public/user_avatar/ad/01/203ebc4022141e00c07d7c89af6145ce.webp','webp','21.png','image','webp',22610,'60a46ce0c282dd9c9f93ec58785b4f75',NULL,NULL,500,500),(429,NULL,NULL,'user_avatar',8,1,'2026-02-19 05:57:10','2026-02-19 05:57:10',1,'public/user_avatar/ae/01/bc892c14aadc0da2c35856f36b396310.webp','webp','27.png','image','webp',21196,'41ccdd949bd76b56d68d59855412cce4',NULL,NULL,500,500),(430,NULL,NULL,'user_avatar',9,1,'2026-02-19 05:57:10','2026-02-19 05:57:10',1,'public/user_avatar/af/01/01ec094dc82fe98dfb40e3c613eb6306.webp','webp','3.png','image','webp',26188,'6590479ff89fcbf89fe81fa06abad014',NULL,NULL,500,500),(431,NULL,NULL,'user_avatar',10,1,'2026-02-19 05:57:10','2026-02-19 05:57:10',1,'public/user_avatar/b0/01/1eb1f9a0cd3c498659fe45b6baf617e5.webp','webp','31.png','image','webp',17869,'96ed5aca59c0077091f6dfd5c060d57d',NULL,NULL,500,500),(432,NULL,NULL,'user_avatar',11,1,'2026-02-19 05:57:10','2026-02-19 05:57:10',1,'public/user_avatar/b1/01/bf20e8b011f73bcb48b596e6e4f3c3a3.webp','webp','32.png','image','webp',25880,'642c861b500e129c07d2bbabc5c119c4',NULL,NULL,500,500),(433,NULL,NULL,'user_avatar',12,1,'2026-02-19 05:57:10','2026-02-19 05:57:10',1,'public/user_avatar/b2/01/2123a5ba8f35116cf55f99947f71bfdb.webp','webp','33.png','image','webp',17472,'bde70758b80b945bc29157a2f5294f14',NULL,NULL,500,500),(434,NULL,NULL,'user_avatar',13,1,'2026-02-19 05:57:10','2026-02-19 05:57:10',1,'public/user_avatar/b3/01/1c76381380c7ac352ea5f1fe91aa2f77.webp','webp','34.png','image','webp',27838,'f93fc3a6e14a335e3d01148bb49534b0',NULL,NULL,500,500),(435,NULL,NULL,'user_avatar',14,1,'2026-02-19 05:57:10','2026-02-19 05:57:10',1,'public/user_avatar/b4/01/29e4beb5de4917d4be3637aae232c7ac.webp','webp','35.png','image','webp',17135,'174df739f2811ffcf182dc71914e5aab',NULL,NULL,500,500),(436,NULL,NULL,'user_avatar',15,1,'2026-02-19 05:57:10','2026-02-19 05:57:10',1,'public/user_avatar/b5/01/3b5f7cf0587849fafcf1bca21be49ba9.webp','webp','37.png','image','webp',23229,'e8864d75743bc94b2bb9c15ab5293f18',NULL,NULL,500,500),(437,NULL,NULL,'user_avatar',16,1,'2026-02-19 05:57:10','2026-02-19 05:57:10',1,'public/user_avatar/b6/01/aa96f1657a186b49485d989546fd7d16.webp','webp','38.png','image','webp',22783,'9ef1006bc52b3e33e3a9857cd19d2949',NULL,NULL,500,500),(438,NULL,NULL,'user_avatar',17,1,'2026-02-19 05:57:10','2026-02-19 05:57:10',1,'public/user_avatar/b7/01/f044d29e3cd3bcb47eeb6bdfdd1d03e9.webp','webp','39.png','image','webp',20789,'62542b98e9d4ab07948a52b21e7737d8',NULL,NULL,500,500),(439,NULL,NULL,'user_avatar',18,1,'2026-02-19 05:57:10','2026-02-19 05:57:10',1,'public/user_avatar/b8/01/7e197a010071bad2645c0f480eaab9ab.webp','webp','40.png','image','webp',16574,'84dc5c04b1fc58341be80084c8b8db83',NULL,NULL,500,500),(440,NULL,NULL,'user_avatar',19,1,'2026-02-19 05:57:10','2026-02-19 05:57:10',1,'public/user_avatar/b9/01/ff27180e96050dfb6744ae3c5fcf8c30.webp','webp','42.png','image','webp',17065,'3306951b3fb16c140883d5f845f0fd32',NULL,NULL,500,500),(441,NULL,NULL,'user_avatar',20,1,'2026-02-19 05:57:10','2026-02-19 05:57:10',1,'public/user_avatar/ba/01/6db422082b229ab1333ab11351681c43.webp','webp','47.png','image','webp',19299,'5c3a43c38bc10682ca757152f22d25e0',NULL,NULL,500,500),(442,NULL,NULL,'user_avatar',21,1,'2026-02-19 05:57:10','2026-02-19 05:57:10',1,'public/user_avatar/bb/01/1028a785f15e3c61bda2a64d2b1ca9ff.webp','webp','5.png','image','webp',22762,'e20d36e65dee42de778de9e6224200c0',NULL,NULL,500,500),(443,NULL,NULL,'user_avatar',22,1,'2026-02-19 05:57:10','2026-02-19 05:57:10',1,'public/user_avatar/bc/01/9d21370b5f1be6e050d76edebbc21d3e.webp','webp','50.png','image','webp',7616,'043b2d04abfe38ab88bafcef157b3d81',NULL,NULL,500,500),(444,NULL,NULL,'user_avatar',23,1,'2026-02-19 05:57:10','2026-02-19 05:57:10',1,'public/user_avatar/bd/01/ee8f74d38f36f94f2022691f977e8e92.webp','webp','7.png','image','webp',19223,'2162ffce0f8ccea8c49d8b4182260180',NULL,NULL,500,500),(445,NULL,NULL,'user_avatar',24,1,'2026-02-19 05:57:11','2026-02-19 05:57:11',1,'public/user_avatar/be/01/df4bf5828407283a6aa67e900656050c.webp','webp','8.png','image','webp',19291,'1f461826ac909679333b66cf6c344b8f',NULL,NULL,500,500),(446,NULL,NULL,'user_avatar',25,1,'2026-02-19 05:57:11','2026-02-19 05:57:11',1,'public/user_avatar/bf/01/88fc5db46d7e655db830dcaba1a303f3.webp','webp','11.png','image','webp',25629,'2a1e3f34798d2c7d6c1bebbdf3abfb65',NULL,NULL,500,500),(447,NULL,NULL,'user_avatar',26,1,'2026-02-19 05:57:11','2026-02-19 05:57:11',1,'public/user_avatar/c0/01/ab5d4b5b3fdbbcc9bc78c809e1c52da1.webp','webp','12.png','image','webp',31061,'5bac8404b422a061c9f692f792a95d9d',NULL,NULL,500,500),(448,NULL,NULL,'user_avatar',27,1,'2026-02-19 05:57:11','2026-02-19 05:57:11',1,'public/user_avatar/c1/01/995ce58b71947335862f99e8b32f8c8c.webp','webp','13.png','image','webp',23370,'12332ac8ed5a116cf9fbb7106db47680',NULL,NULL,500,500),(449,NULL,NULL,'user_avatar',28,1,'2026-02-19 05:57:11','2026-02-19 05:57:11',1,'public/user_avatar/c2/01/3e635678ba9bc1600aed9e807fe6e6c5.webp','webp','15.png','image','webp',25079,'ccb7b83c73fac8c614a971ba10652ae6',NULL,NULL,500,500),(450,NULL,NULL,'user_avatar',29,1,'2026-02-19 05:57:11','2026-02-19 05:57:11',1,'public/user_avatar/c3/01/9ad47c0f6eba3570458199ef5fc4801c.webp','webp','17.png','image','webp',38848,'e72961b20f3707918e03b4eaa45c68ea',NULL,NULL,500,500),(451,NULL,NULL,'user_avatar',30,1,'2026-02-19 05:57:11','2026-02-19 05:57:11',1,'public/user_avatar/c4/01/a51bfe801f689cc78d2315f2feb6f623.webp','webp','2.png','image','webp',22419,'527b9f35ee3f93c3002bf2b16d3200a7',NULL,NULL,500,500),(452,NULL,NULL,'user_avatar',31,1,'2026-02-19 05:57:11','2026-02-19 05:57:11',1,'public/user_avatar/c5/01/748404b288a296d35c0cfc342d2ab84f.webp','webp','20.png','image','webp',31588,'c8b638de2d3fc2190f751460a5a845a2',NULL,NULL,500,500),(453,NULL,NULL,'user_avatar',32,1,'2026-02-19 05:57:11','2026-02-19 05:57:11',1,'public/user_avatar/c6/01/0808bf83e1f5afa3eaac80ca7310053d.webp','webp','22.png','image','webp',20765,'0100e2f64af9beea6ab27462b8a84d0d',NULL,NULL,500,500),(454,NULL,NULL,'user_avatar',33,1,'2026-02-19 05:57:11','2026-02-19 05:57:11',1,'public/user_avatar/c7/01/ca4ff2927c360c7ddc68af25662abeb1.webp','webp','23.png','image','webp',21458,'5c0a152a10c735c16813a635b96d8414',NULL,NULL,500,500),(455,NULL,NULL,'user_avatar',34,1,'2026-02-19 05:57:11','2026-02-19 05:57:11',1,'public/user_avatar/c8/01/46ea5b3489a16568cb69aacfaeccd73e.webp','webp','24.png','image','webp',24318,'0ac8474a01d2d553805623f813c26a77',NULL,NULL,500,500),(456,NULL,NULL,'user_avatar',35,1,'2026-02-19 05:57:11','2026-02-19 05:57:11',1,'public/user_avatar/c9/01/c1a39febfc6af273f3b80f2f663e0df2.webp','webp','25.png','image','webp',18639,'606bbd87ba91490df48eb3631aea8e8e',NULL,NULL,500,500),(457,NULL,NULL,'user_avatar',36,1,'2026-02-19 05:57:11','2026-02-19 05:57:11',1,'public/user_avatar/ca/01/08006ba59e42855698ddb6a9601ce74d.webp','webp','26.png','image','webp',22187,'53db33e71cc6b89aa39b8a1762899ff3',NULL,NULL,500,500),(458,NULL,NULL,'user_avatar',37,1,'2026-02-19 05:57:11','2026-02-19 05:57:11',1,'public/user_avatar/cb/01/f7793c55d2a38db34c4ddc72a9dbede9.webp','webp','28.png','image','webp',25394,'4cd210b2996d7337fa75370ed0af61d9',NULL,NULL,500,500),(459,NULL,NULL,'user_avatar',38,1,'2026-02-19 05:57:11','2026-02-19 05:57:11',1,'public/user_avatar/cc/01/c7cf73a036bfb62a4abc39360c2c9290.webp','webp','29.png','image','webp',23316,'719128e0efdc60b1d0bfd9f011c42f98',NULL,NULL,500,500),(460,NULL,NULL,'user_avatar',39,1,'2026-02-19 05:57:11','2026-02-19 05:57:11',1,'public/user_avatar/cd/01/32eb12482d3a2be30b6a569699c7c07c.webp','webp','30.png','image','webp',19238,'7f7a42523fac1743db81e510eae0d037',NULL,NULL,500,500),(461,NULL,NULL,'user_avatar',40,1,'2026-02-19 05:57:11','2026-02-19 05:57:11',1,'public/user_avatar/ce/01/c8d3b3c0dba7593578711a8460aef5a8.webp','webp','36.png','image','webp',26021,'3179451580ca39e44e1a508df076ef8b',NULL,NULL,500,500),(462,NULL,NULL,'user_avatar',41,1,'2026-02-19 05:57:11','2026-02-19 05:57:11',1,'public/user_avatar/cf/01/b1b2a42d145aa4e98ee5a2c5ae157637.webp','webp','4.png','image','webp',22818,'33a5483dba033ff916d2f21fbb6ec01e',NULL,NULL,500,500),(463,NULL,NULL,'user_avatar',42,1,'2026-02-19 05:57:11','2026-02-19 05:57:11',1,'public/user_avatar/d0/01/623f867bd4655133d4c0d725f442a8c7.webp','webp','41.png','image','webp',39457,'38c4886b3f07cb7279afeeb19b02031d',NULL,NULL,500,500),(464,NULL,NULL,'user_avatar',43,1,'2026-02-19 05:57:11','2026-02-19 05:57:11',1,'public/user_avatar/d1/01/04091f357035603d8b169fd67ba72a88.webp','webp','43.png','image','webp',26798,'381e988a89dec5d4f23d4bdd8388bd74',NULL,NULL,500,500),(465,NULL,NULL,'user_avatar',44,1,'2026-02-19 05:57:11','2026-02-19 05:57:11',1,'public/user_avatar/d2/01/44f03252b4d4f366dc539f84bb15611d.webp','webp','44.png','image','webp',23972,'64b649c7256a461925e45d8a8a9dbb32',NULL,NULL,500,500),(466,NULL,NULL,'user_avatar',45,1,'2026-02-19 05:57:11','2026-02-19 05:57:11',1,'public/user_avatar/d3/01/f5e332c60edcdaef8a85a1d3b789f3a1.webp','webp','45.png','image','webp',18433,'a45895094d4e0c88dc42b10600c63322',NULL,NULL,500,500),(467,NULL,NULL,'user_avatar',46,1,'2026-02-19 05:57:11','2026-02-19 05:57:11',1,'public/user_avatar/d4/01/d6b1a3892ef6601075ccbf23ab95faec.webp','webp','46.png','image','webp',17853,'96ef7e87e984a06749ff86c041526e0a',NULL,NULL,500,500),(468,NULL,NULL,'user_avatar',47,1,'2026-02-19 05:57:11','2026-02-19 05:57:11',1,'public/user_avatar/d5/01/91ec7a22645032df7c3d19cbe8fde4f6.webp','webp','48.png','image','webp',23337,'7cf9b75e0645cfe8b9a58f95d332b344',NULL,NULL,500,500),(469,NULL,NULL,'user_avatar',48,1,'2026-02-19 05:57:11','2026-02-19 05:57:11',1,'public/user_avatar/d6/01/5ba8a968dc3d9ae3babc378503220ea4.webp','webp','49.png','image','webp',8991,'3b911e86eacf9e2201af86caaa37c15b',NULL,NULL,500,500),(470,NULL,NULL,'user_avatar',49,1,'2026-02-19 05:57:11','2026-02-19 05:57:11',1,'public/user_avatar/d7/01/0b5b85418225e946eeb6cb78d027f9dc.webp','webp','6.png','image','webp',19374,'134a81235b9db4c996845fade6a95aa3',NULL,NULL,500,500),(471,NULL,NULL,'user_avatar',50,1,'2026-02-19 05:57:11','2026-02-19 05:57:11',1,'public/user_avatar/d8/01/89986e9c4c72f4f50bc87635bd7aa7b7.webp','webp','9.png','image','webp',27550,'99f7c6d7079eadd9151ab26ca76176cb',NULL,NULL,500,500),(472,NULL,NULL,'blog',19,1,'2026-03-12 11:26:31','2026-03-12 11:26:31',1,'public/blog/d9/01/7eea663ae59e9a8fc4eb16e1c39df9a4.webp','webp','m_audi-8336484_1280.jpg','image','webp',79650,'fe3f0e96c4fe600d9679584a6a593847',NULL,NULL,493,720),(473,472,'thumb.profile','blog',19,1,'2026-03-12 11:26:31','2026-03-12 11:26:31',1,'public/blog/da/01/01ad06f3d525be979749ac398f575181.webp','webp','p_audi-8336484_1280.jpg','image','webp',31179,'e6378010c6ffcaa323c85760f8888f71',NULL,NULL,274,400),(474,NULL,NULL,'blog',20,1,'2026-03-12 11:29:54','2026-03-12 11:29:54',1,'public/blog/db/01/a8514c55834f1ae6abcce3142f93f5f1.webp','webp','m_360_F_431647519_usrbQ8Z983hTYe8zgA7t1XVc5fEtqcpa.jpg','image','webp',33989,'c1575c23d53058b9d798954312e8fcab',NULL,NULL,360,540),(475,474,'thumb.profile','blog',20,1,'2026-03-12 11:29:54','2026-03-12 11:29:54',1,'public/blog/dc/01/40c2604e86fb9052c57b7511fd58f82e.webp','webp','p_360_F_431647519_usrbQ8Z983hTYe8zgA7t1XVc5fEtqcpa.jpg','image','webp',23107,'9cfc03283158eeecdfe9365a5a4899c5',NULL,NULL,267,400),(476,NULL,NULL,'blog',21,1,'2026-04-30 07:46:10','2026-04-30 07:46:10',1,'public/blog/dd/01/8e760037f547957a6aafe443ceb206bb.webp','webp','m_images.jpg','image','webp',7071,'01379bf13d5ff0bdfd2f043777eccf8a',NULL,NULL,168,300),(477,476,'thumb.profile','blog',21,1,'2026-04-30 07:46:10','2026-04-30 07:46:10',1,'public/blog/de/01/8e760037f547957a6aafe443ceb206bb.webp','webp','p_images.jpg','image','webp',7071,'01379bf13d5ff0bdfd2f043777eccf8a',NULL,NULL,168,300),(478,NULL,NULL,'blog',22,1,'2026-04-30 07:50:52','2026-04-30 07:50:52',1,'public/blog/df/01/fcb02d48518c304417e9e51360f9d15b.webp','webp','m_Streaming-Platforms-1000x600.jpg','image','webp',44881,'d8b99e17a70e4265cd6520180fdd47dc',NULL,NULL,432,720),(479,478,'thumb.profile','blog',22,1,'2026-04-30 07:50:52','2026-04-30 07:50:52',1,'public/blog/e0/01/a70049e256452e311af89dbbb33ad0c8.webp','webp','p_Streaming-Platforms-1000x600.jpg','image','webp',25785,'3e2789688c282cb77ea83226294205fc',NULL,NULL,240,400),(480,NULL,NULL,'blog',23,1,'2026-04-30 07:52:24','2026-04-30 07:52:24',1,'public/blog/e1/01/730a650b0c5cfa9946aa9244fa011081.webp','webp','m_cJwCzahwRcWWKn8F8NYm25.png','image','webp',375308,'cd36a424f013a79419055049c6c3f08f',NULL,NULL,404,720),(481,480,'thumb.profile','blog',23,1,'2026-04-30 07:52:24','2026-04-30 07:52:24',1,'public/blog/e2/01/9f194520a210b0a7937806af4945a0d3.webp','webp','p_cJwCzahwRcWWKn8F8NYm25.png','image','webp',138176,'2cdc8941d7c6809f240b6611bc635e9a',NULL,NULL,225,400);

--
-- Table structure for table `engine4_storage_mirrors`
--

CREATE TABLE `engine4_storage_mirrors` (
  `file_id` bigint(20) unsigned NOT NULL,
  `service_id` int(10) unsigned NOT NULL,
  PRIMARY KEY (`file_id`,`service_id`),
  KEY `service_id` (`service_id`)
) ENGINE=InnoDB DEFAULT CHARSET=utf8mb4 COLLATE=utf8mb4_unicode_ci;

--
-- Dumping data for table `engine4_storage_mirrors`
--


--
-- Table structure for table `engine4_storage_services`
--

CREATE TABLE `engine4_storage_services` (
  `service_id` int(10) unsigned NOT NULL AUTO_INCREMENT,
  `servicetype_id` int(10) unsigned NOT NULL,
  `config` text DEFAULT NULL,
  `enabled` tinyint(1) unsigned NOT NULL DEFAULT 0,
  `default` tinyint(1) unsigned NOT NULL DEFAULT 0,
  PRIMARY KEY (`service_id`),
  KEY `servicetype_id` (`servicetype_id`),
  KEY `enabled` (`enabled`),
  KEY `default` (`default`)
) ENGINE=InnoDB AUTO_INCREMENT=2 DEFAULT CHARSET=utf8mb4 COLLATE=utf8mb4_unicode_ci;

--
-- Dumping data for table `engine4_storage_services`
--

INSERT INTO `engine4_storage_services` VALUES (1,1,NULL,1,1);

--
-- Table structure for table `engine4_storage_servicetypes`
--

CREATE TABLE `engine4_storage_servicetypes` (
  `servicetype_id` int(10) unsigned NOT NULL AUTO_INCREMENT,
  `title` varchar(128) NOT NULL,
  `plugin` varchar(128) NOT NULL,
  `form` varchar(128) DEFAULT NULL,
  `enabled` tinyint(1) NOT NULL DEFAULT 1,
  PRIMARY KEY (`servicetype_id`),
  UNIQUE KEY `plugin` (`plugin`),
  KEY `enabled` (`enabled`)
) ENGINE=InnoDB AUTO_INCREMENT=10 DEFAULT CHARSET=utf8mb4 COLLATE=utf8mb4_unicode_ci;

--
-- Dumping data for table `engine4_storage_servicetypes`
--

INSERT INTO `engine4_storage_servicetypes` VALUES (1,'Local Storage','Storage_Service_Local','Storage_Form_Admin_Service_Local',1),(2,'Database Storage','Storage_Service_Db','Storage_Form_Admin_Service_Db',0),(3,'Amazon S3','Storage_Service_S3','Storage_Form_Admin_Service_S3',1),(4,'Virtual File System','Storage_Service_Vfs','Storage_Form_Admin_Service_Vfs',1),(5,'Round-Robin','Storage_Service_RoundRobin','Storage_Form_Admin_Service_RoundRobin',0),(6,'Mirrored','Storage_Service_Mirrored','Storage_Form_Admin_Service_Mirrored',0),(7,'Wasabi Cloud Storage','Storage_Service_Wasabi','Storage_Form_Admin_Service_Wasabi',1),(8,'Digital Ocean Space','Storage_Service_Digitalocean','Storage_Form_Admin_Service_Digitalocean',1),(9,'Amazon S3 Compatible Storage','Storage_Service_AmazonS3','Storage_Form_Admin_Service_AmazonS3',1);

--
-- Table structure for table `engine4_user_avatars`
--

CREATE TABLE `engine4_user_avatars` (
  `avatar_id` int(11) unsigned NOT NULL AUTO_INCREMENT,
  `file_id` int(11) unsigned NOT NULL,
  `order` int(11) NOT NULL,
  `enabled` tinyint(1) NOT NULL DEFAULT 1,
  `gender` varchar(16) NOT NULL,
  PRIMARY KEY (`avatar_id`)
) ENGINE=InnoDB AUTO_INCREMENT=51 DEFAULT CHARSET=utf8mb4 COLLATE=utf8mb4_unicode_ci;

--
-- Dumping data for table `engine4_user_avatars`
--

INSERT INTO `engine4_user_avatars` VALUES (1,422,1,1,'male'),(2,423,2,1,'male'),(3,424,3,1,'male'),(4,425,4,1,'male'),(5,426,5,1,'male'),(6,427,6,1,'male'),(7,428,7,1,'male'),(8,429,8,1,'male'),(9,430,9,1,'male'),(10,431,10,1,'male'),(11,432,11,1,'male'),(12,433,12,1,'male'),(13,434,13,1,'male'),(14,435,14,1,'male'),(15,436,15,1,'male'),(16,437,16,1,'male'),(17,438,17,1,'male'),(18,439,18,1,'male'),(19,440,19,1,'male'),(20,441,20,1,'male'),(21,442,21,1,'male'),(22,443,22,1,'male'),(23,444,23,1,'male'),(24,445,24,1,'male'),(25,446,25,1,'female'),(26,447,26,1,'female'),(27,448,27,1,'female'),(28,449,28,1,'female'),(29,450,29,1,'female'),(30,451,30,1,'female'),(31,452,31,1,'female'),(32,453,32,1,'female'),(33,454,33,1,'female'),(34,455,34,1,'female'),(35,456,35,1,'female'),(36,457,36,1,'female'),(37,458,37,1,'female'),(38,459,38,1,'female'),(39,460,39,1,'female'),(40,461,40,1,'female'),(41,462,41,1,'female'),(42,463,42,1,'female'),(43,464,43,1,'female'),(44,465,44,1,'female'),(45,466,45,1,'female'),(46,467,46,1,'female'),(47,468,47,1,'female'),(48,469,48,1,'female'),(49,470,49,1,'female'),(50,471,50,1,'female');

--
-- Table structure for table `engine4_user_block`
--

CREATE TABLE `engine4_user_block` (
  `user_id` int(11) unsigned NOT NULL,
  `blocked_user_id` int(11) unsigned NOT NULL,
  PRIMARY KEY (`user_id`,`blocked_user_id`),
  KEY `REVERSE` (`blocked_user_id`)
) ENGINE=InnoDB DEFAULT CHARSET=utf8mb4 COLLATE=utf8mb4_unicode_ci;

--
-- Dumping data for table `engine4_user_block`
--


--
-- Table structure for table `engine4_user_codes`
--

CREATE TABLE `engine4_user_codes` (
  `code_id` int(11) NOT NULL AUTO_INCREMENT,
  `email` varchar(255) DEFAULT NULL,
  `code` varchar(64) NOT NULL,
  `creation_date` datetime NOT NULL,
  `modified_date` datetime NOT NULL,
  `resend_count` int(11) NOT NULL,
  `type` varchar(16) DEFAULT NULL,
  PRIMARY KEY (`code_id`),
  KEY `email` (`email`),
  KEY `code` (`code`)
) ENGINE=InnoDB DEFAULT CHARSET=utf8mb4 COLLATE=utf8mb4_unicode_ci;

--
-- Dumping data for table `engine4_user_codes`
--


--
-- Table structure for table `engine4_user_emailsettings`
--

CREATE TABLE `engine4_user_emailsettings` (
  `user_id` int(11) unsigned NOT NULL,
  `type` varchar(128) NOT NULL,
  `email` tinyint(4) NOT NULL DEFAULT 1,
  PRIMARY KEY (`user_id`,`type`)
) ENGINE=InnoDB DEFAULT CHARSET=utf8mb4 COLLATE=utf8mb4_unicode_ci;

--
-- Dumping data for table `engine4_user_emailsettings`
--


--
-- Table structure for table `engine4_user_facebook`
--

CREATE TABLE `engine4_user_facebook` (
  `user_id` int(11) unsigned NOT NULL,
  `facebook_uid` bigint(20) unsigned NOT NULL,
  `access_token` varchar(255) NOT NULL DEFAULT '',
  `code` varchar(255) NOT NULL DEFAULT '',
  `expires` bigint(20) unsigned NOT NULL DEFAULT 0,
  PRIMARY KEY (`user_id`),
  UNIQUE KEY `facebook_uid` (`facebook_uid`)
) ENGINE=InnoDB DEFAULT CHARSET=utf8mb4 COLLATE=utf8mb4_unicode_ci;

--
-- Dumping data for table `engine4_user_facebook`
--


--
-- Table structure for table `engine4_user_fields_maps`
--

CREATE TABLE `engine4_user_fields_maps` (
  `field_id` int(11) unsigned NOT NULL,
  `option_id` int(11) unsigned NOT NULL,
  `child_id` int(11) unsigned NOT NULL,
  `order` smallint(6) NOT NULL,
  PRIMARY KEY (`field_id`,`option_id`,`child_id`)
) ENGINE=InnoDB DEFAULT CHARSET=utf8mb4 COLLATE=utf8mb4_unicode_ci;

--
-- Dumping data for table `engine4_user_fields_maps`
--

INSERT INTO `engine4_user_fields_maps` VALUES (0,0,1,1),(1,1,2,2),(1,1,3,3),(1,1,4,4),(1,1,5,5),(1,1,6,6),(1,1,7,7),(1,1,8,8),(1,1,9,9),(1,1,10,10),(1,1,11,11),(1,1,12,12),(1,5,13,13),(1,5,14,14),(1,5,15,15),(1,5,16,16),(1,5,17,17),(1,5,18,18),(1,5,19,19),(1,5,20,20),(1,5,21,21),(1,5,22,22),(1,5,23,23),(1,9,24,24),(1,9,25,25),(1,9,26,26),(1,9,27,27),(1,9,28,28),(1,9,29,29),(1,9,30,30),(1,9,31,31),(1,9,32,32),(1,9,33,33),(1,9,34,34);

--
-- Table structure for table `engine4_user_fields_meta`
--

CREATE TABLE `engine4_user_fields_meta` (
  `field_id` int(11) unsigned NOT NULL AUTO_INCREMENT,
  `type` varchar(24) NOT NULL,
  `label` varchar(64) NOT NULL,
  `description` varchar(255) DEFAULT NULL,
  `alias` varchar(32) NOT NULL DEFAULT '',
  `required` tinyint(1) NOT NULL DEFAULT 0,
  `display` tinyint(1) unsigned NOT NULL,
  `publish` tinyint(1) unsigned NOT NULL DEFAULT 0,
  `search` tinyint(1) unsigned NOT NULL DEFAULT 0,
  `show` tinyint(1) unsigned NOT NULL DEFAULT 1,
  `order` smallint(3) unsigned NOT NULL DEFAULT 999,
  `config` text DEFAULT NULL,
  `validators` text DEFAULT NULL,
  `filters` text DEFAULT NULL,
  `style` text DEFAULT NULL,
  `error` text DEFAULT NULL,
  `icon` text DEFAULT NULL,
  PRIMARY KEY (`field_id`)
) ENGINE=InnoDB AUTO_INCREMENT=35 DEFAULT CHARSET=utf8mb4 COLLATE=utf8mb4_unicode_ci;

--
-- Dumping data for table `engine4_user_fields_meta`
--

INSERT INTO `engine4_user_fields_meta` VALUES (1,'profile_type','Profile Type','','profile_type',1,0,0,2,1,999,'',NULL,NULL,NULL,NULL,NULL),(2,'heading','Personal Information','','',0,1,0,0,1,999,'',NULL,NULL,NULL,NULL,NULL),(3,'first_name','First Name','','first_name',1,1,0,2,1,999,'','[[\"StringLength\",false,[1,32]]]',NULL,NULL,NULL,'fa fa-user'),(4,'last_name','Last Name','','last_name',1,1,0,2,1,999,'','[[\"StringLength\",false,[1,32]]]',NULL,NULL,NULL,'fa fa-user'),(5,'gender','Gender','','gender',0,1,0,1,1,999,'',NULL,NULL,NULL,NULL,'fa fa-venus-mars'),(6,'birthdate','Birthday','','birthdate',0,1,0,1,1,999,'',NULL,NULL,NULL,NULL,'fa fa-calendar-alt'),(7,'heading','Contact Information','','',0,1,0,0,1,999,'',NULL,NULL,NULL,NULL,NULL),(8,'website','Website','','',0,1,0,0,1,999,'',NULL,NULL,NULL,NULL,'fa fa-globe'),(9,'twitter','X','','',0,1,0,0,1,999,'',NULL,NULL,NULL,NULL,'fa-brands fa-square-x-twitter'),(10,'facebook','Facebook','','',0,1,0,0,1,999,'',NULL,NULL,NULL,NULL,'fab fa-facebook-f'),(11,'heading','Personal Details','','',0,1,0,0,1,999,'',NULL,NULL,NULL,NULL,NULL),(12,'about_me','About Me','','',0,1,0,0,1,999,'',NULL,NULL,NULL,NULL,'fa fa-info-circle'),(13,'heading','Personal Information','','',0,1,0,0,1,999,'',NULL,NULL,NULL,NULL,NULL),(14,'first_name','First Name','','first_name',1,1,0,2,1,999,'','[[\"StringLength\",false,[1,32]]]',NULL,NULL,NULL,'fa fa-user'),(15,'last_name','Last Name','','last_name',1,1,0,2,1,999,'','[[\"StringLength\",false,[1,32]]]',NULL,NULL,NULL,'fa fa-user'),(16,'gender','Gender','','gender',0,1,0,1,1,999,'',NULL,NULL,NULL,NULL,'fa fa-venus-mars'),(17,'birthdate','Birthday','','birthdate',0,1,0,1,1,999,'',NULL,NULL,NULL,NULL,'fa fa-calendar-alt'),(18,'heading','Contact Information','','',0,1,0,0,1,999,'',NULL,NULL,NULL,NULL,NULL),(19,'website','Website','','',0,1,0,0,1,999,'',NULL,NULL,NULL,NULL,'fa fa-globe'),(20,'twitter','X','','',0,1,0,0,1,999,'',NULL,NULL,NULL,NULL,'fa-brands fa-square-x-twitter'),(21,'facebook','Facebook','','',0,1,0,0,1,999,'',NULL,NULL,NULL,NULL,'fab fa-facebook-f'),(22,'heading','Personal Details','','',0,1,0,0,1,999,'',NULL,NULL,NULL,NULL,NULL),(23,'about_me','About Me','','',0,1,0,0,1,999,'',NULL,NULL,NULL,NULL,'fa fa-info-circle'),(24,'heading','Personal Information','','',0,1,0,0,1,999,'',NULL,NULL,NULL,NULL,NULL),(25,'first_name','First Name','','first_name',1,1,0,2,1,999,'','[[\"StringLength\",false,[1,32]]]',NULL,NULL,NULL,'fa fa-user'),(26,'last_name','Last Name','','last_name',1,1,0,2,1,999,'','[[\"StringLength\",false,[1,32]]]',NULL,NULL,NULL,'fa fa-user'),(27,'gender','Gender','','gender',0,1,0,1,1,999,'',NULL,NULL,NULL,NULL,'fa fa-venus-mars'),(28,'birthdate','Birthday','','birthdate',0,1,0,1,1,999,'',NULL,NULL,NULL,NULL,'fa fa-calendar-alt'),(29,'heading','Contact Information','','',0,1,0,0,1,999,'',NULL,NULL,NULL,NULL,NULL),(30,'website','Website','','',0,1,0,0,1,999,'',NULL,NULL,NULL,NULL,'fa fa-globe'),(31,'twitter','X','','',0,1,0,0,1,999,'',NULL,NULL,NULL,NULL,'fa-brands fa-square-x-twitter'),(32,'facebook','Facebook','','',0,1,0,0,1,999,'',NULL,NULL,NULL,NULL,'fab fa-facebook-f'),(33,'heading','Personal Details','','',0,1,0,0,1,999,'',NULL,NULL,NULL,NULL,NULL),(34,'about_me','About Me','','',0,1,0,0,1,999,'',NULL,NULL,NULL,NULL,'fa fa-info-circle');

--
-- Table structure for table `engine4_user_fields_options`
--

CREATE TABLE `engine4_user_fields_options` (
  `option_id` int(11) unsigned NOT NULL AUTO_INCREMENT,
  `field_id` int(11) unsigned NOT NULL,
  `label` varchar(255) NOT NULL,
  `order` smallint(6) NOT NULL DEFAULT 999,
  `type` tinyint(1) NOT NULL DEFAULT 0,
  PRIMARY KEY (`option_id`),
  KEY `field_id` (`field_id`)
) ENGINE=InnoDB AUTO_INCREMENT=13 DEFAULT CHARSET=utf8mb4 COLLATE=utf8mb4_unicode_ci;

--
-- Dumping data for table `engine4_user_fields_options`
--

INSERT INTO `engine4_user_fields_options` VALUES (1,1,'Regular Member',1,0),(2,5,'Male',1,0),(3,5,'Female',2,0),(4,5,'Other',3,0),(5,1,'Super Admin Member',5,1),(6,16,'Male',6,0),(7,16,'Female',7,0),(8,16,'Other',8,0),(9,1,'Admin Member',9,1),(10,27,'Male',10,0),(11,27,'Female',11,0),(12,27,'Other',12,0);

--
-- Table structure for table `engine4_user_fields_search`
--

CREATE TABLE `engine4_user_fields_search` (
  `item_id` int(11) unsigned NOT NULL,
  `profile_type` smallint(11) unsigned DEFAULT NULL,
  PRIMARY KEY (`item_id`),
  KEY `profile_type` (`profile_type`)
) ENGINE=InnoDB DEFAULT CHARSET=utf8mb4 COLLATE=utf8mb4_unicode_ci;

--
-- Dumping data for table `engine4_user_fields_search`
--


--
-- Table structure for table `engine4_user_fields_values`
--

CREATE TABLE `engine4_user_fields_values` (
  `item_id` int(11) unsigned NOT NULL,
  `field_id` int(11) unsigned NOT NULL,
  `index` smallint(3) unsigned NOT NULL DEFAULT 0,
  `value` text NOT NULL,
  `privacy` varchar(64) DEFAULT NULL,
  PRIMARY KEY (`item_id`,`field_id`,`index`)
) ENGINE=InnoDB DEFAULT CHARSET=utf8mb4 COLLATE=utf8mb4_unicode_ci;

--
-- Dumping data for table `engine4_user_fields_values`
--

INSERT INTO `engine4_user_fields_values` VALUES (1,1,0,'5',NULL);

--
-- Table structure for table `engine4_user_follows`
--

CREATE TABLE `engine4_user_follows` (
  `follow_id` int(11) unsigned NOT NULL AUTO_INCREMENT,
  `user_id` int(11) NOT NULL,
  `resource_id` int(11) NOT NULL,
  `resource_approved` tinyint(1) NOT NULL DEFAULT 0,
  `user_approved` tinyint(1) NOT NULL DEFAULT 0,
  `creation_date` datetime NOT NULL,
  PRIMARY KEY (`follow_id`),
  UNIQUE KEY `uniqueKey` (`user_id`,`resource_id`),
  KEY `resource_approved` (`resource_approved`),
  KEY `user_approved` (`user_approved`)
) ENGINE=InnoDB DEFAULT CHARSET=utf8mb4 COLLATE=utf8mb4_unicode_ci;

--
-- Dumping data for table `engine4_user_follows`
--


--
-- Table structure for table `engine4_user_forgot`
--

CREATE TABLE `engine4_user_forgot` (
  `user_id` int(11) unsigned NOT NULL,
  `code` varchar(64) NOT NULL,
  `creation_date` datetime NOT NULL,
  PRIMARY KEY (`user_id`),
  KEY `code` (`code`)
) ENGINE=InnoDB DEFAULT CHARSET=utf8mb4 COLLATE=utf8mb4_unicode_ci;

--
-- Dumping data for table `engine4_user_forgot`
--


--
-- Table structure for table `engine4_user_google`
--

CREATE TABLE `engine4_user_google` (
  `google_id` int(11) NOT NULL AUTO_INCREMENT,
  `user_id` int(11) NOT NULL,
  `google_uid` varchar(128) NOT NULL,
  `access_token` varchar(255) NOT NULL DEFAULT '',
  `code` varchar(255) NOT NULL DEFAULT '',
  `expires` bigint(20) unsigned NOT NULL DEFAULT 0,
  PRIMARY KEY (`google_id`),
  UNIQUE KEY `google_uid` (`google_uid`)
) ENGINE=InnoDB DEFAULT CHARSET=utf8mb4 COLLATE=utf8mb4_unicode_ci;

--
-- Dumping data for table `engine4_user_google`
--


--
-- Table structure for table `engine4_user_linkedin`
--

CREATE TABLE `engine4_user_linkedin` (
  `user_id` int(11) unsigned NOT NULL AUTO_INCREMENT,
  `linkedin_uid` varchar(128) NOT NULL,
  `access_token` varchar(255) NOT NULL DEFAULT '',
  `code` varchar(255) NOT NULL DEFAULT '',
  `expires` bigint(20) unsigned NOT NULL DEFAULT 0,
  PRIMARY KEY (`user_id`),
  UNIQUE KEY `linkedin_uid` (`linkedin_uid`)
) ENGINE=InnoDB DEFAULT CHARSET=utf8mb4 COLLATE=utf8mb4_unicode_ci;

--
-- Dumping data for table `engine4_user_linkedin`
--


--
-- Table structure for table `engine4_user_listitems`
--

CREATE TABLE `engine4_user_listitems` (
  `listitem_id` int(11) unsigned NOT NULL AUTO_INCREMENT,
  `list_id` int(11) unsigned NOT NULL,
  `child_id` int(11) unsigned NOT NULL,
  PRIMARY KEY (`listitem_id`),
  KEY `list_id` (`list_id`),
  KEY `child_id` (`child_id`)
) ENGINE=InnoDB DEFAULT CHARSET=utf8mb4 COLLATE=utf8mb4_unicode_ci;

--
-- Dumping data for table `engine4_user_listitems`
--


--
-- Table structure for table `engine4_user_lists`
--

CREATE TABLE `engine4_user_lists` (
  `list_id` int(11) unsigned NOT NULL AUTO_INCREMENT,
  `title` varchar(64) NOT NULL DEFAULT '',
  `owner_id` int(11) unsigned NOT NULL,
  `child_count` int(11) unsigned NOT NULL DEFAULT 0,
  PRIMARY KEY (`list_id`),
  KEY `owner_id` (`owner_id`)
) ENGINE=InnoDB DEFAULT CHARSET=utf8mb4 COLLATE=utf8mb4_unicode_ci;

--
-- Dumping data for table `engine4_user_lists`
--


--
-- Table structure for table `engine4_user_logins`
--

CREATE TABLE `engine4_user_logins` (
  `login_id` int(10) unsigned NOT NULL AUTO_INCREMENT,
  `user_id` int(10) unsigned DEFAULT NULL,
  `email` varchar(128) DEFAULT NULL,
  `ip` varbinary(16) NOT NULL,
  `timestamp` datetime NOT NULL,
  `state` enum('success','no-member','bad-password','disabled','unpaid','third-party','v3-migration','unknown') NOT NULL DEFAULT 'unknown',
  `active` tinyint(1) NOT NULL DEFAULT 0,
  `source` varchar(32) DEFAULT NULL,
  PRIMARY KEY (`login_id`),
  KEY `user_id` (`user_id`),
  KEY `email` (`email`),
  KEY `ip` (`ip`),
  KEY `state` (`state`),
  KEY `active` (`active`)
) ENGINE=InnoDB DEFAULT CHARSET=utf8mb4 COLLATE=utf8mb4_unicode_ci;

--
-- Dumping data for table `engine4_user_logins`
--


--
-- Table structure for table `engine4_user_membership`
--

CREATE TABLE `engine4_user_membership` (
  `resource_id` int(11) unsigned NOT NULL,
  `user_id` int(11) unsigned NOT NULL,
  `active` tinyint(1) NOT NULL DEFAULT 0,
  `resource_approved` tinyint(1) NOT NULL DEFAULT 0,
  `user_approved` tinyint(1) NOT NULL DEFAULT 0,
  `message` text DEFAULT NULL,
  `description` text DEFAULT NULL,
  PRIMARY KEY (`resource_id`,`user_id`),
  KEY `REVERSE` (`user_id`),
  KEY `active` (`active`),
  KEY `resource_approved` (`resource_approved`),
  KEY `user_approved` (`user_approved`),
  KEY `active_2` (`active`),
  KEY `resource_approved_2` (`resource_approved`),
  KEY `user_approved_2` (`user_approved`)
) ENGINE=InnoDB DEFAULT CHARSET=utf8mb4 COLLATE=utf8mb4_unicode_ci;

--
-- Dumping data for table `engine4_user_membership`
--


--
-- Table structure for table `engine4_user_online`
--

CREATE TABLE `engine4_user_online` (
  `ip` varbinary(16) NOT NULL,
  `user_id` int(11) unsigned NOT NULL DEFAULT 0,
  `active` datetime NOT NULL,
  PRIMARY KEY (`ip`,`user_id`),
  KEY `LOOKUP` (`active`)
) ENGINE=InnoDB DEFAULT CHARSET=utf8mb4 COLLATE=utf8mb4_unicode_ci;

--
-- Dumping data for table `engine4_user_online`
--


--
-- Table structure for table `engine4_user_phonemessages`
--

CREATE TABLE `engine4_user_phonemessages` (
  `phonemessage_id` int(11) NOT NULL AUTO_INCREMENT,
  `parent_type` varchar(45) NOT NULL,
  `type` varchar(45) DEFAULT NULL,
  `specific` tinyint(1) NOT NULL DEFAULT 0,
  `message` text NOT NULL,
  `user_id` int(11) NOT NULL DEFAULT 0,
  `creation_date` datetime NOT NULL,
  `modified_date` datetime NOT NULL,
  PRIMARY KEY (`phonemessage_id`),
  KEY `parent_type` (`parent_type`),
  KEY `type` (`type`),
  KEY `specific` (`specific`),
  KEY `user_id` (`user_id`),
  KEY `creation_date` (`creation_date`)
) ENGINE=InnoDB DEFAULT CHARSET=utf8mb4 COLLATE=utf8mb4_unicode_ci;

--
-- Dumping data for table `engine4_user_phonemessages`
--


--
-- Table structure for table `engine4_user_recentsearch`
--

CREATE TABLE `engine4_user_recentsearch` (
  `recentsearch_id` int(11) NOT NULL AUTO_INCREMENT,
  `user_id` int(11) NOT NULL,
  `query` varchar(128) NOT NULL,
  `id` int(11) NOT NULL DEFAULT 0,
  `type` varchar(128) DEFAULT NULL,
  `creation_date` datetime NOT NULL,
  PRIMARY KEY (`recentsearch_id`),
  KEY `user_id` (`user_id`)
) ENGINE=InnoDB DEFAULT CHARSET=utf8mb4 COLLATE=utf8mb4_unicode_ci;

--
-- Dumping data for table `engine4_user_recentsearch`
--


--
-- Table structure for table `engine4_user_settings`
--

CREATE TABLE `engine4_user_settings` (
  `user_id` int(10) unsigned NOT NULL,
  `name` varchar(64) NOT NULL,
  `value` varchar(255) NOT NULL,
  PRIMARY KEY (`user_id`,`name`)
) ENGINE=InnoDB DEFAULT CHARSET=utf8mb4 COLLATE=utf8mb4_unicode_ci;

--
-- Dumping data for table `engine4_user_settings`
--


--
-- Table structure for table `engine4_user_signup`
--

CREATE TABLE `engine4_user_signup` (
  `signup_id` int(11) unsigned NOT NULL AUTO_INCREMENT,
  `class` varchar(128) NOT NULL,
  `order` smallint(6) NOT NULL DEFAULT 999,
  `enable` smallint(1) NOT NULL DEFAULT 0,
  PRIMARY KEY (`signup_id`),
  KEY `order` (`order`),
  KEY `enable` (`enable`)
) ENGINE=InnoDB AUTO_INCREMENT=6 DEFAULT CHARSET=utf8mb4 COLLATE=utf8mb4_unicode_ci;

--
-- Dumping data for table `engine4_user_signup`
--

INSERT INTO `engine4_user_signup` VALUES (1,'User_Plugin_Signup_Account',1,1),(2,'Payment_Plugin_Signup_Subscription',2,0),(3,'User_Plugin_Signup_Fields',3,1),(4,'User_Plugin_Signup_Photo',4,1),(5,'User_Plugin_Signup_Invite',5,0);

--
-- Table structure for table `engine4_user_telegram`
--

CREATE TABLE `engine4_user_telegram` (
  `telegram_id` int(11) NOT NULL AUTO_INCREMENT,
  `user_id` int(11) NOT NULL,
  `telegram_uid` varchar(128) NOT NULL,
  `access_token` varchar(255) NOT NULL DEFAULT '',
  PRIMARY KEY (`telegram_id`),
  UNIQUE KEY `telegram_uid` (`telegram_uid`)
) ENGINE=InnoDB DEFAULT CHARSET=utf8mb4 COLLATE=utf8mb4_unicode_ci;

--
-- Dumping data for table `engine4_user_telegram`
--


--
-- Table structure for table `engine4_user_twitter`
--

CREATE TABLE `engine4_user_twitter` (
  `user_id` int(10) unsigned NOT NULL,
  `twitter_uid` bigint(20) unsigned NOT NULL,
  `twitter_token` varchar(255) NOT NULL DEFAULT '',
  `twitter_secret` varchar(255) NOT NULL DEFAULT '',
  PRIMARY KEY (`user_id`),
  UNIQUE KEY `twitter_uid` (`twitter_uid`)
) ENGINE=InnoDB DEFAULT CHARSET=utf8mb4 COLLATE=utf8mb4_unicode_ci;

--
-- Dumping data for table `engine4_user_twitter`
--


--
-- Table structure for table `engine4_user_verificationrequests`
--

CREATE TABLE `engine4_user_verificationrequests` (
  `verificationrequest_id` int(11) unsigned NOT NULL AUTO_INCREMENT,
  `user_id` int(11) unsigned NOT NULL,
  `creation_date` datetime NOT NULL,
  `approved` tinyint(1) NOT NULL DEFAULT 0,
  `message` varchar(265) DEFAULT NULL,
  PRIMARY KEY (`verificationrequest_id`),
  KEY `approved` (`approved`)
) ENGINE=InnoDB DEFAULT CHARSET=utf8mb4 COLLATE=utf8mb4_unicode_ci;

--
-- Dumping data for table `engine4_user_verificationrequests`
--


--
-- Table structure for table `engine4_user_verify`
--

CREATE TABLE `engine4_user_verify` (
  `user_id` int(11) unsigned NOT NULL,
  `code` varchar(64) NOT NULL,
  `date` datetime NOT NULL,
  PRIMARY KEY (`user_id`),
  KEY `code` (`code`)
) ENGINE=InnoDB DEFAULT CHARSET=utf8mb4 COLLATE=utf8mb4_unicode_ci;

--
-- Dumping data for table `engine4_user_verify`
--


--
-- Table structure for table `engine4_users`
--

CREATE TABLE `engine4_users` (
  `user_id` int(11) unsigned NOT NULL AUTO_INCREMENT,
  `email` varchar(128) DEFAULT NULL,
  `username` varchar(128) DEFAULT NULL,
  `displayname` varchar(128) NOT NULL DEFAULT '',
  `firstname` varchar(16) DEFAULT NULL,
  `lastname` varchar(16) DEFAULT NULL,
  `dob` date DEFAULT NULL,
  `gender` varchar(16) DEFAULT NULL,
  `profile_type` int(11) NOT NULL DEFAULT 1,
  `photo_id` int(11) unsigned NOT NULL DEFAULT 0,
  `status` text DEFAULT NULL,
  `status_date` datetime DEFAULT NULL,
  `password` char(255) NOT NULL,
  `salt` char(64) NOT NULL,
  `locale` varchar(16) NOT NULL DEFAULT 'auto',
  `language` varchar(8) NOT NULL DEFAULT 'en_US',
  `timezone` varchar(64) NOT NULL DEFAULT 'America/Los_Angeles',
  `search` tinyint(1) NOT NULL DEFAULT 1,
  `show_profileviewers` tinyint(1) NOT NULL DEFAULT 1,
  `level_id` int(11) unsigned NOT NULL,
  `invites_used` int(11) unsigned NOT NULL DEFAULT 0,
  `extra_invites` int(11) unsigned NOT NULL DEFAULT 0,
  `enabled` tinyint(1) NOT NULL DEFAULT 1,
  `verified` tinyint(1) NOT NULL DEFAULT 0,
  `approved` tinyint(1) NOT NULL DEFAULT 1,
  `creation_date` datetime NOT NULL,
  `creation_ip` varbinary(16) NOT NULL,
  `modified_date` datetime NOT NULL,
  `lastlogin_date` datetime DEFAULT NULL,
  `lastlogin_ip` varbinary(16) DEFAULT NULL,
  `update_date` int(11) DEFAULT NULL,
  `member_count` smallint(5) unsigned NOT NULL DEFAULT 0,
  `view_count` int(11) unsigned NOT NULL DEFAULT 0,
  `comment_count` int(11) unsigned NOT NULL DEFAULT 0,
  `like_count` int(11) unsigned NOT NULL DEFAULT 0,
  `coverphoto` int(11) unsigned NOT NULL DEFAULT 0,
  `coverphotoparams` varchar(265) DEFAULT NULL,
  `view_privacy` varchar(24) NOT NULL DEFAULT 'everyone',
  `disable_email` tinyint(1) NOT NULL DEFAULT 0,
  `disable_adminemail` tinyint(1) NOT NULL DEFAULT 0,
  `last_password_reset` datetime DEFAULT NULL,
  `last_login_attempt` datetime DEFAULT NULL,
  `login_attempt_count` int(5) NOT NULL DEFAULT 0,
  `donotsellinfo` tinyint(1) NOT NULL DEFAULT 0,
  `mention` varchar(24) NOT NULL DEFAULT 'registered',
  `birthday_format` varchar(24) DEFAULT NULL,
  `is_verified` tinyint(1) NOT NULL DEFAULT 0,
  `referral_code` varchar(256) DEFAULT NULL,
  `referral_count` int(11) NOT NULL DEFAULT 0,
  `avatar_id` int(11) NOT NULL DEFAULT 0,
  `phone_number` varchar(45) DEFAULT NULL,
  `country_code` varchar(16) DEFAULT NULL,
  `enable_verification` tinyint(1) NOT NULL DEFAULT 0,
  `follow_count` int(11) NOT NULL DEFAULT 0,
  `follow_verification` tinyint(1) NOT NULL DEFAULT 0,
  `import` tinyint(1) NOT NULL DEFAULT 1,
  `location` varchar(255) DEFAULT NULL,
  `wallet_amount` float(16,2) NOT NULL DEFAULT 0.00,
  PRIMARY KEY (`user_id`),
  UNIQUE KEY `EMAIL` (`email`),
  UNIQUE KEY `USERNAME` (`username`),
  KEY `MEMBER_COUNT` (`member_count`),
  KEY `CREATION_DATE` (`creation_date`),
  KEY `search` (`search`),
  KEY `enabled` (`enabled`),
  KEY `is_verified` (`is_verified`),
  KEY `referral_code` (`referral_code`),
  KEY `level_id` (`level_id`),
  KEY `verified` (`verified`),
  KEY `approved` (`approved`),
  KEY `modified_date` (`modified_date`),
  KEY `view_count` (`view_count`),
  KEY `comment_count` (`comment_count`),
  KEY `like_count` (`like_count`),
  KEY `coverphoto` (`coverphoto`),
  KEY `view_privacy` (`view_privacy`),
  KEY `disable_email` (`disable_email`)
) ENGINE=InnoDB AUTO_INCREMENT=2 DEFAULT CHARSET=utf8mb4 COLLATE=utf8mb4_unicode_ci;

--
-- Dumping data for table `engine4_users`
--

INSERT INTO `engine4_users` VALUES (1,'info@aheadsofttech.com','superadmin','root',NULL,NULL,NULL,NULL,1,0,NULL,NULL,'$2y$10$Yb0G.UsNr/OM8uRPhzI6RuK7YDWYfzOKFKivG69idnstvqVb/AYYe','3747410','auto','en_US','US/Pacific',1,1,1,1,0,1,1,1,'2024-08-12 09:37:45','','2026-04-30 07:52:24','2026-06-25 05:22:05','��x',NULL,0,994,0,0,0,NULL,'everyone',0,0,NULL,NULL,0,0,'registered',NULL,0,'f881e42',0,0,NULL,NULL,0,0,0,1,NULL,0.00);


