--
-- Host: localhost    Database: aheadwebsite
-- ------------------------------------------------------


--
-- Table structure for table `engine4_activity_actions`
--

CREATE TABLE `engine4_activity_actions` (
  `action_id` int(11) unsigned NOT NULL AUTO_INCREMENT,
  `type` varchar(128) NOT NULL,
  `subject_type` varchar(24) NOT NULL,
  `subject_id` int(11) unsigned NOT NULL,
  `object_type` varchar(24) NOT NULL,
  `object_id` int(11) unsigned NOT NULL,
  `body` text DEFAULT NULL,
  `params` text DEFAULT NULL,
  `date` datetime NOT NULL,
  `modified_date` datetime NOT NULL,
  `attachment_count` smallint(3) unsigned NOT NULL DEFAULT 0,
  `comment_count` mediumint(5) unsigned NOT NULL DEFAULT 0,
  `like_count` mediumint(5) unsigned NOT NULL DEFAULT 0,
  `privacy` varchar(500) DEFAULT NULL,
  `share_count` int(11) NOT NULL DEFAULT 0,
  `commentable` tinyint(1) NOT NULL DEFAULT 1,
  `schedule_time` varchar(256) NOT NULL,
  `approved` tinyint(1) NOT NULL DEFAULT 1,
  `reaction_id` int(11) NOT NULL DEFAULT 0,
  `resource_id` int(11) NOT NULL DEFAULT 0,
  `resource_type` varchar(45) DEFAULT NULL,
  `is_community_ad` tinyint(1) NOT NULL DEFAULT 0,
  `vote_up_count` int(11) NOT NULL DEFAULT 0,
  `vote_down_count` int(11) NOT NULL DEFAULT 0,
  `feedbg_id` int(11) NOT NULL DEFAULT 0,
  `image_id` int(11) NOT NULL DEFAULT 0,
  `view_count` int(10) unsigned NOT NULL DEFAULT 0,
  `posting_type` tinyint(1) NOT NULL DEFAULT 0,
  `gif_url` text DEFAULT NULL,
  PRIMARY KEY (`action_id`),
  KEY `SUBJECT` (`subject_type`,`subject_id`),
  KEY `OBJECT` (`object_type`,`object_id`),
  KEY `type` (`type`),
  KEY `date` (`date`),
  KEY `action_id_composite` (`action_id`,`approved`,`is_community_ad`)
) ENGINE=InnoDB AUTO_INCREMENT=43 DEFAULT CHARSET=utf8mb4 COLLATE=utf8mb4_unicode_ci;

--
-- Dumping data for table `engine4_activity_actions`
--

INSERT INTO `engine4_activity_actions` VALUES (10,'career_new','user',1,'career',10,'','{\"privacy\":null}','2024-08-14 12:41:48','2024-08-14 12:41:48',1,0,0,NULL,0,1,'',1,0,0,NULL,0,0,0,0,0,0,0,NULL),(11,'career_new','user',1,'career',11,'','{\"privacy\":null}','2024-08-14 12:48:26','2024-08-14 12:48:26',1,0,0,NULL,0,1,'',1,0,0,NULL,0,0,0,0,0,2,0,NULL),(12,'career_new','user',1,'career',12,'','{\"privacy\":null}','2024-08-14 12:52:39','2024-08-14 12:52:39',1,0,0,NULL,0,1,'',1,0,0,NULL,0,0,0,0,0,2,0,NULL),(13,'career_new','user',1,'career',13,'','{\"privacy\":null}','2024-08-14 12:57:25','2024-08-14 12:57:25',1,0,0,NULL,0,1,'',1,0,0,NULL,0,0,0,0,0,2,0,NULL),(14,'career_new','user',1,'career',14,'','{\"privacy\":null}','2024-08-14 13:00:42','2024-08-14 13:00:42',1,0,0,NULL,0,1,'',1,0,0,NULL,0,0,0,0,0,2,0,NULL),(15,'career_new','user',1,'career',15,'','{\"privacy\":null}','2024-08-14 13:03:43','2024-08-14 13:03:43',1,0,0,NULL,0,1,'',1,0,0,NULL,0,0,0,0,0,2,0,NULL),(16,'career_new','user',1,'career',16,'','{\"privacy\":null}','2024-08-20 05:43:31','2024-08-20 05:43:31',1,0,0,NULL,0,1,'',1,0,0,NULL,0,0,0,0,0,2,0,NULL),(17,'career_new','user',1,'career',17,'','{\"privacy\":null}','2024-08-20 05:49:39','2024-08-20 05:49:39',1,0,0,NULL,0,1,'',1,0,0,NULL,0,0,0,0,0,2,0,NULL),(18,'career_new','user',1,'career',18,'','{\"privacy\":null}','2024-08-20 05:54:47','2024-08-20 05:54:47',1,0,0,NULL,0,1,'',1,0,0,NULL,0,0,0,0,0,2,0,NULL),(19,'career_new','user',1,'career',19,'','{\"privacy\":null}','2024-08-20 06:00:01','2024-08-20 06:00:01',1,0,0,NULL,0,1,'',1,0,0,NULL,0,0,0,0,0,2,0,NULL),(20,'career_new','user',1,'career',20,'','{\"privacy\":null}','2024-08-20 06:03:48','2024-08-20 06:03:48',1,0,0,NULL,0,1,'',1,0,0,NULL,0,0,0,0,0,4,0,NULL),(21,'career_new','user',1,'career',21,'','{\"privacy\":null}','2024-08-20 06:06:31','2024-08-20 06:06:31',1,0,0,NULL,0,1,'',1,0,0,NULL,0,0,0,0,0,4,0,NULL),(22,'career_new','user',1,'career',22,'','{\"privacy\":null}','2024-11-12 10:04:06','2024-11-12 10:04:06',1,0,0,NULL,0,1,'',1,0,0,NULL,0,0,0,0,0,4,0,NULL),(23,'sesblog_new','user',1,'sesblog_blog',1,'','[]','2026-02-11 06:22:07','2026-02-11 06:22:07',1,0,0,NULL,0,1,'',1,0,0,NULL,0,0,0,0,0,0,0,NULL),(24,'sesblog_new','user',1,'sesblog_blog',2,'','[]','2026-02-11 11:09:58','2026-02-11 11:09:58',1,0,0,NULL,0,1,'',1,0,0,NULL,0,0,0,0,0,0,0,NULL),(25,'sesblog_new','user',1,'sesblog_blog',3,'','[]','2026-02-12 12:20:58','2026-02-12 12:20:58',1,0,0,NULL,0,1,'',1,0,0,NULL,0,0,0,0,0,0,0,NULL),(39,'blog_new','user',1,'blog',20,'','{\"privacy\":null}','2026-03-12 11:29:54','2026-03-12 11:29:54',1,0,0,'',0,1,'',1,0,0,'',0,0,0,0,0,0,0,NULL),(40,'blog_new','user',1,'blog',21,'','{\"privacy\":null}','2026-04-30 07:46:10','2026-04-30 07:46:10',1,0,0,NULL,0,1,'',1,0,0,'',0,0,0,0,0,2,0,NULL),(41,'blog_new','user',1,'blog',22,'','{\"privacy\":null}','2026-04-30 07:50:52','2026-04-30 07:50:52',1,0,0,NULL,0,1,'',1,0,0,'',0,0,0,0,0,2,0,NULL),(42,'blog_new','user',1,'blog',23,'','{\"privacy\":null}','2026-04-30 07:52:24','2026-04-30 07:52:24',1,0,0,'',0,1,'',1,0,0,'',0,0,0,0,0,2,0,NULL);

--
-- Table structure for table `engine4_activity_actionsettings`
--

CREATE TABLE `engine4_activity_actionsettings` (
  `user_id` int(11) unsigned NOT NULL,
  `type` varchar(128) NOT NULL,
  `publish` tinyint(1) NOT NULL DEFAULT 1,
  PRIMARY KEY (`user_id`,`type`)
) ENGINE=InnoDB DEFAULT CHARSET=utf8mb4 COLLATE=utf8mb4_unicode_ci;

--
-- Dumping data for table `engine4_activity_actionsettings`
--


--
-- Table structure for table `engine4_activity_actiontypes`
--

CREATE TABLE `engine4_activity_actiontypes` (
  `type` varchar(128) NOT NULL,
  `module` varchar(32) NOT NULL,
  `body` text NOT NULL,
  `enabled` tinyint(1) NOT NULL DEFAULT 1,
  `displayable` tinyint(1) NOT NULL DEFAULT 3,
  `attachable` tinyint(1) NOT NULL DEFAULT 1,
  `commentable` tinyint(1) NOT NULL DEFAULT 1,
  `shareable` tinyint(1) NOT NULL DEFAULT 1,
  `editable` tinyint(1) NOT NULL DEFAULT 0,
  `is_generated` tinyint(1) NOT NULL DEFAULT 1,
  PRIMARY KEY (`type`),
  KEY `module` (`module`),
  KEY `displayable` (`displayable`),
  KEY `enabled` (`enabled`)
) ENGINE=InnoDB DEFAULT CHARSET=utf8mb4 COLLATE=utf8mb4_unicode_ci;

--
-- Dumping data for table `engine4_activity_actiontypes`
--

INSERT INTO `engine4_activity_actiontypes` VALUES ('blog_new','blog','{item:$subject} wrote a new blog entry:',1,5,1,3,1,0,1),('career_new','career','{item:$subject} wrote a new career entry:',1,5,1,3,1,0,1),('comment_activity_action','activity','{item:$subject} commented on {item:$owner}\'s {item:$object:post}.',1,1,1,4,3,0,0),('comment_blog','blog','{item:$subject} commented on {item:$owner}\'s {item:$object:blog entry}.',1,1,1,4,3,0,0),('comment_career','career','{item:$subject} commented on {item:$owner}\'s {item:$object:career entry}.',1,1,1,4,3,0,0),('comment_sesblog','sesblog','{item:$subject} commented on {item:$owner}\'s {item:$object:blog entry}: {body:$body}',1,1,1,4,1,0,0),('comment_user','user','{item:$subject} commented on {item:$owner}\'s profile: {body:$body}',1,7,1,4,1,0,1),('cover_photo_update','user','{item:$subject} has added a new cover photo.',1,5,1,4,1,0,1),('friends','user','{item:$subject} is now friends with {item:$object}.',0,3,0,1,1,0,1),('like_activity_action','activity','{item:$subject} liked {item:$owner}\'s {item:$object:post}.',1,1,1,4,3,0,0),('like_blog','blog','{item:$subject} liked {item:$owner}\'s {item:$object:blog entry}.',0,1,1,4,3,0,0),('like_career','career','{item:$subject} liked {item:$owner}\'s {item:$object:career entry}.',0,1,1,4,3,0,0),('login','user','{item:$subject} has signed in.',0,1,0,1,1,0,1),('post','user','{actors:$subject:$object}: {body:$body}',1,7,1,4,1,1,0),('post_music','activity','{actors:$subject:$object}: {body:$body}',1,7,1,4,1,0,0),('post_photo','activity','{actors:$subject:$object}: {body:$body}',1,7,1,4,4,0,0),('post_self','user','{item:$subject} {body:$body}',1,5,1,4,1,1,0),('post_self_buysell','activity','{item:$subject} {body:$body}',1,5,1,4,4,0,0),('post_self_file','activity','{item:$subject} uploaded a file.{body:$body}',1,5,1,4,0,0,0),('post_self_link','activity','{item:$subject} {body:$body}',1,5,1,4,1,0,0),('post_self_music','activity','{item:$subject} {body:$body}',1,5,1,4,1,0,0),('post_self_photo','activity','{item:$subject} {body:$body}',1,5,1,4,4,0,0),('post_self_photo_video','activity','{item:$subject} {body:$body}',1,5,1,4,4,0,0),('post_self_video','activity','{item:$subject} {body:$body}',1,5,1,4,4,0,0),('post_video','activity','{item:$subject} {body:$body}',1,5,1,4,4,0,0),('profile_photo_update','user','{item:$subject} has added a new profile photo: {body:$body}',1,5,1,4,1,0,1),('sesblog_album_like','sesblog','{item:$subject} likes the blog album {item:$object}:',1,7,1,4,1,0,1),('sesblog_blog_favourite','sesblog','{item:$subject} added blog {item:$object} to favorite:',1,7,1,1,1,0,1),('sesblog_blog_like','sesblog','{item:$subject} likes the blog {item:$object}:',1,7,1,4,1,0,1),('sesblog_new','sesblog','{item:$subject} wrote a new blog entry:',1,5,1,3,1,0,1),('sesblog_photo_like','sesblog','{item:$subject} likes the blog photo {item:$object}:',1,7,1,4,1,0,1),('share','activity','{item:$subject} shared {item:$object}\'s {var:$type}. {body:$body}',1,5,1,1,0,1,1),('signup','user','{item:$subject} has just signed up. Say hello!',0,5,0,1,1,0,1),('status','user','{item:$subject} {body:$body}',1,5,0,1,4,1,0),('tagged','user','{item:$subject} tagged {item:$object} in a {var:$label}:',1,7,1,1,0,0,1);

--
-- Table structure for table `engine4_activity_attachments`
--

CREATE TABLE `engine4_activity_attachments` (
  `attachment_id` int(11) unsigned NOT NULL AUTO_INCREMENT,
  `action_id` int(11) unsigned NOT NULL,
  `type` varchar(128) NOT NULL,
  `id` int(11) unsigned NOT NULL,
  `mode` tinyint(1) NOT NULL DEFAULT 0,
  PRIMARY KEY (`attachment_id`),
  KEY `action_id` (`action_id`),
  KEY `type_id` (`type`,`id`)
) ENGINE=InnoDB AUTO_INCREMENT=43 DEFAULT CHARSET=utf8mb4 COLLATE=utf8mb4_unicode_ci;

--
-- Dumping data for table `engine4_activity_attachments`
--

INSERT INTO `engine4_activity_attachments` VALUES (10,10,'career',10,1),(11,11,'career',11,1),(12,12,'career',12,1),(13,13,'career',13,1),(14,14,'career',14,1),(15,15,'career',15,1),(16,16,'career',16,1),(17,17,'career',17,1),(18,18,'career',18,1),(19,19,'career',19,1),(20,20,'career',20,1),(21,21,'career',21,1),(22,22,'career',22,1),(23,23,'sesblog_blog',1,1),(24,24,'sesblog_blog',2,1),(25,25,'sesblog_blog',3,1),(39,39,'blog',20,1),(40,40,'blog',21,1),(41,41,'blog',22,1),(42,42,'blog',23,1);

--
-- Table structure for table `engine4_activity_backgrounds`
--

CREATE TABLE `engine4_activity_backgrounds` (
  `background_id` int(11) unsigned NOT NULL AUTO_INCREMENT,
  `file_id` int(11) unsigned NOT NULL,
  `order` int(11) NOT NULL,
  `enabled` tinyint(1) NOT NULL DEFAULT 1,
  `starttime` date DEFAULT NULL,
  `endtime` date DEFAULT NULL,
  `enableenddate` tinyint(1) NOT NULL DEFAULT 1,
  `featured` tinyint(1) NOT NULL DEFAULT 0,
  PRIMARY KEY (`background_id`)
) ENGINE=InnoDB AUTO_INCREMENT=13 DEFAULT CHARSET=utf8mb4 COLLATE=utf8mb4_unicode_ci;

--
-- Dumping data for table `engine4_activity_backgrounds`
--

INSERT INTO `engine4_activity_backgrounds` VALUES (1,133,1,1,'2026-02-19',NULL,1,0),(2,134,2,1,'2026-02-19',NULL,1,0),(3,135,3,1,'2026-02-19',NULL,1,0),(4,136,4,1,'2026-02-19',NULL,1,0),(5,137,5,1,'2026-02-19',NULL,1,0),(6,138,6,1,'2026-02-19',NULL,1,0),(7,139,7,1,'2026-02-19',NULL,1,0),(8,140,8,1,'2026-02-19',NULL,1,0),(9,141,9,1,'2026-02-19',NULL,1,0),(10,142,10,1,'2026-02-19',NULL,1,0),(11,143,11,1,'2026-02-19',NULL,1,0),(12,144,12,1,'2026-02-19',NULL,1,0);

--
-- Table structure for table `engine4_activity_buysells`
--

CREATE TABLE `engine4_activity_buysells` (
  `buysell_id` int(11) unsigned NOT NULL AUTO_INCREMENT,
  `user_id` int(11) unsigned NOT NULL,
  `action_id` int(11) unsigned NOT NULL,
  `title` varchar(255) NOT NULL,
  `price` decimal(15,2) NOT NULL DEFAULT 0.00,
  `currency` varchar(45) NOT NULL,
  `description` text DEFAULT NULL,
  `is_sold` tinyint(1) NOT NULL DEFAULT 0,
  `buy` varchar(1000) DEFAULT NULL,
  `location` varchar(255) DEFAULT NULL,
  PRIMARY KEY (`buysell_id`)
) ENGINE=InnoDB DEFAULT CHARSET=utf8mb4 COLLATE=utf8mb4_unicode_ci;

--
-- Dumping data for table `engine4_activity_buysells`
--


--
-- Table structure for table `engine4_activity_comments`
--

CREATE TABLE `engine4_activity_comments` (
  `comment_id` int(11) unsigned NOT NULL AUTO_INCREMENT,
  `resource_id` int(11) unsigned NOT NULL,
  `poster_type` varchar(24) NOT NULL,
  `poster_id` int(11) unsigned NOT NULL,
  `body` text NOT NULL,
  `creation_date` datetime NOT NULL,
  `like_count` int(11) unsigned NOT NULL DEFAULT 0,
  `params` text DEFAULT NULL,
  `file_id` int(11) NOT NULL DEFAULT 0,
  `parent_id` int(11) NOT NULL DEFAULT 0,
  `gif_id` int(11) NOT NULL DEFAULT 0,
  `gif_url` text DEFAULT NULL,
  `emoji_id` int(11) NOT NULL DEFAULT 0,
  `reply_count` int(11) NOT NULL DEFAULT 0,
  `preview` int(11) NOT NULL DEFAULT 0,
  `showpreview` tinyint(1) NOT NULL DEFAULT 0,
  `vote_up_count` int(11) NOT NULL DEFAULT 0,
  `vote_down_count` int(11) NOT NULL DEFAULT 0,
  PRIMARY KEY (`comment_id`),
  KEY `resource_type` (`resource_id`),
  KEY `poster_type` (`poster_type`,`poster_id`),
  KEY `creation_date` (`creation_date`),
  KEY `like_count` (`like_count`)
) ENGINE=InnoDB DEFAULT CHARSET=utf8mb4 COLLATE=utf8mb4_unicode_ci;

--
-- Dumping data for table `engine4_activity_comments`
--


--
-- Table structure for table `engine4_activity_emojiicons`
--

CREATE TABLE `engine4_activity_emojiicons` (
  `emojiicon_id` int(11) unsigned NOT NULL AUTO_INCREMENT,
  `emoji_icon` varchar(255) NOT NULL,
  `title` varchar(255) NOT NULL,
  `emoji_encodecode` varchar(255) NOT NULL,
  `emoji_id` int(11) unsigned NOT NULL,
  `order` int(11) NOT NULL,
  PRIMARY KEY (`emojiicon_id`)
) ENGINE=InnoDB AUTO_INCREMENT=694 DEFAULT CHARSET=utf8mb4 COLLATE=utf8mb4_unicode_ci;

--
-- Dumping data for table `engine4_activity_emojiicons`
--

INSERT INTO `engine4_activity_emojiicons` VALUES (1,'🎃','','ud83cudf83',1,1),(2,'🎄','','ud83cudf84',1,2),(3,'🎅','','ud83cudf85',1,3),(4,'🎉','','ud83cudf89',1,4),(5,'🎣','','ud83cudfa3',1,5),(6,'🎧','','ud83cudfa7',1,6),(7,'🎨','','ud83cudfa8',1,7),(8,'🎭','','ud83cudfad',1,8),(9,'🎮','','ud83cudfae',1,9),(10,'🎯','','ud83cudfaf',1,10),(11,'🎰','','ud83cudfb0',1,11),(12,'🎱','','ud83cudfb1',1,12),(13,'🎲','','ud83cudfb2',1,13),(14,'🎳','','ud83cudfb3',1,14),(15,'🎷','','ud83cudfb7',1,15),(16,'🎸','','ud83cudfb8',1,16),(17,'🎾','','ud83cudfbe',1,17),(18,'🏀','','ud83cudfc0',1,18),(19,'🏁','','ud83cudfc1',1,19),(20,'🏂','','ud83cudfc2',1,20),(21,'🏃','','ud83cudfc3',1,21),(22,'🏄','','ud83cudfc4',1,22),(23,'🏆','','ud83cudfc6',1,23),(24,'🏇','','ud83cudfc7',1,24),(25,'🏈','','ud83cudfc8',1,25),(26,'🏉','','ud83cudfc9',1,26),(27,'🏊','','ud83cudfca',1,27),(28,'🚴','','ud83dudeb4',1,28),(29,'🚵','','ud83dudeb5',1,29),(30,'⚽','','u26bd',1,30),(31,'⚾','','u26be',1,31),(32,'⛄','','u26c4',1,32),(33,'🌀','','ud83cudf00',2,33),(34,'🌁','','ud83cudf01',2,34),(35,'🌃','','ud83cudf03',2,35),(36,'🌄','','ud83cudf04',2,36),(37,'🌅','','ud83cudf05',2,37),(38,'🌆','','ud83cudf06',2,38),(39,'🌇','','ud83cudf07',2,39),(40,'🌈','','ud83cudf08',2,40),(41,'🌉','','ud83cudf09',2,41),(42,'🌐','','ud83cudf10',2,42),(43,'🌑','','ud83cudf11',2,43),(44,'🌒','','ud83cudf12',2,44),(45,'🌓','','ud83cudf13',2,45),(46,'🌔','','ud83cudf14',2,46),(47,'🌕','','ud83cudf15',2,47),(48,'🌖','','ud83cudf16',2,48),(49,'🌗','','ud83cudf17',2,49),(50,'🌘','','ud83cudf18',2,50),(51,'🌙','','ud83cudf19',2,51),(52,'🌞','','ud83cudf1e',2,52),(53,'🌱','','ud83cudf31',2,53),(54,'🌲','','ud83cudf32',2,54),(55,'🌳','','ud83cudf33',2,55),(56,'🌴','','ud83cudf34',2,56),(57,'🌵','','ud83cudf35',2,57),(58,'🌷','','ud83cudf37',2,58),(59,'🌸','','ud83cudf38',2,59),(60,'🌹','','ud83cudf39',2,60),(61,'🌺','','ud83cudf3a',2,61),(62,'🌻','','ud83cudf3b',2,62),(63,'🌼','','ud83cudf3c',2,63),(64,'🌾','','ud83cudf3e',2,64),(65,'🌿','','ud83cudf3f',2,65),(66,'🍀','','ud83cudf40',2,66),(67,'🍁','','ud83cudf41',2,67),(68,'🍂','','ud83cudf42',2,68),(69,'🍃','','ud83cudf43',2,69),(70,'🍄','','ud83cudf44',2,70),(71,'🐀','','ud83dudc00',2,71),(72,'🐁','','ud83dudc01',2,72),(73,'🐂','','ud83dudc02',2,73),(74,'🐃','','ud83dudc03',2,74),(75,'🐄','','ud83dudc04',2,75),(76,'🐅','','ud83dudc05',2,76),(77,'🐆','','ud83dudc06',2,77),(78,'🐇','','ud83dudc07',2,78),(79,'🐈','','ud83dudc08',2,79),(80,'🐉','','ud83dudc09',2,80),(81,'🐊','','ud83dudc0a',2,81),(82,'🐋','','ud83dudc0b',2,82),(83,'🐌','','ud83dudc0c',2,83),(84,'🐍','','ud83dudc0d',2,84),(85,'🐎','','ud83dudc0e',2,85),(86,'🐏','','ud83dudc0f',2,86),(87,'🐐','','ud83dudc10',2,87),(88,'🐑','','ud83dudc11',2,88),(89,'🐒','','ud83dudc12',2,89),(90,'🐓','','ud83dudc13',2,90),(91,'🐔','','ud83dudc14',2,91),(92,'🐕','','ud83dudc15',2,92),(93,'🐖','','ud83dudc16',2,93),(94,'🐗','','ud83dudc17',2,94),(95,'🐘','','ud83dudc18',2,95),(96,'🐙','','ud83dudc19',2,96),(97,'🐚','','ud83dudc1a',2,97),(98,'🐛','','ud83dudc1b',2,98),(99,'🐜','','ud83dudc1c',2,99),(100,'🐝','','ud83dudc1d',2,100),(101,'🐞','','ud83dudc1e',2,101),(102,'🐟','','ud83dudc1f',2,102),(103,'🐠','','ud83dudc20',2,103),(104,'🐡','','ud83dudc21',2,104),(105,'🐢','','ud83dudc22',2,105),(106,'🐣','','ud83dudc23',2,106),(107,'🐤','','ud83dudc24',2,107),(108,'🐥','','ud83dudc25',2,108),(109,'🐦','','ud83dudc26',2,109),(110,'🐧','','ud83dudc27',2,110),(111,'🐨','','ud83dudc28',2,111),(112,'🐩','','ud83dudc29',2,112),(113,'🐪','','ud83dudc2a',2,113),(114,'🐫','','ud83dudc2b',2,114),(115,'🐬','','ud83dudc2c',2,115),(116,'🐭','','ud83dudc2d',2,116),(117,'🐮','','ud83dudc2e',2,117),(118,'🐯','','ud83dudc2f',2,118),(119,'🐰','','ud83dudc30',2,119),(120,'🐱','','ud83dudc31',2,120),(121,'🐲','','ud83dudc32',2,121),(122,'🐳','','ud83dudc33',2,122),(123,'🐴','','ud83dudc34',2,123),(124,'🐵','','ud83dudc35',2,124),(125,'🐶','','ud83dudc36',2,125),(126,'🐷','','ud83dudc37',2,126),(127,'🐸','','ud83dudc38',2,127),(128,'🐹','','ud83dudc39',2,128),(129,'🐺','','ud83dudc3a',2,129),(130,'🐻','','ud83dudc3b',2,130),(131,'🐼','','ud83dudc3c',2,131),(132,'🐽','','ud83dudc3d',2,132),(133,'🙈','','ud83dude48',2,133),(134,'🙉','','ud83dude49',2,134),(135,'🙊','','ud83dude4a',2,135),(136,'☀','','u2600',2,136),(137,'✨','','u2728',2,137),(138,'❄','','u2744',2,138),(139,'🇨🇳','','',3,139),(140,'🇩🇪','','',3,140),(141,'🇪🇸','','',3,141),(142,'🇫🇷','','',3,142),(143,'🇬🇧','','',3,143),(144,'🇮🇹','','',3,144),(145,'🇯🇵','','',3,145),(146,'🇰🇷','','',3,146),(147,'🇷🇺','','',3,147),(148,'🇺🇸','','',3,148),(149,'🌰','','ud83cudf30',4,149),(150,'🌽','','ud83cudf3d',4,150),(151,'🍅','','ud83cudf45',4,151),(152,'🍆','','ud83cudf46',4,152),(153,'🍇','','ud83cudf47',4,153),(154,'🍈','','ud83cudf48',4,154),(155,'🍉','','ud83cudf49',4,155),(156,'🍊','','ud83cudf4a',4,156),(157,'🍋','','ud83cudf4b',4,157),(158,'🍌','','ud83cudf4c',4,158),(159,'🍍','','ud83cudf4d',4,159),(160,'🍎','','ud83cudf4e',4,160),(161,'🍏','','ud83cudf4f',4,161),(162,'🍐','','ud83cudf50',4,162),(163,'🍑','','ud83cudf51',4,163),(164,'🍒','','ud83cudf52',4,164),(165,'🍓','','ud83cudf53',4,165),(166,'🍔','','ud83cudf54',4,166),(167,'🍕','','ud83cudf55',4,167),(168,'🍖','','ud83cudf56',4,168),(169,'🍗','','ud83cudf57',4,169),(170,'🍘','','ud83cudf58',4,170),(171,'🍙','','ud83cudf59',4,171),(172,'🍚','','ud83cudf5a',4,172),(173,'🍛','','ud83cudf5b',4,173),(174,'🍜','','ud83cudf5c',4,174),(175,'🍝','','ud83cudf5d',4,175),(176,'🍞','','ud83cudf5e',4,176),(177,'🍟','','ud83cudf5f',4,177),(178,'🍠','','ud83cudf60',4,178),(179,'🍡','','ud83cudf61',4,179),(180,'🍢','','ud83cudf62',4,180),(181,'🍣','','ud83cudf63',4,181),(182,'🍤','','ud83cudf64',4,182),(183,'🍥','','ud83cudf65',4,183),(184,'🍦','','ud83cudf66',4,184),(185,'🍧','','ud83cudf67',4,185),(186,'🍨','','ud83cudf68',4,186),(187,'🍩','','ud83cudf69',4,187),(188,'🍪','','ud83cudf6a',4,188),(189,'🍫','','ud83cudf6b',4,189),(190,'🍬','','ud83cudf6c',4,190),(191,'🍭','','ud83cudf6d',4,191),(192,'🍮','','ud83cudf6e',4,192),(193,'🍯','','ud83cudf6f',4,193),(194,'🍰','','ud83cudf70',4,194),(195,'🍱','','ud83cudf71',4,195),(196,'🍲','','ud83cudf72',4,196),(197,'🍳','','ud83cudf73',4,197),(198,'🍴','','ud83cudf74',4,198),(199,'🍵','','ud83cudf75',4,199),(200,'🍶','','ud83cudf76',4,200),(201,'🍷','','ud83cudf77',4,201),(202,'🍸','','ud83cudf78',4,202),(203,'🍹','','ud83cudf79',4,203),(204,'🍺','','ud83cudf7a',4,204),(205,'🍻','','ud83cudf7b',4,205),(206,'🍼','','ud83cudf7c',4,206),(207,'🎂','','ud83cudf82',4,207),(208,'☕','','u2615',4,208),(209,'🎈','','ud83cudf88',5,209),(210,'🎤','','ud83cudfa4',5,210),(211,'🎥','','ud83cudfa5',5,211),(212,'🎬','','ud83cudfac',5,212),(213,'🎹','','ud83cudfb9',5,213),(214,'🎺','','ud83cudfba',5,214),(215,'🎻','','ud83cudfbb',5,215),(216,'💉','','ud83dudc89',5,216),(217,'💍','','ud83dudc8d',5,217),(218,'💎','','ud83dudc8e',5,218),(219,'💣','','ud83dudca3',5,219),(220,'💳','','ud83dudcb3',5,220),(221,'💴','','ud83dudcb4',5,221),(222,'💵','','ud83dudcb5',5,222),(223,'💶','','ud83dudcb6',5,223),(224,'💷','','ud83dudcb7',5,224),(225,'💸','','ud83dudcb8',5,225),(226,'💼','','ud83dudcbc',5,226),(227,'💽','','ud83dudcbd',5,227),(228,'💾','','ud83dudcbe',5,228),(229,'💿','','ud83dudcbf',5,229),(230,'📀','','ud83dudcc0',5,230),(231,'📋','','ud83dudccb',5,231),(232,'📌','','ud83dudccc',5,232),(233,'📍','','ud83dudccd',5,233),(234,'📎','','ud83dudcce',5,234),(235,'📏','','ud83dudccf',5,235),(236,'📐','','ud83dudcd0',5,236),(237,'📑','','ud83dudcd1',5,237),(238,'📒','','ud83dudcd2',5,238),(239,'📓','','ud83dudcd3',5,239),(240,'📔','','ud83dudcd4',5,240),(241,'📕','','ud83dudcd5',5,241),(242,'📖','','ud83dudcd6',5,242),(243,'📗','','ud83dudcd7',5,243),(244,'📘','','ud83dudcd8',5,244),(245,'📙','','ud83dudcd9',5,245),(246,'📚','','ud83dudcda',5,246),(247,'📛','','ud83dudcdb',5,247),(248,'📜','','ud83dudcdc',5,248),(249,'📝','','ud83dudcdd',5,249),(250,'📞','','ud83dudcde',5,250),(251,'📡','','ud83dudce1',5,251),(252,'📢','','ud83dudce2',5,252),(253,'📣','','ud83dudce3',5,253),(254,'📤','','ud83dudce4',5,254),(255,'📥','','ud83dudce5',5,255),(256,'📱','','ud83dudcf1',5,256),(257,'📲','','ud83dudcf2',5,257),(258,'📷','','ud83dudcf7',5,258),(259,'📹','','ud83dudcf9',5,259),(260,'📺','','ud83dudcfa',5,260),(261,'📻','','ud83dudcfb',5,261),(262,'🔊','','ud83dudd0a',5,262),(263,'🔌','','ud83dudd0c',5,263),(264,'🔍','','ud83dudd0d',5,264),(265,'🔎','','ud83dudd0e',5,265),(266,'🔏','','ud83dudd0f',5,266),(267,'🔐','','ud83dudd10',5,267),(268,'🔑','','ud83dudd11',5,268),(269,'🔒','','ud83dudd12',5,269),(270,'🔓','','ud83dudd13',5,270),(271,'🔔','','ud83dudd14',5,271),(272,'🔕','','ud83dudd15',5,272),(273,'🔗','','ud83dudd17',5,273),(274,'🔦','','ud83dudd26',5,274),(275,'🔧','','ud83dudd27',5,275),(276,'🔨','','ud83dudd28',5,276),(277,'🔩','','ud83dudd29',5,277),(278,'🔪','','ud83dudd2a',5,278),(279,'🔫','','ud83dudd2b',5,279),(280,'🔬','','ud83dudd2c',5,280),(281,'🔭','','ud83dudd2d',5,281),(282,'🔮','','ud83dudd2e',5,282),(283,'🔰','','ud83dudd30',5,283),(284,'🔱','','ud83dudd31',5,284),(285,'⌚','','u231a',5,285),(286,'⌛','','u231b',5,286),(287,'☎','','u260e',5,287),(288,'⚓','','u2693',5,288),(289,'✂','','u2702',5,289),(290,'✉','','u2709',5,290),(291,'✏','','u270f',5,291),(292,'✒','','u2712',5,292),(293,'〽','','u303d',5,293),(294,'🎎','','ud83cudf8e',6,294),(295,'👀','','ud83dudc40',6,295),(296,'👂','','ud83dudc42',6,296),(297,'👃','','ud83dudc43',6,297),(298,'👄','','ud83dudc44',6,298),(299,'👅','','ud83dudc45',6,299),(300,'👆','','ud83dudc46',6,300),(301,'👇','','ud83dudc47',6,301),(302,'👈','','ud83dudc48',6,302),(303,'👉','','ud83dudc49',6,303),(304,'👊','','ud83dudc4a',6,304),(305,'👋','','ud83dudc4b',6,305),(306,'👌','','ud83dudc4c',6,306),(307,'👍','','ud83dudc4d',6,307),(308,'👎','','ud83dudc4e',6,308),(309,'👏','','ud83dudc4f',6,309),(310,'👐','','ud83dudc50',6,310),(311,'👒','','ud83dudc52',6,311),(312,'👔','','ud83dudc54',6,312),(313,'👕','','ud83dudc55',6,313),(314,'👖','','ud83dudc56',6,314),(315,'👗','','ud83dudc57',6,315),(316,'👘','','ud83dudc58',6,316),(317,'👙','','ud83dudc59',6,317),(318,'👠','','ud83dudc60',6,318),(319,'👡','','ud83dudc61',6,319),(320,'👢','','ud83dudc62',6,320),(321,'👣','','ud83dudc63',6,321),(322,'👤','','ud83dudc64',6,322),(323,'👥','','ud83dudc65',6,323),(324,'👦','','ud83dudc66',6,324),(325,'👧','','ud83dudc67',6,325),(326,'👨','','ud83dudc68',6,326),(327,'👩','','ud83dudc69',6,327),(328,'👪','','ud83dudc6a',6,328),(329,'👫','','ud83dudc6b',6,329),(330,'👬','','ud83dudc6c',6,330),(331,'👭','','ud83dudc6d',6,331),(332,'👮','','ud83dudc6e',6,332),(333,'👯','','ud83dudc6f',6,333),(334,'👰','','ud83dudc70',6,334),(335,'👱','','ud83dudc71',6,335),(336,'👲','','ud83dudc72',6,336),(337,'👳','','ud83dudc73',6,337),(338,'👴','','ud83dudc74',6,338),(339,'👵','','ud83dudc75',6,339),(340,'👶','','ud83dudc76',6,340),(341,'👷','','ud83dudc77',6,341),(342,'👸','','ud83dudc78',6,342),(343,'👹','','ud83dudc79',6,343),(344,'👺','','ud83dudc7a',6,344),(345,'👻','','ud83dudc7b',6,345),(346,'👼','','ud83dudc7c',6,346),(347,'👽','','ud83dudc7d',6,347),(348,'👿','','ud83dudc7f',6,348),(349,'💀','','ud83dudc80',6,349),(350,'💁','','ud83dudc81',6,350),(351,'💂','','ud83dudc82',6,351),(352,'💃','','ud83dudc83',6,352),(353,'💄','','ud83dudc84',6,353),(354,'💅','','ud83dudc85',6,354),(355,'💆','','ud83dudc86',6,355),(356,'💇','','ud83dudc87',6,356),(357,'💋','','ud83dudc8b',6,357),(358,'💌','','ud83dudc8c',6,358),(359,'💏','','ud83dudc8f',6,359),(360,'💐','','ud83dudc90',6,360),(361,'💑','','ud83dudc91',6,361),(362,'💒','','ud83dudc92',6,362),(363,'💓','','ud83dudc93',6,363),(364,'💔','','ud83dudc94',6,364),(365,'💕','','ud83dudc95',6,365),(366,'💖','','ud83dudc96',6,366),(367,'💗','','ud83dudc97',6,367),(368,'💘','','ud83dudc98',6,368),(369,'💙','','ud83dudc99',6,369),(370,'💚','','ud83dudc9a',6,370),(371,'💛','','ud83dudc9b',6,371),(372,'💜','','ud83dudc9c',6,372),(373,'💝','','ud83dudc9d',6,373),(374,'💞','','ud83dudc9e',6,374),(375,'💟','','ud83dudc9f',6,375),(376,'💩','','ud83dudca9',6,376),(377,'💪','','ud83dudcaa',6,377),(378,'😀','','ud83dude00',6,378),(379,'😁','','ud83dude01',6,379),(380,'😂','','ud83dude02',6,380),(381,'😃','','ud83dude03',6,381),(382,'😄','','ud83dude04',6,382),(383,'😅','','ud83dude05',6,383),(384,'😆','','ud83dude06',6,384),(385,'😇','','ud83dude07',6,385),(386,'😈','','ud83dude08',6,386),(387,'😉','','ud83dude09',6,387),(388,'😊','','ud83dude0a',6,388),(389,'😋','','ud83dude0b',6,389),(390,'😌','','ud83dude0c',6,390),(391,'😍','','ud83dude0d',6,391),(392,'😎','','ud83dude0e',6,392),(393,'😏','','ud83dude0f',6,393),(394,'😐','','ud83dude10',6,394),(395,'😑','','ud83dude11',6,395),(396,'😒','','ud83dude12',6,396),(397,'😓','','ud83dude13',6,397),(398,'😔','','ud83dude14',6,398),(399,'😕','','ud83dude15',6,399),(400,'😖','','ud83dude16',6,400),(401,'😗','','ud83dude17',6,401),(402,'😘','','ud83dude18',6,402),(403,'😙','','ud83dude19',6,403),(404,'😚','','ud83dude1a',6,404),(405,'😛','','ud83dude1b',6,405),(406,'😜','','ud83dude1c',6,406),(407,'😝','','ud83dude1d',6,407),(408,'😞','','ud83dude1e',6,408),(409,'😟','','ud83dude1f',6,409),(410,'😠','','ud83dude20',6,410),(411,'😡','','ud83dude21',6,411),(412,'😢','','ud83dude22',6,412),(413,'😣','','ud83dude23',6,413),(414,'😤','','ud83dude24',6,414),(415,'😥','','ud83dude25',6,415),(416,'😦','','ud83dude26',6,416),(417,'😧','','ud83dude27',6,417),(418,'😨','','ud83dude28',6,418),(419,'😩','','ud83dude29',6,419),(420,'😪','','ud83dude2a',6,420),(421,'😫','','ud83dude2b',6,421),(422,'😬','','ud83dude2c',6,422),(423,'😭','','ud83dude2d',6,423),(424,'😮','','ud83dude2e',6,424),(425,'😯','','ud83dude2f',6,425),(426,'😰','','ud83dude30',6,426),(427,'😱','','ud83dude31',6,427),(428,'😲','','ud83dude32',6,428),(429,'😳','','ud83dude33',6,429),(430,'😴','','ud83dude34',6,430),(431,'😵','','ud83dude35',6,431),(432,'😶','','ud83dude36',6,432),(433,'😷','','ud83dude37',6,433),(434,'😸','','ud83dude38',6,434),(435,'😹','','ud83dude39',6,435),(436,'😺','','ud83dude3a',6,436),(437,'😻','','ud83dude3b',6,437),(438,'😼','','ud83dude3c',6,438),(439,'😽','','ud83dude3d',6,439),(440,'😾','','ud83dude3e',6,440),(441,'😿','','ud83dude3f',6,441),(442,'🙀','','ud83dude40',6,442),(443,'🙅','','ud83dude45',6,443),(444,'🙆','','ud83dude46',6,444),(445,'🙇','','ud83dude47',6,445),(446,'🙋','','ud83dude4b',6,446),(447,'🙌','','ud83dude4c',6,447),(448,'🙍','','ud83dude4d',6,448),(449,'🙎','','ud83dude4e',6,449),(450,'🙏','','ud83dude4f',6,450),(451,'🚶','','ud83dudeb6',6,451),(452,'☺','','u263a',6,452),(453,'✊','','u270a',6,453),(454,'✋','','u270b',6,454),(455,'✌','','u270c',6,455),(456,'#','','#',7,456),(457,'0','','0',7,457),(458,'1','','1',7,458),(459,'2','','2',7,459),(460,'3','','3',7,460),(461,'4','','4',7,461),(462,'5','','5',7,462),(463,'6','','6',7,463),(464,'7','','7',7,464),(465,'8','','8',7,465),(466,'9','','9',7,466),(467,'©','','u00a9',7,467),(468,'®','','u00ae',7,468),(469,'🅰','','ud83cudd70',7,469),(470,'🅱','','ud83cudd71',7,470),(471,'🅾','','ud83cudd7e',7,471),(472,'🅿','','ud83cudd7f',7,472),(473,'🆎','','ud83cudd8e',7,473),(474,'🆑','','ud83cudd91',7,474),(475,'🆒','','ud83cudd92',7,475),(476,'🆓','','ud83cudd93',7,476),(477,'🆔','','ud83cudd94',7,477),(478,'🆕','','ud83cudd95',7,478),(479,'🆖','','ud83cudd96',7,479),(480,'🆗','','ud83cudd97',7,480),(481,'🆘','','ud83cudd98',7,481),(482,'🆙','','ud83cudd99',7,482),(483,'🆚','','ud83cudd9a',7,483),(484,'🈁','','ud83cude01',7,484),(485,'🈂','','ud83cude02',7,485),(486,'🈚','','ud83cude1a',7,486),(487,'🈯','','ud83cude2f',7,487),(488,'🈲','','ud83cude32',7,488),(489,'🈳','','ud83cude33',7,489),(490,'🈴','','ud83cude34',7,490),(491,'🈵','','ud83cude35',7,491),(492,'🈶','','ud83cude36',7,492),(493,'🈷','','ud83cude37',7,493),(494,'🈸','','ud83cude38',7,494),(495,'🈹','','ud83cude39',7,495),(496,'🈺','','ud83cude3a',7,496),(497,'🉐','','ud83cude50',7,497),(498,'🉑','','ud83cude51',7,498),(499,'🎦','','ud83cudfa6',7,499),(500,'💤','','ud83dudca4',7,500),(501,'📳','','ud83dudcf3',7,501),(502,'📴','','ud83dudcf4',7,502),(503,'📶','','ud83dudcf6',7,503),(504,'🔀','','ud83dudd00',7,504),(505,'🔁','','ud83dudd01',7,505),(506,'🔂','','ud83dudd02',7,506),(507,'🔄','','ud83dudd04',7,507),(508,'🔅','','ud83dudd05',7,508),(509,'🔆','','ud83dudd06',7,509),(510,'🔙','','ud83dudd19',7,510),(511,'🔚','','ud83dudd1a',7,511),(512,'🔛','','ud83dudd1b',7,512),(513,'🔜','','ud83dudd1c',7,513),(514,'🔝','','ud83dudd1d',7,514),(515,'🔞','','ud83dudd1e',7,515),(516,'🔟','','ud83dudd1f',7,516),(517,'🔠','','ud83dudd20',7,517),(518,'🔡','','ud83dudd21',7,518),(519,'🔢','','ud83dudd22',7,519),(520,'🔣','','ud83dudd23',7,520),(521,'🔤','','ud83dudd24',7,521),(522,'🔯','','ud83dudd2f',7,522),(523,'🔲','','ud83dudd32',7,523),(524,'🔳','','ud83dudd33',7,524),(525,'🔴','','ud83dudd34',7,525),(526,'🔵','','ud83dudd35',7,526),(527,'🔶','','ud83dudd36',7,527),(528,'🔷','','ud83dudd37',7,528),(529,'🔼','','ud83dudd3c',7,529),(530,'🔽','','ud83dudd3d',7,530),(531,'🕐','','ud83dudd50',7,531),(532,'🕑','','ud83dudd51',7,532),(533,'🕒','','ud83dudd52',7,533),(534,'🕓','','ud83dudd53',7,534),(535,'🕔','','ud83dudd54',7,535),(536,'🕕','','ud83dudd55',7,536),(537,'🕖','','ud83dudd56',7,537),(538,'🕗','','ud83dudd57',7,538),(539,'🕘','','ud83dudd58',7,539),(540,'🕙','','ud83dudd59',7,540),(541,'🕚','','ud83dudd5a',7,541),(542,'🕛','','ud83dudd5b',7,542),(543,'🕜','','ud83dudd5c',7,543),(544,'🕝','','ud83dudd5d',7,544),(545,'🕞','','ud83dudd5e',7,545),(546,'🕟','','ud83dudd5f',7,546),(547,'🕠','','ud83dudd60',7,547),(548,'🕡','','ud83dudd61',7,548),(549,'🕢','','ud83dudd62',7,549),(550,'🕣','','ud83dudd63',7,550),(551,'🕤','','ud83dudd64',7,551),(552,'🕥','','ud83dudd65',7,552),(553,'🕦','','ud83dudd66',7,553),(554,'🕧','','ud83dudd67',7,554),(555,'🚫','','ud83dudeab',7,555),(556,'🚭','','ud83dudead',7,556),(557,'🚮','','ud83dudeae',7,557),(558,'🚯','','ud83dudeaf',7,558),(559,'🚰','','ud83dudeb0',7,559),(560,'🚱','','ud83dudeb1',7,560),(561,'🚳','','ud83dudeb3',7,561),(562,'🚷','','ud83dudeb7',7,562),(563,'🚹','','ud83dudeb9',7,563),(564,'🚺','','ud83dudeba',7,564),(565,'🚻','','ud83dudebb',7,565),(566,'🚼','','ud83dudebc',7,566),(567,'🚾','','ud83dudebe',7,567),(568,'🛂','','ud83dudec2',7,568),(569,'🛃','','ud83dudec3',7,569),(570,'🛄','','ud83dudec4',7,570),(571,'🛅','','ud83dudec5',7,571),(572,'⁉','','u2049',7,572),(573,'™','','u2122',7,573),(574,'ℹ','','u2139',7,574),(575,'↔','','u2194',7,575),(576,'↕','','u2195',7,576),(577,'↖','','u2196',7,577),(578,'↗','','u2197',7,578),(579,'↘','','u2198',7,579),(580,'↙','','u2199',7,580),(581,'↩','','u21a9',7,581),(582,'↪','','u21aa',7,582),(583,'⏩','','u23e9',7,583),(584,'⏪','','u23ea',7,584),(585,'⏫','','u23eb',7,585),(586,'⏬','','u23ec',7,586),(587,'Ⓜ','','u24c2',7,587),(588,'▪','','u25aa',7,588),(589,'▫','','u25ab',7,589),(590,'▶','','u25b6',7,590),(591,'◀','','u25c0',7,591),(592,'◻','','u25fb',7,592),(593,'◼','','u25fc',7,593),(594,'◽','','u25fd',7,594),(595,'♈','','u2648',7,595),(596,'♉','','u2649',7,596),(597,'♊','','u264a',7,597),(598,'♋','','u264b',7,598),(599,'♌','','u264c',7,599),(600,'♍','','u264d',7,600),(601,'♎','','u264e',7,601),(602,'♏','','u264f',7,602),(603,'♐','','u2650',7,603),(604,'♑','','u2651',7,604),(605,'♒','','u2652',7,605),(606,'♓','','u2653',7,606),(607,'♨','','u2668',7,607),(608,'♿','','u267f',7,608),(609,'⚪','','u26aa',7,609),(610,'⚫','','u26ab',7,610),(611,'✅','','u2705',7,611),(612,'✔','','u2714',7,612),(613,'✖','','u2716',7,613),(614,'✳','','u2733',7,614),(615,'✴','','u2734',7,615),(616,'❇','','u2747',7,616),(617,'❌','','u274c',7,617),(618,'❎','','u274e',7,618),(619,'❓','','u2753',7,619),(620,'❔','','u2754',7,620),(621,'❕','','u2755',7,621),(622,'❗','','u2757',7,622),(623,'➕','','u2795',7,623),(624,'➖','','u2796',7,624),(625,'➗','','u2797',7,625),(626,'➡','','u27a1',7,626),(627,'⤴','','u2934',7,627),(628,'⤵','','u2935',7,628),(629,'⬅','','u2b05',7,629),(630,'⬆','','u2b06',7,630),(631,'⬇','','u2b07',7,631),(632,'⭕','','u2b55',7,632),(633,'〰','','u3030',7,633),(634,'㊗','','u3297',7,634),(635,'㊙','','u3299',7,635),(636,'🌊','','ud83cudf0a',8,636),(637,'🌋','','ud83cudf0b',8,637),(638,'🌌','','ud83cudf0c',8,638),(639,'🎠','','ud83cudfa0',8,639),(640,'🎡','','ud83cudfa1',8,640),(641,'🎢','','ud83cudfa2',8,641),(642,'🎪','','ud83cudfaa',8,642),(643,'🏠','','ud83cudfe0',8,643),(644,'🏡','','ud83cudfe1',8,644),(645,'🏢','','ud83cudfe2',8,645),(646,'🏣','','ud83cudfe3',8,646),(647,'🏤','','ud83cudfe4',8,647),(648,'🏥','','ud83cudfe5',8,648),(649,'🏦','','ud83cudfe6',8,649),(650,'🏧','','ud83cudfe7',8,650),(651,'🏨','','ud83cudfe8',8,651),(652,'🏩','','ud83cudfe9',8,652),(653,'🏪','','ud83cudfea',8,653),(654,'🏫','','ud83cudfeb',8,654),(655,'🏬','','ud83cudfec',8,655),(656,'🏭','','ud83cudfed',8,656),(657,'🏯','','ud83cudfef',8,657),(658,'🏰','','ud83cudff0',8,658),(659,'🗻','','ud83duddfb',8,659),(660,'🗼','','ud83duddfc',8,660),(661,'🗽','','ud83duddfd',8,661),(662,'🗾','','ud83duddfe',8,662),(663,'🗿','','ud83duddff',8,663),(664,'🚀','','ud83dude80',8,664),(665,'🚁','','ud83dude81',8,665),(666,'🚂','','ud83dude82',8,666),(667,'🚃','','ud83dude83',8,667),(668,'🚄','','ud83dude84',8,668),(669,'🚅','','ud83dude85',8,669),(670,'🚆','','ud83dude86',8,670),(671,'🚇','','ud83dude87',8,671),(672,'🚈','','ud83dude88',8,672),(673,'🚉','','ud83dude89',8,673),(674,'🚐','','ud83dude90',8,674),(675,'🚑','','ud83dude91',8,675),(676,'🚒','','ud83dude92',8,676),(677,'🚓','','ud83dude93',8,677),(678,'🚔','','ud83dude94',8,678),(679,'🚕','','ud83dude95',8,679),(680,'🚖','','ud83dude96',8,680),(681,'🚗','','ud83dude97',8,681),(682,'🚘','','ud83dude98',8,682),(683,'🚙','','ud83dude99',8,683),(684,'🚠','','ud83dudea0',8,684),(685,'🚡','','ud83dudea1',8,685),(686,'🚢','','ud83dudea2',8,686),(687,'🚣','','ud83dudea3',8,687),(688,'🚤','','ud83dudea4',8,688),(689,'🚦','','ud83dudea6',8,689),(690,'🚲','','ud83dudeb2',8,690),(691,'🛤','','ud83dudee4',8,691),(692,'⛪','','u26ea',8,692),(693,'✈','','u2708',8,693);

--
-- Table structure for table `engine4_activity_emojis`
--

CREATE TABLE `engine4_activity_emojis` (
  `emoji_id` int(11) unsigned NOT NULL AUTO_INCREMENT,
  `title` varchar(255) NOT NULL,
  `file_id` int(11) unsigned NOT NULL,
  `order` int(11) NOT NULL,
  PRIMARY KEY (`emoji_id`)
) ENGINE=InnoDB AUTO_INCREMENT=9 DEFAULT CHARSET=utf8mb4 COLLATE=utf8mb4_unicode_ci;

--
-- Dumping data for table `engine4_activity_emojis`
--

INSERT INTO `engine4_activity_emojis` VALUES (1,'Activity',415,0),(2,'Animals & Nature',416,0),(3,'Flags',3,0),(4,'Food & Drink',417,0),(5,'Objects',418,0),(6,'Smilies & People',419,0),(7,'Symbols',420,0),(8,'Travel & Places',421,0);

--
-- Table structure for table `engine4_activity_feelingicons`
--

CREATE TABLE `engine4_activity_feelingicons` (
  `feelingicon_id` int(11) unsigned NOT NULL AUTO_INCREMENT,
  `feeling_id` int(11) unsigned NOT NULL,
  `type` varchar(255) NOT NULL,
  `title` varchar(255) NOT NULL,
  `feeling_icon` int(11) unsigned NOT NULL,
  `resource_type` varchar(255) NOT NULL,
  `order` int(11) NOT NULL,
  PRIMARY KEY (`feelingicon_id`)
) ENGINE=InnoDB AUTO_INCREMENT=248 DEFAULT CHARSET=utf8mb4 COLLATE=utf8mb4_unicode_ci;

--
-- Dumping data for table `engine4_activity_feelingicons`
--

INSERT INTO `engine4_activity_feelingicons` VALUES (1,1,'1','alone',162,'',0),(2,1,'1','angry',163,'',0),(3,1,'1','awesome',164,'',0),(4,1,'1','blessed',165,'',0),(5,1,'1','confused',166,'',0),(6,1,'1','cool',167,'',0),(7,1,'1','crazy',168,'',0),(8,1,'1','cute',169,'',0),(9,1,'1','disappointed',170,'',0),(10,1,'1','emotional',171,'',0),(11,1,'1','excited',172,'',0),(12,1,'1','funny',173,'',0),(13,1,'1','good',174,'',0),(14,1,'1','happy',175,'',0),(15,1,'1','heart broken',176,'',0),(16,1,'1','hurt',177,'',0),(17,1,'1','in love',178,'',0),(18,1,'1','joyful',179,'',0),(19,1,'1','loved',180,'',0),(20,1,'1','lovely',181,'',0),(21,1,'1','missing',182,'',0),(22,1,'1','naughty',183,'',0),(23,1,'1','positive',184,'',0),(24,1,'1','proud',185,'',0),(25,1,'1','sad',186,'',0),(26,1,'1','scared',187,'',0),(27,1,'1','shocked',188,'',0),(28,1,'1','silly',189,'',0),(29,1,'1','sleepy',190,'',0),(30,1,'1','special',191,'',0),(31,1,'1','thankful',192,'',0),(32,1,'1','thoughtful',193,'',0),(33,1,'1','upset',194,'',0),(34,2,'1','4th of July',195,'',0),(35,2,'1','International yoga day',196,'',0),(36,2,'1','a birthday',197,'',0),(37,2,'1','an anniversary',198,'',0),(38,2,'1','another birthday',199,'',0),(39,2,'1','birthdays',200,'',0),(40,2,'1','eid',201,'',0),(41,2,'1','engagement',202,'',0),(42,2,'1','friendship',203,'',0),(43,2,'1','graduation',204,'',0),(44,2,'1','life',205,'',0),(45,2,'1','love',206,'',0),(46,2,'1','mother\'s day',207,'',0),(47,2,'1','my birthday',208,'',0),(48,2,'1','my brother\'s birthday',209,'',0),(49,2,'1','my daughter\'s birthday',210,'',0),(50,2,'1','my mom\'s birthday',211,'',0),(51,2,'1','my sister\'s birthday',212,'',0),(52,2,'1','my son\'s birthday',213,'',0),(53,2,'1','our  anniversary',214,'',0),(54,2,'1','our special day',215,'',0),(55,2,'1','our wedding anniversary',216,'',0),(56,2,'1','success',217,'',0),(57,2,'1','the beginning of spring',218,'',0),(58,2,'1','this day',219,'',0),(59,2,'1','this special day',220,'',0),(60,2,'1','victory',221,'',0),(61,2,'1','your big day',222,'',0),(62,2,'1','your special day',223,'',0),(63,3,'1','chilling',224,'',0),(64,3,'1','enjoying',225,'',0),(65,3,'1','enjoying life',226,'',0),(66,3,'1','enjoying the day',227,'',0),(67,3,'1','hanging out',228,'',0),(68,3,'1','hoping for the best',229,'',0),(69,3,'1','looking forward to the day',230,'',0),(70,3,'1','losing my mind',231,'',0),(71,3,'1','missing someone',232,'',0),(72,3,'1','showing love',233,'',0),(73,3,'1','sleeping',234,'',0),(74,3,'1','smiling',235,'',0),(75,3,'1','thinking',236,'',0),(76,3,'1','thinking god',237,'',0),(77,3,'1','voting in the election',238,'',0),(78,3,'1','welcome spring',239,'',0),(79,3,'1','working',240,'',0),(80,4,'1','100 Pipers Deluxe Blended Scotch Whisky',241,'',0),(81,4,'1','BEAR BRAND Powdered Milk Drink',242,'',0),(82,4,'1','Kingfisher',243,'',0),(83,4,'1','adult beverages',244,'',0),(84,4,'1','beer',245,'',0),(85,4,'1','coffee',246,'',0),(86,4,'1','coke',247,'',0),(87,4,'1','rose wine',248,'',0),(88,4,'1','something that makes me smile',249,'',0),(89,4,'1','tea',250,'',0),(90,4,'1','with friends',251,'',0),(91,5,'1','BAR B Q tonight',252,'',0),(92,5,'1','Burger & Lobster',253,'',0),(93,5,'1','KFC Kentucky Fried Chicken',254,'',0),(94,5,'1','Zinger Burger',255,'',0),(95,5,'1','birthday cake',256,'',0),(96,5,'1','breakfast',257,'',0),(97,5,'1','breakfast this morning',258,'',0),(98,5,'1','chicken',259,'',0),(99,5,'1','dessert',260,'',0),(100,5,'1','dinner',261,'',0),(101,5,'1','dinner with my beloved friends',262,'',0),(102,5,'1','eating dinner',263,'',0),(103,5,'1','evening snacks',264,'',0),(104,5,'1','ice cream',265,'',0),(105,5,'1','lunch',266,'',0),(106,5,'1','lunch with family',267,'',0),(107,5,'1','lunch with friends',268,'',0),(108,5,'1','rainforest cafe',269,'',0),(109,6,'1','a birthday party',270,'',0),(110,6,'1','a class',271,'',0),(111,6,'1','a family day',272,'',0),(112,6,'1','a graduation ceremony',273,'',0),(113,6,'1','a lecture',274,'',0),(114,6,'1','a live concert',275,'',0),(115,6,'1','a marriage ceremony',276,'',0),(116,6,'1','a meeting',277,'',0),(117,6,'1','a party',278,'',0),(118,6,'1','a prayer',279,'',0),(119,6,'1','a program',280,'',0),(120,6,'1','a training',281,'',0),(121,6,'1','a wedding',282,'',0),(122,6,'1','an event',283,'',0),(123,6,'1','an exam',284,'',0),(124,6,'1','business meeting',285,'',0),(125,6,'1','church',286,'',0),(126,6,'1','family reunion',287,'',0),(127,6,'1','my very-special event',288,'',0),(128,6,'1','sunday mass',289,'',0),(129,6,'1','work',290,'',0),(130,7,'1','a much needed rest',291,'',0),(131,7,'1','connected',292,'',0),(132,7,'1','connections',293,'',0),(133,7,'1','focused',294,'',0),(134,7,'1','groceries',295,'',0),(135,7,'1','healthy',296,'',0),(136,7,'1','married',297,'',0),(137,7,'1','motivated',298,'',0),(138,7,'1','new phone',299,'',0),(139,7,'1','ready for bed',300,'',0),(140,7,'1','ready for work',301,'',0),(141,7,'1','ready to party',302,'',0),(142,7,'1','relaxed',303,'',0),(143,7,'1','some fresh air',304,'',0),(144,7,'1','strong',305,'',0),(145,7,'1','things done',306,'',0),(146,7,'1','together',307,'',0),(147,8,'1','a best friend',308,'',0),(148,8,'1','a cake',309,'',0),(149,8,'1','a girlfriend',310,'',0),(150,8,'1','a great workout',311,'',0),(151,8,'1','a job',312,'',0),(152,8,'1','a life',313,'',0),(153,8,'1','a miracle',314,'',0),(154,8,'1','a partner',315,'',0),(155,8,'1','a partner in crime',316,'',0),(156,8,'1','a photographer',317,'',0),(157,8,'1','a super hero',318,'',0),(158,8,'1','a trip',319,'',0),(159,8,'1','an adventure',320,'',0),(160,8,'1','answers',321,'',0),(161,8,'1','birthday gift recommendations',322,'',0),(162,8,'1','employees',323,'',0),(163,8,'1','friends',324,'',0),(164,8,'1','fun',325,'',0),(165,8,'1','fun people',326,'',0),(166,8,'1','great music',327,'',0),(167,8,'1','help',328,'',0),(168,8,'1','hope',329,'',0),(169,8,'1','love in all the wrong places',330,'',0),(170,8,'1','money',331,'',0),(171,8,'1','more friends',332,'',0),(172,8,'1','peace',333,'',0),(173,8,'1','photos',334,'',0),(174,8,'1','somthing to do',335,'',0),(175,9,'1','art',336,'',0),(176,9,'1','cake',337,'',0),(177,9,'1','decision',338,'',0),(178,9,'1','funny faces',339,'',0),(179,9,'1','magic',340,'',0),(180,9,'1','memories',341,'',0),(181,9,'1','music',342,'',0),(182,9,'1','new friends',343,'',0),(183,9,'1','notes',344,'',0),(184,9,'1','other people happy',345,'',0),(185,9,'1','plans',346,'',0),(186,9,'1','presentation',347,'',0),(187,9,'1','someone smile',348,'',0),(188,9,'1','the world a better place',349,'',0),(189,9,'1','things happen',350,'',0),(190,9,'1','wishes',351,'',0),(191,10,'1','awesome people',352,'',0),(192,10,'1','family',353,'',0),(193,10,'1','kids',354,'',0),(194,10,'1','my best friend',355,'',0),(195,10,'1','my brother',356,'',0),(196,10,'1','my friend',357,'',0),(197,10,'1','my girlfriend',358,'',0),(198,10,'1','my little brother',359,'',0),(199,10,'1','my love',360,'',0),(200,10,'1','my old friend',361,'',0),(201,10,'1','my right person',362,'',0),(202,10,'1','my sweet',363,'',0),(203,10,'1','new people',364,'',0),(204,10,'1','the band',365,'',0),(205,10,'1','the family',366,'',0),(206,10,'1','the florist',367,'',0),(207,10,'1','the prince',368,'',0),(208,10,'1','the real estate agent',369,'',0),(209,10,'1','with the company',370,'',0),(210,11,'1','a great man',371,'',0),(211,11,'1','all the good times we had together',372,'',0),(212,11,'1','all the happy times we had together',373,'',0),(213,11,'1','fun times',374,'',0),(214,11,'1','happy times',375,'',0),(215,11,'1','how things used to be',376,'',0),(216,11,'1','my childhood days',377,'',0),(217,11,'1','my dreams',378,'',0),(218,11,'1','my family',379,'',0),(219,11,'1','my father',380,'',0),(220,11,'1','my last birthday',381,'',0),(221,11,'1','someone very special',382,'',0),(222,11,'1','that moment',383,'',0),(223,11,'1','the good old days',384,'',0),(224,11,'1','the past',385,'',0),(225,11,'1','those moments',386,'',0),(226,11,'1','those who\'ve served',387,'',0),(227,11,'1','those who are no longer with us',388,'',0),(228,11,'1','you all',389,'',0),(229,12,'1','a lot of things',390,'',0),(230,12,'1','a road trip',391,'',0),(231,12,'1','all my friends',392,'',0),(232,12,'1','all the good times',393,'',0),(233,12,'1','better days',394,'',0),(234,12,'1','doing something crazy',395,'',0),(235,12,'1','doing something different',396,'',0),(236,12,'1','friends and family',397,'',0),(237,12,'1','getting my hair cut',398,'',0),(238,12,'1','going back to college',399,'',0),(239,12,'1','how blessed i am',400,'',0),(240,12,'1','making a change',401,'',0),(241,12,'1','making a trip',402,'',0),(242,12,'1','my future',403,'',0),(243,12,'1','my mom',404,'',0),(244,12,'1','old memories',405,'',0),(245,12,'1','someone special',406,'',0),(246,12,'1','the meaning of life',407,'',0),(247,12,'1','the old days',408,'',0);

--
-- Table structure for table `engine4_activity_feelingposts`
--

CREATE TABLE `engine4_activity_feelingposts` (
  `feelingpost_id` int(11) unsigned NOT NULL AUTO_INCREMENT,
  `feeling_id` int(11) unsigned NOT NULL,
  `feelingicon_id` int(11) unsigned NOT NULL,
  `resource_type` varchar(255) DEFAULT NULL,
  `action_id` int(11) unsigned NOT NULL,
  `feeling_custom` tinyint(1) NOT NULL DEFAULT 0,
  `feeling_customtext` varchar(255) DEFAULT NULL,
  PRIMARY KEY (`feelingpost_id`)
) ENGINE=InnoDB DEFAULT CHARSET=utf8mb4 COLLATE=utf8mb4_unicode_ci;

--
-- Dumping data for table `engine4_activity_feelingposts`
--


--
-- Table structure for table `engine4_activity_feelings`
--

CREATE TABLE `engine4_activity_feelings` (
  `feeling_id` int(11) unsigned NOT NULL AUTO_INCREMENT,
  `title` varchar(255) NOT NULL,
  `type` varchar(255) NOT NULL,
  `file_id` int(11) unsigned NOT NULL,
  `order` int(11) NOT NULL,
  `enabled` tinyint(1) NOT NULL DEFAULT 1,
  PRIMARY KEY (`feeling_id`)
) ENGINE=InnoDB AUTO_INCREMENT=20 DEFAULT CHARSET=utf8mb4 COLLATE=utf8mb4_unicode_ci;

--
-- Dumping data for table `engine4_activity_feelings`
--

INSERT INTO `engine4_activity_feelings` VALUES (1,'Feeling','1',145,1,1),(2,'Celebrating','1',146,2,1),(3,'Just','1',147,3,1),(4,'Drinking','1',148,4,1),(5,'Eating','1',149,5,1),(6,'Attending','1',155,11,1),(7,'Getting','1',156,12,1),(8,'Looking For','1',157,13,1),(9,'Making','1',158,14,1),(10,'Meeting','1',159,15,1),(11,'Remembering','1',160,16,1),(12,'Thinking About','1',161,17,1),(13,'Watching','2',150,6,1),(14,'Reading','2',154,10,1),(15,'Listening to','2',153,9,1),(18,'Browsing','2',151,7,1),(19,'Attending Event','2',152,8,1);

--
-- Table structure for table `engine4_activity_files`
--

CREATE TABLE `engine4_activity_files` (
  `file_id` int(11) unsigned NOT NULL AUTO_INCREMENT,
  `user_id` int(11) unsigned NOT NULL,
  `item_id` int(11) unsigned NOT NULL,
  PRIMARY KEY (`file_id`)
) ENGINE=InnoDB DEFAULT CHARSET=utf8mb4 COLLATE=utf8mb4_unicode_ci;

--
-- Dumping data for table `engine4_activity_files`
--


--
-- Table structure for table `engine4_activity_filterlists`
--

CREATE TABLE `engine4_activity_filterlists` (
  `filterlist_id` int(11) unsigned NOT NULL AUTO_INCREMENT,
  `filtertype` varchar(255) NOT NULL,
  `module` varchar(255) NOT NULL,
  `title` varchar(255) NOT NULL,
  `active` tinyint(1) NOT NULL DEFAULT 1,
  `is_delete` tinyint(1) NOT NULL DEFAULT 1,
  `order` int(11) DEFAULT NULL,
  `file_id` int(11) NOT NULL DEFAULT 0,
  `icon` varchar(128) DEFAULT NULL,
  PRIMARY KEY (`filterlist_id`),
  UNIQUE KEY `filtertype` (`filtertype`),
  KEY `module` (`module`),
  KEY `active` (`active`),
  KEY `is_delete` (`is_delete`),
  KEY `order` (`order`),
  KEY `file_id` (`file_id`)
) ENGINE=InnoDB AUTO_INCREMENT=18 DEFAULT CHARSET=utf8mb4 COLLATE=utf8mb4_unicode_ci;

--
-- Dumping data for table `engine4_activity_filterlists`
--

INSERT INTO `engine4_activity_filterlists` VALUES (1,'all','Core','All Updates',1,0,1,0,'fas fa-sync'),(2,'my_networks','Networks','My Network',1,0,3,0,'fas fa-network-wired'),(3,'my_friends','Members','Friends',1,0,2,0,'fas fa-users'),(4,'posts','Core','Posts',1,0,12,0,'fas fa-comment'),(5,'saved_feeds','Core','Saved Feeds',1,0,13,0,'fas fa-save'),(6,'post_self_buysell','Core','Sell Something',1,0,9,0,'fas fa-shopping-cart'),(7,'post_self_file','Core','Files',1,0,10,0,'fa-regular fa-file'),(8,'scheduled_post','Core','Scheduled Post',1,0,11,0,'fas fa-clock'),(9,'event','Events','Events',1,1,7,0,NULL),(10,'album','Albums','Photos',1,1,4,0,'fa fa-image'),(11,'blog','Blogs','Blogs',1,1,8,0,'fa fa-comments'),(12,'music','Music','Music',1,1,6,0,'fa fa-music'),(13,'video','Videos','Videos',1,1,5,0,'fa fa-video'),(14,'poll','Polls','Polls',1,1,5,0,NULL),(15,'group','Groups','Groups',1,1,5,0,NULL),(16,'classified','Classifieds','Classifieds',1,1,5,0,NULL),(17,'share','core','Share Feeds',1,0,10,0,'fas fa-share-alt');

--
-- Table structure for table `engine4_activity_hashtags`
--

CREATE TABLE `engine4_activity_hashtags` (
  `hashtag_id` int(11) unsigned NOT NULL AUTO_INCREMENT,
  `action_id` int(11) unsigned NOT NULL,
  `title` varchar(255) NOT NULL,
  PRIMARY KEY (`hashtag_id`)
) ENGINE=InnoDB DEFAULT CHARSET=utf8mb4 COLLATE=utf8mb4_unicode_ci;

--
-- Dumping data for table `engine4_activity_hashtags`
--


--
-- Table structure for table `engine4_activity_hides`
--

CREATE TABLE `engine4_activity_hides` (
  `hide_id` int(11) unsigned NOT NULL AUTO_INCREMENT,
  `resource_id` int(11) unsigned NOT NULL,
  `resource_type` varchar(20) NOT NULL,
  `user_id` int(11) unsigned NOT NULL,
  `subject_id` int(11) DEFAULT NULL,
  PRIMARY KEY (`hide_id`)
) ENGINE=InnoDB DEFAULT CHARSET=utf8mb4 COLLATE=utf8mb4_unicode_ci;

--
-- Dumping data for table `engine4_activity_hides`
--


--
-- Table structure for table `engine4_activity_likes`
--

CREATE TABLE `engine4_activity_likes` (
  `like_id` int(11) unsigned NOT NULL AUTO_INCREMENT,
  `resource_id` int(11) unsigned NOT NULL,
  `poster_type` varchar(64) NOT NULL,
  `poster_id` int(11) unsigned NOT NULL,
  `type` tinyint(1) NOT NULL DEFAULT 1,
  PRIMARY KEY (`like_id`),
  KEY `resource_id` (`resource_id`),
  KEY `poster_type` (`poster_type`,`poster_id`)
) ENGINE=InnoDB DEFAULT CHARSET=utf8mb4 COLLATE=utf8mb4_unicode_ci;

--
-- Dumping data for table `engine4_activity_likes`
--


--
-- Table structure for table `engine4_activity_notifications`
--

CREATE TABLE `engine4_activity_notifications` (
  `notification_id` int(11) unsigned NOT NULL AUTO_INCREMENT,
  `user_id` int(11) unsigned NOT NULL,
  `subject_type` varchar(128) NOT NULL,
  `subject_id` int(11) unsigned NOT NULL,
  `object_type` varchar(128) NOT NULL,
  `object_id` int(11) unsigned NOT NULL,
  `type` varchar(128) NOT NULL,
  `params` text DEFAULT NULL,
  `read` tinyint(1) NOT NULL DEFAULT 0,
  `mitigated` tinyint(1) NOT NULL DEFAULT 0,
  `date` datetime NOT NULL,
  `is_admin` tinyint(1) NOT NULL DEFAULT 0,
  PRIMARY KEY (`notification_id`),
  KEY `LOOKUP` (`user_id`,`date`),
  KEY `subject` (`subject_type`,`subject_id`),
  KEY `object` (`object_type`,`object_id`),
  KEY `type` (`type`),
  KEY `read` (`read`),
  KEY `mitigated` (`mitigated`),
  KEY `is_admin` (`is_admin`),
  KEY `user_id` (`user_id`,`read`,`object_type`)
) ENGINE=InnoDB AUTO_INCREMENT=2 DEFAULT CHARSET=utf8mb4 COLLATE=utf8mb4_unicode_ci;

--
-- Dumping data for table `engine4_activity_notifications`
--

INSERT INTO `engine4_activity_notifications` VALUES (1,1,'user',1,'career',10,'content_disapprovedbyadmin','{\"content_text\":\"item\",\"object_title\":\"Assistant Project Manager\",\"owner_title\":\"root\",\"object_link\":\"\\/career\\/assistant-project-manager\",\"host\":\"www.aheadsofttech.com\"}',0,0,'2025-04-21 12:27:50',0);

--
-- Table structure for table `engine4_activity_notificationsettings`
--

CREATE TABLE `engine4_activity_notificationsettings` (
  `user_id` int(11) unsigned NOT NULL,
  `type` varchar(32) NOT NULL,
  `email` tinyint(4) NOT NULL DEFAULT 1,
  PRIMARY KEY (`user_id`,`type`)
) ENGINE=InnoDB DEFAULT CHARSET=utf8mb4 COLLATE=utf8mb4_unicode_ci;

--
-- Dumping data for table `engine4_activity_notificationsettings`
--


--
-- Table structure for table `engine4_activity_notificationtypes`
--

CREATE TABLE `engine4_activity_notificationtypes` (
  `type` varchar(128) NOT NULL,
  `module` varchar(32) NOT NULL,
  `body` text NOT NULL,
  `is_request` tinyint(1) NOT NULL DEFAULT 0,
  `handler` varchar(32) NOT NULL DEFAULT '',
  `default` tinyint(4) NOT NULL DEFAULT 1,
  `is_admin` tinyint(1) NOT NULL DEFAULT 0,
  PRIMARY KEY (`type`),
  KEY `module` (`module`),
  KEY `default` (`default`),
  KEY `is_admin` (`is_admin`)
) ENGINE=InnoDB DEFAULT CHARSET=utf8mb4 COLLATE=utf8mb4_unicode_ci;

--
-- Dumping data for table `engine4_activity_notificationtypes`
--

INSERT INTO `engine4_activity_notificationtypes` VALUES ('abuse_report','user','A {var:$userprofilelink} has reported on the {var:$adminsidelink}.',0,'',1,0),('activity_reacted','activity','{item:$subject} reacted {var:$reactionTitle} to your {item:$object:$label}.',0,'',1,0),('activity_scheduled_live','activity','Your scheduled {var:$postLink} has been made live.',0,'',1,0),('activity_tagged_people','activity','{item:$subject} tagged you in a {var:$postLink}.',0,'',1,0),('blog_rating','blog','{item:$subject} has rated your blog {item:$object}.',0,'',1,0),('blog_subscribed_new','blog','{item:$subject} has posted a new blog entry: {item:$object}.',0,'',1,0),('career_rating','career','{item:$subject} has rated your career {item:$object}.',0,'',1,0),('career_subscribed_new','career','{item:$subject} has posted a new career entry: {item:$object}.',0,'',1,0),('comment_replycomment','comment','{item:$subject} replied to your comment on a {item:$object:$label}.',0,'',1,0),('comment_tagged_item','comment','{item:$subject} tagged your {var:$itemurl} in a {var:$postLink}.',0,'',1,0),('comment_tagged_people','comment','{item:$object} mention you in a {var:$commentLink}.',0,'',1,0),('comment_taggedreply_people','comment','{item:$object} mention you in a {var:$commentLink} on comment.',0,'',1,0),('commented','activity','{item:$subject} has commented on your {item:$object:$label}.',0,'',1,0),('commented_commented','activity','{item:$subject} has commented on a {item:$object:$label} you commented on.',0,'',1,0),('content_approvedbyadmin','user','Your {var:$content_text} {item:$object} has been approved.',0,'',1,0),('content_disapprovedbyadmin','user','Your {var:$content_text} {item:$object} has been disapproved.',0,'',1,0),('content_newticketcreate','user','A new support ticket {var:$ticket_link} has been created by our site admin.',0,'',1,0),('content_rejectedbyadmin','user','Your {var:$content_text} {item:$object} has been rejected.',0,'',1,0),('content_resubmitwaitapprforadmin','user','{item:$subject} has resubmitted the {var:$content_text} {item:$object} and is waiting for admin approval.',0,'',1,1),('content_ticketcreate','user','{item:$subject} has opened a new support ticket {var:$admin_ticket_link}.',0,'',1,1),('content_ticketreply','user','You have received a reply on your support ticket {var:$ticket_link}.',0,'',1,0),('content_waitingapprovalforadmin','user','{item:$subject} has created a new {var:$content_text} {item:$object} and this is waiting for admin approval.',0,'',1,1),('content_waitingapprovalforowner','user','Your {var:$content_text} {item:$object} has been created and is waiting for admin approval.',0,'',1,0),('favourite','core','{item:$subject} favorite to your {item:$object}.',0,'',1,0),('friend_accepted','user','You and {item:$subject} are now friends.',0,'',1,0),('friend_request','user','{item:$subject} has requested to be your friend.',1,'user.friends.request-friend',1,0),('invite_notify_admin','invite','{item:$subject} has requested to {var:$adminsidelink} the invite request for {var:$recipientemail}.',0,'',1,0),('liked','activity','{item:$subject} likes your {item:$object:$label}.',0,'',1,0),('liked_commented','activity','{item:$subject} has commented on a {item:$object:$label} you liked.',0,'',1,0),('message_new','messages','{item:$subject} has sent you a {item:$object:message}.',0,'',1,0),('payment_manual_subscribe','payment','{item:$subject} has subscribe with payment method {var:$payment_method} on this {var:$adminsidelink}.',0,'',1,0),('payment_manual_verification','payment','{item:$subject} has made {var:$payment_method} payment for user verification. You can take appropriate action in {var:$adminsidelink}.',0,'',1,0),('payment_manual_wallet','payment','{item:$subject} has made {var:$payment_method} payment for wallet recharge. You can take appropriate action in {var:$adminsidelink}.',0,'',1,1),('payment_subscription_changed','payment','Your subscription plan changed from {var:$currentPlan} to {var:$changedPlan}.',0,'',1,0),('payment_subscription_expiredsoon','payment','Your subscription plan {var:$planName} is going to expire soon on {var:$period}.',0,'',1,0),('payment_wallet_active','payment','Your {var:$walletlink} has been successfully recharged using {var:$payment_method}.',0,'',1,0),('post_user','user','{item:$subject} has posted on your {item:$object:profile}.',0,'',1,0),('sesblog_acceptadminre','sesblog','{item:$subject} accepted as admin request for blog {item:$object}.',0,'',1,0),('sesblog_approved_blog','sesblog','Your blog {item:$object} has been approved.',0,'',1,0),('sesblog_blogadmin','sesblog','You are now a admin in this blog {item:$object}.',0,'',1,0),('sesblog_claim_approve','sesblog','Site admin has approved your claim request for the blog: {item:$object}.',0,'',1,0),('sesblog_claim_declined','sesblog','Site admin has rejected your claim request for the blog: {item:$object}.',0,'',1,0),('sesblog_owner_informed','sesblog','Site admin has been approved claim for your blog: {item:$object}.',0,'',1,0),('sesblog_payment_notify','sesblog','Make payment of your blog {item:$object} to get your blog approved.',0,'',1,0),('sesblog_rejestadminre','sesblog','{item:$subject} rejected as admin request for blog {item:$object}.',0,'',1,0),('sesblog_removeadminre','sesblog','{item:$subject} removed as admin request for blog {item:$object}.',0,'',1,0),('sesblog_send_approval_blog','sesblog','Your blog {item:$object} has been sent to site admin for approval.',0,'',1,0),('sesblog_subscribed_new','sesblog','{item:$subject} has posted a new blog entry: {item:$object}.',0,'',1,0),('sesuser_claim_blog','sesblog','{item:$subject} has claimed your blog {item:$object}.',0,'',1,0),('shared','activity','{item:$subject} has shared your {item:$object:$label}.',0,'',1,0),('tagged','user','{item:$subject} tagged you in a {item:$object:$label}.',0,'',1,0),('user_follow','user','{item:$subject} has started following you.',0,'',1,0),('user_follow_create','user','{item:$subject} created a {item:$object:$itemtype} you might like.',0,'',1,0),('user_follow_request','user','{item:$subject} has requested to follow you.',1,'user.follow.request-follow',1,0),('user_follow_requestaccept','user','{item:$subject} has accepted your follow request.',0,'',1,0),('user_verirequest_approved','user','Your {var:$verificationlink} request has been approved. You are now a verified member.',0,'',1,0),('user_verirequest_reject','user','Your {var:$verificationlink} request has been rejected.',0,'',1,0),('user_verirequestto_superadmin','user','{item:$subject} has sent verification request and is waiting for approval.',0,'',1,0);

--
-- Table structure for table `engine4_activity_pinposts`
--

CREATE TABLE `engine4_activity_pinposts` (
  `pinpost_id` int(11) NOT NULL AUTO_INCREMENT,
  `action_id` int(11) NOT NULL,
  `resource_id` int(11) NOT NULL,
  `resource_type` varchar(255) NOT NULL,
  PRIMARY KEY (`pinpost_id`)
) ENGINE=InnoDB DEFAULT CHARSET=utf8mb4 COLLATE=utf8mb4_unicode_ci;

--
-- Dumping data for table `engine4_activity_pinposts`
--


--
-- Table structure for table `engine4_activity_savefeeds`
--

CREATE TABLE `engine4_activity_savefeeds` (
  `savefeed_id` int(11) unsigned NOT NULL AUTO_INCREMENT,
  `action_id` int(11) unsigned NOT NULL,
  `user_id` int(11) unsigned NOT NULL,
  PRIMARY KEY (`savefeed_id`)
) ENGINE=InnoDB DEFAULT CHARSET=utf8mb4 COLLATE=utf8mb4_unicode_ci;

--
-- Dumping data for table `engine4_activity_savefeeds`
--


--
-- Table structure for table `engine4_activity_stream`
--

CREATE TABLE `engine4_activity_stream` (
  `target_type` varchar(16) NOT NULL,
  `target_id` int(11) unsigned NOT NULL,
  `subject_type` varchar(24) NOT NULL,
  `subject_id` int(11) unsigned NOT NULL,
  `object_type` varchar(24) NOT NULL,
  `object_id` int(11) unsigned NOT NULL,
  `type` varchar(32) NOT NULL,
  `action_id` int(11) unsigned NOT NULL,
  PRIMARY KEY (`target_type`,`target_id`,`action_id`),
  KEY `target_type` (`target_type`),
  KEY `action_id` (`action_id`),
  KEY `subject_type` (`subject_type`,`subject_id`),
  KEY `object_type` (`object_type`,`object_id`)
) ENGINE=InnoDB DEFAULT CHARSET=utf8mb4 COLLATE=utf8mb4_unicode_ci;

--
-- Dumping data for table `engine4_activity_stream`
--

INSERT INTO `engine4_activity_stream` VALUES ('everyone',0,'user',1,'career',10,'career_new',10),('everyone',0,'user',1,'career',11,'career_new',11),('everyone',0,'user',1,'career',12,'career_new',12),('everyone',0,'user',1,'career',13,'career_new',13),('everyone',0,'user',1,'career',14,'career_new',14),('everyone',0,'user',1,'career',15,'career_new',15),('everyone',0,'user',1,'career',16,'career_new',16),('everyone',0,'user',1,'career',17,'career_new',17),('everyone',0,'user',1,'career',18,'career_new',18),('everyone',0,'user',1,'career',19,'career_new',19),('everyone',0,'user',1,'career',20,'career_new',20),('everyone',0,'user',1,'career',21,'career_new',21),('everyone',0,'user',1,'career',22,'career_new',22),('everyone',0,'user',1,'sesblog_blog',1,'sesblog_new',23),('everyone',0,'user',1,'sesblog_blog',2,'sesblog_new',24),('everyone',0,'user',1,'sesblog_blog',3,'sesblog_new',25),('members',1,'user',1,'career',10,'career_new',10),('members',1,'user',1,'career',11,'career_new',11),('members',1,'user',1,'career',12,'career_new',12),('members',1,'user',1,'career',13,'career_new',13),('members',1,'user',1,'career',14,'career_new',14),('members',1,'user',1,'career',15,'career_new',15),('members',1,'user',1,'career',16,'career_new',16),('members',1,'user',1,'career',17,'career_new',17),('members',1,'user',1,'career',18,'career_new',18),('members',1,'user',1,'career',19,'career_new',19),('members',1,'user',1,'career',20,'career_new',20),('members',1,'user',1,'career',21,'career_new',21),('members',1,'user',1,'career',22,'career_new',22),('members',1,'user',1,'sesblog_blog',1,'sesblog_new',23),('members',1,'user',1,'sesblog_blog',2,'sesblog_new',24),('members',1,'user',1,'sesblog_blog',3,'sesblog_new',25),('members',1,'user',1,'blog',20,'blog_new',39),('members',1,'user',1,'blog',21,'blog_new',40),('members',1,'user',1,'blog',22,'blog_new',41),('members',1,'user',1,'blog',23,'blog_new',42),('owner',1,'user',1,'career',10,'career_new',10),('owner',1,'user',1,'career',11,'career_new',11),('owner',1,'user',1,'career',12,'career_new',12),('owner',1,'user',1,'career',13,'career_new',13),('owner',1,'user',1,'career',14,'career_new',14),('owner',1,'user',1,'career',15,'career_new',15),('owner',1,'user',1,'career',16,'career_new',16),('owner',1,'user',1,'career',17,'career_new',17),('owner',1,'user',1,'career',18,'career_new',18),('owner',1,'user',1,'career',19,'career_new',19),('owner',1,'user',1,'career',20,'career_new',20),('owner',1,'user',1,'career',21,'career_new',21),('owner',1,'user',1,'career',22,'career_new',22),('owner',1,'user',1,'sesblog_blog',1,'sesblog_new',23),('owner',1,'user',1,'sesblog_blog',2,'sesblog_new',24),('owner',1,'user',1,'sesblog_blog',3,'sesblog_new',25),('owner',1,'user',1,'blog',20,'blog_new',39),('owner',1,'user',1,'blog',21,'blog_new',40),('owner',1,'user',1,'blog',22,'blog_new',41),('owner',1,'user',1,'blog',23,'blog_new',42),('parent',1,'user',1,'career',10,'career_new',10),('parent',1,'user',1,'career',11,'career_new',11),('parent',1,'user',1,'career',12,'career_new',12),('parent',1,'user',1,'career',13,'career_new',13),('parent',1,'user',1,'career',14,'career_new',14),('parent',1,'user',1,'career',15,'career_new',15),('parent',1,'user',1,'career',16,'career_new',16),('parent',1,'user',1,'career',17,'career_new',17),('parent',1,'user',1,'career',18,'career_new',18),('parent',1,'user',1,'career',19,'career_new',19),('parent',1,'user',1,'career',20,'career_new',20),('parent',1,'user',1,'career',21,'career_new',21),('parent',1,'user',1,'career',22,'career_new',22),('parent',1,'user',1,'sesblog_blog',1,'sesblog_new',23),('parent',1,'user',1,'sesblog_blog',2,'sesblog_new',24),('parent',1,'user',1,'sesblog_blog',3,'sesblog_new',25),('parent',1,'user',1,'blog',20,'blog_new',39),('parent',1,'user',1,'blog',21,'blog_new',40),('parent',1,'user',1,'blog',22,'blog_new',41),('parent',1,'user',1,'blog',23,'blog_new',42),('registered',0,'user',1,'career',10,'career_new',10),('registered',0,'user',1,'career',11,'career_new',11),('registered',0,'user',1,'career',12,'career_new',12),('registered',0,'user',1,'career',13,'career_new',13),('registered',0,'user',1,'career',14,'career_new',14),('registered',0,'user',1,'career',15,'career_new',15),('registered',0,'user',1,'career',16,'career_new',16),('registered',0,'user',1,'career',17,'career_new',17),('registered',0,'user',1,'career',18,'career_new',18),('registered',0,'user',1,'career',19,'career_new',19),('registered',0,'user',1,'career',20,'career_new',20),('registered',0,'user',1,'career',21,'career_new',21),('registered',0,'user',1,'career',22,'career_new',22),('registered',0,'user',1,'sesblog_blog',1,'sesblog_new',23),('registered',0,'user',1,'sesblog_blog',2,'sesblog_new',24),('registered',0,'user',1,'sesblog_blog',3,'sesblog_new',25),('registered',0,'user',1,'blog',21,'blog_new',40),('registered',0,'user',1,'blog',22,'blog_new',41),('registered',0,'user',1,'blog',23,'blog_new',42);

--
-- Table structure for table `engine4_activity_tagitems`
--

CREATE TABLE `engine4_activity_tagitems` (
  `tagitem_id` int(11) NOT NULL AUTO_INCREMENT,
  `resource_id` int(11) NOT NULL,
  `resource_type` varchar(255) NOT NULL,
  `user_id` int(11) NOT NULL,
  `action_id` int(11) NOT NULL,
  PRIMARY KEY (`tagitem_id`)
) ENGINE=InnoDB DEFAULT CHARSET=utf8mb4 COLLATE=utf8mb4_unicode_ci;

--
-- Dumping data for table `engine4_activity_tagitems`
--


--
-- Table structure for table `engine4_activity_tagusers`
--

CREATE TABLE `engine4_activity_tagusers` (
  `taguser_id` int(11) unsigned NOT NULL AUTO_INCREMENT,
  `user_id` int(11) unsigned NOT NULL,
  `action_id` int(11) unsigned NOT NULL,
  PRIMARY KEY (`taguser_id`)
) ENGINE=InnoDB DEFAULT CHARSET=utf8mb4 COLLATE=utf8mb4_unicode_ci;

--
-- Dumping data for table `engine4_activity_tagusers`
--


--
-- Table structure for table `engine4_activity_targetpost`
--

CREATE TABLE `engine4_activity_targetpost` (
  `targetpost_id` int(11) unsigned NOT NULL AUTO_INCREMENT,
  `action_id` int(20) unsigned NOT NULL,
  `location_send` varchar(255) NOT NULL DEFAULT '',
  `country_name` varchar(255) NOT NULL DEFAULT '',
  `city_name` varchar(255) NOT NULL DEFAULT '',
  `location_city` varchar(255) NOT NULL DEFAULT '',
  `location_country` varchar(255) NOT NULL DEFAULT '',
  `gender_send` varchar(255) NOT NULL DEFAULT '',
  `age_min_send` varchar(255) NOT NULL DEFAULT '',
  `age_max_send` varchar(255) NOT NULL DEFAULT '',
  `lat` varchar(255) NOT NULL DEFAULT '',
  `lng` varchar(255) NOT NULL DEFAULT '',
  PRIMARY KEY (`targetpost_id`),
  UNIQUE KEY `action_id` (`action_id`)
) ENGINE=InnoDB DEFAULT CHARSET=utf8mb4 COLLATE=utf8mb4_unicode_ci;

--
-- Dumping data for table `engine4_activity_targetpost`
--


--
-- Table structure for table `engine4_announcement_announcements`
--

CREATE TABLE `engine4_announcement_announcements` (
  `announcement_id` int(11) unsigned NOT NULL AUTO_INCREMENT,
  `user_id` int(11) unsigned NOT NULL,
  `title` varchar(255) NOT NULL,
  `body` text NOT NULL,
  `creation_date` datetime NOT NULL,
  `modified_date` datetime DEFAULT NULL,
  `networks` text DEFAULT NULL,
  `member_levels` text DEFAULT NULL,
  `profile_types` text DEFAULT NULL,
  `memberlevel_condition` varchar(10) NOT NULL DEFAULT 'AND',
  `profiletype_condition` varchar(10) NOT NULL DEFAULT 'AND',
  PRIMARY KEY (`announcement_id`),
  KEY `user_id` (`user_id`),
  KEY `creation_date` (`creation_date`)
) ENGINE=InnoDB AUTO_INCREMENT=6 DEFAULT CHARSET=utf8mb4 COLLATE=utf8mb4_unicode_ci;

--
-- Dumping data for table `engine4_announcement_announcements`
--


--
-- Table structure for table `engine4_authorization_allow`
--

CREATE TABLE `engine4_authorization_allow` (
  `resource_type` varchar(24) NOT NULL,
  `resource_id` int(11) unsigned NOT NULL,
  `action` varchar(16) NOT NULL,
  `role` varchar(24) NOT NULL,
  `role_id` int(11) unsigned NOT NULL DEFAULT 0,
  `value` tinyint(1) NOT NULL DEFAULT 0,
  `params` text DEFAULT NULL,
  PRIMARY KEY (`resource_type`,`resource_id`,`action`,`role`,`role_id`)
) ENGINE=InnoDB DEFAULT CHARSET=utf8mb4 COLLATE=utf8mb4_unicode_ci;

--
-- Dumping data for table `engine4_authorization_allow`
--

INSERT INTO `engine4_authorization_allow` VALUES ('blog',19,'comment','everyone',0,1,NULL),('blog',19,'comment','owner_member',0,1,NULL),('blog',19,'comment','owner_member_member',0,1,NULL),('blog',19,'comment','owner_network',0,1,NULL),('blog',19,'comment','registered',0,1,NULL),('blog',19,'view','everyone',0,1,NULL),('blog',19,'view','owner_member',0,1,NULL),('blog',19,'view','owner_member_member',0,1,NULL),('blog',19,'view','owner_network',0,1,NULL),('blog',19,'view','registered',0,1,NULL),('blog',20,'comment','owner_member',0,1,NULL),('blog',20,'comment','owner_member_member',0,1,NULL),('blog',20,'view','owner_member',0,1,NULL),('blog',20,'view','owner_member_member',0,1,NULL),('blog',21,'comment','everyone',0,1,NULL),('blog',21,'comment','member',0,1,NULL),('blog',21,'comment','owner_member',0,1,NULL),('blog',21,'comment','owner_member_member',0,1,NULL),('blog',21,'comment','owner_network',0,1,NULL),('blog',21,'comment','registered',0,1,NULL),('blog',21,'view','everyone',0,1,NULL),('blog',21,'view','member',0,1,NULL),('blog',21,'view','owner_member',0,1,NULL),('blog',21,'view','owner_member_member',0,1,NULL),('blog',21,'view','owner_network',0,1,NULL),('blog',21,'view','registered',0,1,NULL),('blog',22,'comment','everyone',0,1,NULL),('blog',22,'comment','member',0,1,NULL),('blog',22,'comment','owner_member',0,1,NULL),('blog',22,'comment','owner_member_member',0,1,NULL),('blog',22,'comment','owner_network',0,1,NULL),('blog',22,'comment','registered',0,1,NULL),('blog',22,'view','everyone',0,1,NULL),('blog',22,'view','member',0,1,NULL),('blog',22,'view','owner_member',0,1,NULL),('blog',22,'view','owner_member_member',0,1,NULL),('blog',22,'view','owner_network',0,1,NULL),('blog',22,'view','registered',0,1,NULL),('blog',23,'comment','everyone',0,1,NULL),('blog',23,'comment','owner_member',0,1,NULL),('blog',23,'comment','owner_member_member',0,1,NULL),('blog',23,'comment','owner_network',0,1,NULL),('blog',23,'comment','registered',0,1,NULL),('blog',23,'view','everyone',0,1,NULL),('blog',23,'view','owner_member',0,1,NULL),('blog',23,'view','owner_member_member',0,1,NULL),('blog',23,'view','owner_network',0,1,NULL),('blog',23,'view','registered',0,1,NULL),('career',10,'comment','everyone',0,1,NULL),('career',10,'comment','member',0,1,NULL),('career',10,'comment','owner_member',0,1,NULL),('career',10,'comment','owner_member_member',0,1,NULL),('career',10,'comment','owner_network',0,1,NULL),('career',10,'comment','registered',0,1,NULL),('career',10,'view','everyone',0,1,NULL),('career',10,'view','member',0,1,NULL),('career',10,'view','owner_member',0,1,NULL),('career',10,'view','owner_member_member',0,1,NULL),('career',10,'view','owner_network',0,1,NULL),('career',10,'view','registered',0,1,NULL),('career',11,'comment','everyone',0,1,NULL),('career',11,'comment','member',0,1,NULL),('career',11,'comment','owner_member',0,1,NULL),('career',11,'comment','owner_member_member',0,1,NULL),('career',11,'comment','owner_network',0,1,NULL),('career',11,'comment','registered',0,1,NULL),('career',11,'view','everyone',0,1,NULL),('career',11,'view','member',0,1,NULL),('career',11,'view','owner_member',0,1,NULL),('career',11,'view','owner_member_member',0,1,NULL),('career',11,'view','owner_network',0,1,NULL),('career',11,'view','registered',0,1,NULL),('career',12,'comment','everyone',0,1,NULL),('career',12,'comment','member',0,1,NULL),('career',12,'comment','owner_member',0,1,NULL),('career',12,'comment','owner_member_member',0,1,NULL),('career',12,'comment','owner_network',0,1,NULL),('career',12,'comment','registered',0,1,NULL),('career',12,'view','everyone',0,1,NULL),('career',12,'view','member',0,1,NULL),('career',12,'view','owner_member',0,1,NULL),('career',12,'view','owner_member_member',0,1,NULL),('career',12,'view','owner_network',0,1,NULL),('career',12,'view','registered',0,1,NULL),('career',13,'comment','everyone',0,1,NULL),('career',13,'comment','member',0,1,NULL),('career',13,'comment','owner_member',0,1,NULL),('career',13,'comment','owner_member_member',0,1,NULL),('career',13,'comment','owner_network',0,1,NULL),('career',13,'comment','registered',0,1,NULL),('career',13,'view','everyone',0,1,NULL),('career',13,'view','member',0,1,NULL),('career',13,'view','owner_member',0,1,NULL),('career',13,'view','owner_member_member',0,1,NULL),('career',13,'view','owner_network',0,1,NULL),('career',13,'view','registered',0,1,NULL),('career',14,'comment','everyone',0,1,NULL),('career',14,'comment','member',0,1,NULL),('career',14,'comment','owner_member',0,1,NULL),('career',14,'comment','owner_member_member',0,1,NULL),('career',14,'comment','owner_network',0,1,NULL),('career',14,'comment','registered',0,1,NULL),('career',14,'view','everyone',0,1,NULL),('career',14,'view','member',0,1,NULL),('career',14,'view','owner_member',0,1,NULL),('career',14,'view','owner_member_member',0,1,NULL),('career',14,'view','owner_network',0,1,NULL),('career',14,'view','registered',0,1,NULL),('career',15,'comment','everyone',0,1,NULL),('career',15,'comment','member',0,1,NULL),('career',15,'comment','owner_member',0,1,NULL),('career',15,'comment','owner_member_member',0,1,NULL),('career',15,'comment','owner_network',0,1,NULL),('career',15,'comment','registered',0,1,NULL),('career',15,'view','everyone',0,1,NULL),('career',15,'view','member',0,1,NULL),('career',15,'view','owner_member',0,1,NULL),('career',15,'view','owner_member_member',0,1,NULL),('career',15,'view','owner_network',0,1,NULL),('career',15,'view','registered',0,1,NULL),('career',16,'comment','everyone',0,1,NULL),('career',16,'comment','member',0,1,NULL),('career',16,'comment','owner_member',0,1,NULL),('career',16,'comment','owner_member_member',0,1,NULL),('career',16,'comment','owner_network',0,1,NULL),('career',16,'comment','registered',0,1,NULL),('career',16,'view','everyone',0,1,NULL),('career',16,'view','member',0,1,NULL),('career',16,'view','owner_member',0,1,NULL),('career',16,'view','owner_member_member',0,1,NULL),('career',16,'view','owner_network',0,1,NULL),('career',16,'view','registered',0,1,NULL),('career',17,'comment','everyone',0,1,NULL),('career',17,'comment','member',0,1,NULL),('career',17,'comment','owner_member',0,1,NULL),('career',17,'comment','owner_member_member',0,1,NULL),('career',17,'comment','owner_network',0,1,NULL),('career',17,'comment','registered',0,1,NULL),('career',17,'view','everyone',0,1,NULL),('career',17,'view','member',0,1,NULL),('career',17,'view','owner_member',0,1,NULL),('career',17,'view','owner_member_member',0,1,NULL),('career',17,'view','owner_network',0,1,NULL),('career',17,'view','registered',0,1,NULL),('career',18,'comment','everyone',0,1,NULL),('career',18,'comment','member',0,1,NULL),('career',18,'comment','owner_member',0,1,NULL),('career',18,'comment','owner_member_member',0,1,NULL),('career',18,'comment','owner_network',0,1,NULL),('career',18,'comment','registered',0,1,NULL),('career',18,'view','everyone',0,1,NULL),('career',18,'view','member',0,1,NULL),('career',18,'view','owner_member',0,1,NULL),('career',18,'view','owner_member_member',0,1,NULL),('career',18,'view','owner_network',0,1,NULL),('career',18,'view','registered',0,1,NULL),('career',19,'comment','everyone',0,1,NULL),('career',19,'comment','member',0,1,NULL),('career',19,'comment','owner_member',0,1,NULL),('career',19,'comment','owner_member_member',0,1,NULL),('career',19,'comment','owner_network',0,1,NULL),('career',19,'comment','registered',0,1,NULL),('career',19,'view','everyone',0,1,NULL),('career',19,'view','member',0,1,NULL),('career',19,'view','owner_member',0,1,NULL),('career',19,'view','owner_member_member',0,1,NULL),('career',19,'view','owner_network',0,1,NULL),('career',19,'view','registered',0,1,NULL),('career',20,'comment','everyone',0,1,NULL),('career',20,'comment','member',0,1,NULL),('career',20,'comment','owner_member',0,1,NULL),('career',20,'comment','owner_member_member',0,1,NULL),('career',20,'comment','owner_network',0,1,NULL),('career',20,'comment','registered',0,1,NULL),('career',20,'view','everyone',0,1,NULL),('career',20,'view','member',0,1,NULL),('career',20,'view','owner_member',0,1,NULL),('career',20,'view','owner_member_member',0,1,NULL),('career',20,'view','owner_network',0,1,NULL),('career',20,'view','registered',0,1,NULL),('career',21,'comment','everyone',0,1,NULL),('career',21,'comment','member',0,1,NULL),('career',21,'comment','owner_member',0,1,NULL),('career',21,'comment','owner_member_member',0,1,NULL),('career',21,'comment','owner_network',0,1,NULL),('career',21,'comment','registered',0,1,NULL),('career',21,'view','everyone',0,1,NULL),('career',21,'view','member',0,1,NULL),('career',21,'view','owner_member',0,1,NULL),('career',21,'view','owner_member_member',0,1,NULL),('career',21,'view','owner_network',0,1,NULL),('career',21,'view','registered',0,1,NULL),('career',22,'comment','everyone',0,1,NULL),('career',22,'comment','member',0,1,NULL),('career',22,'comment','owner_member',0,1,NULL),('career',22,'comment','owner_member_member',0,1,NULL),('career',22,'comment','owner_network',0,1,NULL),('career',22,'comment','registered',0,1,NULL),('career',22,'view','everyone',0,1,NULL),('career',22,'view','member',0,1,NULL),('career',22,'view','owner_member',0,1,NULL),('career',22,'view','owner_member_member',0,1,NULL),('career',22,'view','owner_network',0,1,NULL),('career',22,'view','registered',0,1,NULL),('sesblog_blog',1,'comment','everyone',0,1,NULL),('sesblog_blog',1,'comment','owner_member',0,1,NULL),('sesblog_blog',1,'comment','owner_member_member',0,1,NULL),('sesblog_blog',1,'comment','owner_network',0,1,NULL),('sesblog_blog',1,'comment','registered',0,1,NULL),('sesblog_blog',1,'music','everyone',0,1,NULL),('sesblog_blog',1,'music','owner_member',0,1,NULL),('sesblog_blog',1,'music','owner_member_member',0,1,NULL),('sesblog_blog',1,'music','owner_network',0,1,NULL),('sesblog_blog',1,'music','registered',0,1,NULL),('sesblog_blog',1,'video','everyone',0,1,NULL),('sesblog_blog',1,'video','owner_member',0,1,NULL),('sesblog_blog',1,'video','owner_member_member',0,1,NULL),('sesblog_blog',1,'video','owner_network',0,1,NULL),('sesblog_blog',1,'video','registered',0,1,NULL),('sesblog_blog',1,'view','everyone',0,1,NULL),('sesblog_blog',1,'view','owner_member',0,1,NULL),('sesblog_blog',1,'view','owner_member_member',0,1,NULL),('sesblog_blog',1,'view','owner_network',0,1,NULL),('sesblog_blog',1,'view','registered',0,1,NULL),('sesblog_blog',2,'comment','everyone',0,1,NULL),('sesblog_blog',2,'comment','owner_member',0,1,NULL),('sesblog_blog',2,'comment','owner_member_member',0,1,NULL),('sesblog_blog',2,'comment','owner_network',0,1,NULL),('sesblog_blog',2,'comment','registered',0,1,NULL),('sesblog_blog',2,'music','everyone',0,1,NULL),('sesblog_blog',2,'music','owner_member',0,1,NULL),('sesblog_blog',2,'music','owner_member_member',0,1,NULL),('sesblog_blog',2,'music','owner_network',0,1,NULL),('sesblog_blog',2,'music','registered',0,1,NULL),('sesblog_blog',2,'video','everyone',0,1,NULL),('sesblog_blog',2,'video','owner_member',0,1,NULL),('sesblog_blog',2,'video','owner_member_member',0,1,NULL),('sesblog_blog',2,'video','owner_network',0,1,NULL),('sesblog_blog',2,'video','registered',0,1,NULL),('sesblog_blog',2,'view','everyone',0,1,NULL),('sesblog_blog',2,'view','owner_member',0,1,NULL),('sesblog_blog',2,'view','owner_member_member',0,1,NULL),('sesblog_blog',2,'view','owner_network',0,1,NULL),('sesblog_blog',2,'view','registered',0,1,NULL),('sesblog_blog',3,'comment','everyone',0,1,NULL),('sesblog_blog',3,'comment','owner_member',0,1,NULL),('sesblog_blog',3,'comment','owner_member_member',0,1,NULL),('sesblog_blog',3,'comment','owner_network',0,1,NULL),('sesblog_blog',3,'comment','registered',0,1,NULL),('sesblog_blog',3,'music','everyone',0,1,NULL),('sesblog_blog',3,'music','owner_member',0,1,NULL),('sesblog_blog',3,'music','owner_member_member',0,1,NULL),('sesblog_blog',3,'music','owner_network',0,1,NULL),('sesblog_blog',3,'music','registered',0,1,NULL),('sesblog_blog',3,'video','everyone',0,1,NULL),('sesblog_blog',3,'video','owner_member',0,1,NULL),('sesblog_blog',3,'video','owner_member_member',0,1,NULL),('sesblog_blog',3,'video','owner_network',0,1,NULL),('sesblog_blog',3,'video','registered',0,1,NULL),('sesblog_blog',3,'view','everyone',0,1,NULL),('sesblog_blog',3,'view','owner_member',0,1,NULL),('sesblog_blog',3,'view','owner_member_member',0,1,NULL),('sesblog_blog',3,'view','owner_network',0,1,NULL),('sesblog_blog',3,'view','registered',0,1,NULL),('user',1,'comment','everyone',0,1,NULL),('user',1,'comment','member',0,1,NULL),('user',1,'comment','network',0,1,NULL),('user',1,'comment','registered',0,1,NULL),('user',1,'view','everyone',0,1,NULL),('user',1,'view','member',0,1,NULL),('user',1,'view','network',0,1,NULL),('user',1,'view','registered',0,1,NULL);

--
-- Table structure for table `engine4_authorization_levels`
--

CREATE TABLE `engine4_authorization_levels` (
  `level_id` int(11) NOT NULL AUTO_INCREMENT,
  `title` varchar(255) NOT NULL,
  `description` text NOT NULL,
  `type` enum('public','user','moderator','admin') NOT NULL DEFAULT 'user',
  `flag` enum('default','superadmin','public') DEFAULT NULL,
  PRIMARY KEY (`level_id`),
  KEY `type` (`type`),
  KEY `flag` (`flag`)
) ENGINE=InnoDB AUTO_INCREMENT=6 DEFAULT CHARSET=utf8mb4 COLLATE=utf8mb4_unicode_ci;

--
-- Dumping data for table `engine4_authorization_levels`
--

INSERT INTO `engine4_authorization_levels` VALUES (1,'Superadmins','Users of this level can modify all of your settings and data.  This level cannot be modified or deleted.','admin','superadmin'),(2,'Admins','Users of this level have full access to all of your network settings and data.','admin',''),(3,'Moderators','Users of this level may edit user-side content.','moderator',''),(4,'Default Level','This is the default user level.  New users are assigned to it automatically.','user','default'),(5,'Public','Settings for this level apply to users who have not logged in.','public','public');

--
-- Table structure for table `engine4_authorization_mapprofiletypelevels`
--

CREATE TABLE `engine4_authorization_mapprofiletypelevels` (
  `mapprofiletypelevel_id` int(11) NOT NULL AUTO_INCREMENT,
  `title` varchar(256) NOT NULL,
  `description` text NOT NULL,
  `profile_type_id` int(11) NOT NULL,
  `member_level_id` int(11) NOT NULL,
  `member_count` int(11) NOT NULL,
  PRIMARY KEY (`mapprofiletypelevel_id`),
  KEY `profile_type_id` (`profile_type_id`),
  KEY `member_level_id` (`member_level_id`)
) ENGINE=InnoDB AUTO_INCREMENT=3 DEFAULT CHARSET=utf8mb4 COLLATE=utf8mb4_unicode_ci;

--
-- Dumping data for table `engine4_authorization_mapprofiletypelevels`
--

INSERT INTO `engine4_authorization_mapprofiletypelevels` VALUES (1,'','',5,1,0),(2,'','',9,2,0);

--
-- Table structure for table `engine4_authorization_permissions`
--

CREATE TABLE `engine4_authorization_permissions` (
  `level_id` int(11) unsigned NOT NULL,
  `type` varchar(64) NOT NULL,
  `name` varchar(64) NOT NULL,
  `value` tinyint(3) NOT NULL DEFAULT 0,
  `params` text DEFAULT NULL,
  PRIMARY KEY (`level_id`,`type`,`name`)
) ENGINE=InnoDB DEFAULT CHARSET=utf8mb4 COLLATE=utf8mb4_unicode_ci;

--
-- Dumping data for table `engine4_authorization_permissions`
--

INSERT INTO `engine4_authorization_permissions` VALUES (1,'activity','edit_time',3,'0'),(1,'admin','view',1,NULL),(1,'announcement','create',1,NULL),(1,'announcement','delete',2,NULL),(1,'announcement','edit',2,NULL),(1,'announcement','view',2,NULL),(1,'blog','allow_network',1,NULL),(1,'blog','approve',1,NULL),(1,'blog','auth_comment',5,'[\"everyone\",\"owner_network\",\"owner_member_member\",\"owner_member\",\"parent_member\",\"member\",\"owner\"]'),(1,'blog','auth_html',3,'blockquote, strong, b, em, i, u, strike, sub, sup, p, div, pre, address, h1, h2, h3, h4, h5, h6, span, ol, li, ul, a, img, embed, br, hr, iframe, table, td, tbody, tr, table, td, tbody, tr'),(1,'blog','auth_view',5,'[\"everyone\",\"owner_network\",\"owner_member_member\",\"owner_member\",\"parent_member\",\"member\",\"owner\"]'),(1,'blog','comment',2,NULL),(1,'blog','create',1,NULL),(1,'blog','create_ai',1,NULL),(1,'blog','delete',2,NULL),(1,'blog','edit',2,NULL),(1,'blog','max',3,'1000'),(1,'blog','style',1,NULL),(1,'blog','update_ai',1,NULL),(1,'blog','view',2,NULL),(1,'career','allow_network',1,NULL),(1,'career','approve',1,NULL),(1,'career','auth_comment',5,'[\"everyone\",\"owner_network\",\"owner_member_member\",\"owner_member\",\"parent_member\",\"member\",\"owner\"]'),(1,'career','auth_html',3,'blockquote, strong, b, em, i, u, strike, sub, sup, p, div, pre, address, h1, h2, h3, h4, h5, h6, span, ol, li, ul, a, img, embed, br, hr, iframe, table, td, tbody, tr, table, td, tbody, tr'),(1,'career','auth_view',5,'[\"everyone\",\"owner_network\",\"owner_member_member\",\"owner_member\",\"parent_member\",\"member\",\"owner\"]'),(1,'career','comment',2,NULL),(1,'career','create',1,NULL),(1,'career','delete',2,NULL),(1,'career','edit',2,NULL),(1,'career','max',3,'1000'),(1,'career','style',1,NULL),(1,'career','view',2,NULL),(1,'core_link','create',1,NULL),(1,'core_link','delete',2,NULL),(1,'core_link','view',2,NULL),(1,'core_ticket','view',2,NULL),(1,'core_ticketreply','view',2,NULL),(1,'general','activity',2,NULL),(1,'general','style',2,NULL),(1,'messages','auth',3,'friends'),(1,'messages','create',1,NULL),(1,'messages','editor',3,'plaintext'),(1,'sesblog_blog','allow_claim',1,NULL),(1,'sesblog_blog','allow_levels',0,NULL),(1,'sesblog_blog','allow_network',0,NULL),(1,'sesblog_blog','auth_changeowner',1,NULL),(1,'sesblog_blog','auth_comment',5,'[\"everyone\",\"owner_network\",\"owner_member_member\",\"owner_member\",\"owner\",\"registered\"]'),(1,'sesblog_blog','auth_view',5,'[\"everyone\",\"owner_network\",\"owner_member_member\",\"owner_member\",\"owner\",\"registered\"]'),(1,'sesblog_blog','autofeatured',0,NULL),(1,'sesblog_blog','autosponsored',0,NULL),(1,'sesblog_blog','autoverified',0,NULL),(1,'sesblog_blog','blog_approve',1,NULL),(1,'sesblog_blog','blogrolesman',1,NULL),(1,'sesblog_blog','cntrdng_dflt',1,NULL),(1,'sesblog_blog','comment',2,NULL),(1,'sesblog_blog','contactinfo',1,NULL),(1,'sesblog_blog','continue_height',3,'0'),(1,'sesblog_blog','cotinuereading',1,NULL),(1,'sesblog_blog','create',1,NULL),(1,'sesblog_blog','delete',2,NULL),(1,'sesblog_blog','edit',2,NULL),(1,'sesblog_blog','enablestyle',1,NULL),(1,'sesblog_blog','max',3,'0'),(1,'sesblog_blog','seofields',1,NULL),(1,'sesblog_blog','sesblog_cholay',5,'[\"1\",\"2\",\"3\",\"4\"]'),(1,'sesblog_blog','sesblog_deflay',1,NULL),(1,'sesblog_blog','sesblog_endes',1,NULL),(1,'sesblog_blog','view',2,NULL),(1,'sesblog_blog','watermark',3,'0'),(1,'sesblog_blog','watermarkthumb',3,'0'),(1,'sesblog_claim','create',1,NULL),(1,'sesblog_review','comment',1,NULL),(1,'sesblog_review','create',1,NULL),(1,'sesblog_review','delete',1,NULL),(1,'sesblog_review','edit',1,NULL),(1,'sesblog_review','view',1,NULL),(1,'user','abuseEmail',1,NULL),(1,'user','abuseNotifi',1,NULL),(1,'user','activity',1,NULL),(1,'user','auth_comment',5,'[\"registered\",\"network\",\"member\",\"owner\"]'),(1,'user','auth_view',5,'[\"everyone\",\"registered\",\"network\",\"member\",\"owner\"]'),(1,'user','birthday_options',5,'[\"monthday\",\"monthdayyear\"]'),(1,'user','block',1,NULL),(1,'user','canblock',1,NULL),(1,'user','changeemail',1,NULL),(1,'user','comment',2,NULL),(1,'user','core_autosave_editor',3,'300'),(1,'user','core_editors_allow',5,'[\"table\",\"fullscreen\",\"media\",\"code\",\"image\",\"link\",\"lists\",\"advlist\",\"searchreplace\",\"emoticons\",\"autolink\",\"autosave\",\"preview\",\"directionality\",\"visualblocks\",\"visualchars\",\"codesample\",\"wordcount\",\"accordion\",\"charmap\",\"pagebreak\",\"nonbreaking\",\"anchor\",\"insertdatetime\"]'),(1,'user','core_menubar_editor',1,NULL),(1,'user','core_statusbar_editor',1,NULL),(1,'user','create',1,NULL),(1,'user','delete',2,NULL),(1,'user','edit',2,NULL),(1,'user','editprofiletype',0,NULL),(1,'user','editprotylevel',0,NULL),(1,'user','emailverify',1,NULL),(1,'user','is_fullwidth',0,NULL),(1,'user','mention',5,'[\"owner_network\",\"registered\",\"network\",\"member\",\"owner\"]'),(1,'user','pokeAction',5,'[\"owner_network\",\"registered\",\"network\",\"member\",\"owner\"]'),(1,'user','search',1,NULL),(1,'user','status',1,NULL),(1,'user','tab',3,'outside'),(1,'user','username',2,NULL),(1,'user','verified',0,NULL),(1,'user','verified_icon',3,NULL),(1,'user','view',2,NULL),(1,'user','viewtype',1,NULL),(2,'activity','edit_time',3,'0'),(2,'admin','view',1,NULL),(2,'announcement','create',1,NULL),(2,'announcement','delete',2,NULL),(2,'announcement','edit',2,NULL),(2,'announcement','view',2,NULL),(2,'blog','allow_network',1,NULL),(2,'blog','approve',1,NULL),(2,'blog','auth_comment',5,'[\"everyone\",\"owner_network\",\"owner_member_member\",\"owner_member\",\"parent_member\",\"member\",\"owner\"]'),(2,'blog','auth_html',3,'blockquote, strong, b, em, i, u, strike, sub, sup, p, div, pre, address, h1, h2, h3, h4, h5, h6, span, ol, li, ul, a, img, embed, br, hr, iframe, table, td, tbody, tr, table, td, tbody, tr'),(2,'blog','auth_view',5,'[\"everyone\",\"owner_network\",\"owner_member_member\",\"owner_member\",\"parent_member\",\"member\",\"owner\"]'),(2,'blog','comment',2,NULL),(2,'blog','create',1,NULL),(2,'blog','create_ai',1,NULL),(2,'blog','delete',2,NULL),(2,'blog','edit',2,NULL),(2,'blog','max',3,'1000'),(2,'blog','style',1,NULL),(2,'blog','update_ai',1,NULL),(2,'blog','view',2,NULL),(2,'career','allow_network',1,NULL),(2,'career','approve',1,NULL),(2,'career','auth_comment',5,'[\"everyone\",\"owner_network\",\"owner_member_member\",\"owner_member\",\"parent_member\",\"member\",\"owner\"]'),(2,'career','auth_html',3,'blockquote, strong, b, em, i, u, strike, sub, sup, p, div, pre, address, h1, h2, h3, h4, h5, h6, span, ol, li, ul, a, img, embed, br, hr, iframe, table, td, tbody, tr, table, td, tbody, tr'),(2,'career','auth_view',5,'[\"everyone\",\"owner_network\",\"owner_member_member\",\"owner_member\",\"parent_member\",\"member\",\"owner\"]'),(2,'career','comment',2,NULL),(2,'career','create',1,NULL),(2,'career','delete',2,NULL),(2,'career','edit',2,NULL),(2,'career','max',3,'1000'),(2,'career','style',1,NULL),(2,'career','view',2,NULL),(2,'core_link','create',1,NULL),(2,'core_link','delete',2,NULL),(2,'core_link','view',2,NULL),(2,'core_ticket','view',2,NULL),(2,'core_ticketreply','view',2,NULL),(2,'general','activity',2,NULL),(2,'general','style',2,NULL),(2,'messages','auth',3,'friends'),(2,'messages','create',1,NULL),(2,'messages','editor',3,'plaintext'),(2,'sesblog_blog','allow_claim',1,NULL),(2,'sesblog_blog','allow_levels',0,NULL),(2,'sesblog_blog','allow_network',0,NULL),(2,'sesblog_blog','auth_changeowner',1,NULL),(2,'sesblog_blog','auth_comment',5,'[\"everyone\",\"owner_network\",\"owner_member_member\",\"owner_member\",\"owner\",\"registered\"]'),(2,'sesblog_blog','auth_view',5,'[\"everyone\",\"owner_network\",\"owner_member_member\",\"owner_member\",\"owner\",\"registered\"]'),(2,'sesblog_blog','autofeatured',0,NULL),(2,'sesblog_blog','autosponsored',0,NULL),(2,'sesblog_blog','autoverified',0,NULL),(2,'sesblog_blog','blog_approve',1,NULL),(2,'sesblog_blog','blogrolesman',1,NULL),(2,'sesblog_blog','cntrdng_dflt',1,NULL),(2,'sesblog_blog','comment',2,NULL),(2,'sesblog_blog','contactinfo',1,NULL),(2,'sesblog_blog','continue_height',3,'0'),(2,'sesblog_blog','cotinuereading',1,NULL),(2,'sesblog_blog','create',1,NULL),(2,'sesblog_blog','delete',2,NULL),(2,'sesblog_blog','edit',2,NULL),(2,'sesblog_blog','enablestyle',1,NULL),(2,'sesblog_blog','max',3,'0'),(2,'sesblog_blog','seofields',1,NULL),(2,'sesblog_blog','sesblog_cholay',5,'[\"1\",\"2\",\"3\",\"4\"]'),(2,'sesblog_blog','sesblog_deflay',1,NULL),(2,'sesblog_blog','sesblog_endes',1,NULL),(2,'sesblog_blog','view',2,NULL),(2,'sesblog_blog','watermark',3,'0'),(2,'sesblog_blog','watermarkthumb',3,'0'),(2,'sesblog_claim','create',1,NULL),(2,'sesblog_review','comment',1,NULL),(2,'sesblog_review','create',1,NULL),(2,'sesblog_review','delete',1,NULL),(2,'sesblog_review','edit',1,NULL),(2,'sesblog_review','view',1,NULL),(2,'user','abuseEmail',1,NULL),(2,'user','abuseNotifi',1,NULL),(2,'user','activity',1,NULL),(2,'user','auth_comment',5,'[\"registered\",\"network\",\"member\",\"owner\"]'),(2,'user','auth_view',5,'[\"everyone\",\"registered\",\"network\",\"member\",\"owner\"]'),(2,'user','birthday_options',5,'[\"monthday\",\"monthdayyear\"]'),(2,'user','block',1,NULL),(2,'user','canblock',1,NULL),(2,'user','changeemail',1,NULL),(2,'user','comment',2,NULL),(2,'user','core_autosave_editor',3,'300'),(2,'user','core_editors_allow',5,'[\"table\",\"fullscreen\",\"media\",\"code\",\"image\",\"link\",\"lists\",\"advlist\",\"searchreplace\",\"emoticons\",\"autolink\",\"autosave\",\"preview\",\"directionality\",\"visualblocks\",\"visualchars\",\"codesample\",\"wordcount\",\"accordion\",\"charmap\",\"pagebreak\",\"nonbreaking\",\"anchor\",\"insertdatetime\"]'),(2,'user','core_menubar_editor',1,NULL),(2,'user','core_statusbar_editor',1,NULL),(2,'user','create',1,NULL),(2,'user','delete',2,NULL),(2,'user','edit',2,NULL),(2,'user','editprofiletype',0,NULL),(2,'user','editprotylevel',0,NULL),(2,'user','emailverify',1,NULL),(2,'user','is_fullwidth',0,NULL),(2,'user','mention',5,'[\"owner_network\",\"registered\",\"network\",\"member\",\"owner\"]'),(2,'user','pokeAction',5,'[\"owner_network\",\"registered\",\"network\",\"member\",\"owner\"]'),(2,'user','search',1,NULL),(2,'user','status',1,NULL),(2,'user','tab',3,'outside'),(2,'user','username',2,NULL),(2,'user','verified',0,NULL),(2,'user','verified_icon',3,NULL),(2,'user','view',2,NULL),(2,'user','viewtype',1,NULL),(3,'activity','edit_time',3,'0'),(3,'announcement','view',1,NULL),(3,'blog','allow_network',1,NULL),(3,'blog','approve',1,NULL),(3,'blog','auth_comment',5,'[\"everyone\",\"owner_network\",\"owner_member_member\",\"owner_member\",\"parent_member\",\"member\",\"owner\"]'),(3,'blog','auth_html',3,'blockquote, strong, b, em, i, u, strike, sub, sup, p, div, pre, address, h1, h2, h3, h4, h5, h6, span, ol, li, ul, a, img, embed, br, hr, iframe, table, td, tbody, tr, table, td, tbody, tr'),(3,'blog','auth_view',5,'[\"everyone\",\"owner_network\",\"owner_member_member\",\"owner_member\",\"parent_member\",\"member\",\"owner\"]'),(3,'blog','comment',2,NULL),(3,'blog','create',1,NULL),(3,'blog','create_ai',1,NULL),(3,'blog','delete',2,NULL),(3,'blog','edit',2,NULL),(3,'blog','max',3,'1000'),(3,'blog','style',1,NULL),(3,'blog','update_ai',1,NULL),(3,'blog','view',2,NULL),(3,'career','allow_network',1,NULL),(3,'career','approve',1,NULL),(3,'career','auth_comment',5,'[\"everyone\",\"owner_network\",\"owner_member_member\",\"owner_member\",\"parent_member\",\"member\",\"owner\"]'),(3,'career','auth_html',3,'blockquote, strong, b, em, i, u, strike, sub, sup, p, div, pre, address, h1, h2, h3, h4, h5, h6, span, ol, li, ul, a, img, embed, br, hr, iframe, table, td, tbody, tr, table, td, tbody, tr'),(3,'career','auth_view',5,'[\"everyone\",\"owner_network\",\"owner_member_member\",\"owner_member\",\"parent_member\",\"member\",\"owner\"]'),(3,'career','comment',2,NULL),(3,'career','create',1,NULL),(3,'career','delete',2,NULL),(3,'career','edit',2,NULL),(3,'career','max',3,'1000'),(3,'career','style',1,NULL),(3,'career','view',2,NULL),(3,'core_link','create',1,NULL),(3,'core_link','delete',2,NULL),(3,'core_link','view',2,NULL),(3,'core_ticket','view',2,NULL),(3,'core_ticketreply','view',2,NULL),(3,'general','activity',2,NULL),(3,'general','style',2,NULL),(3,'messages','auth',3,'friends'),(3,'messages','create',1,NULL),(3,'messages','editor',3,'plaintext'),(3,'sesblog_blog','allow_claim',1,NULL),(3,'sesblog_blog','allow_levels',0,NULL),(3,'sesblog_blog','allow_network',0,NULL),(3,'sesblog_blog','auth_changeowner',1,NULL),(3,'sesblog_blog','auth_comment',5,'[\"everyone\",\"owner_network\",\"owner_member_member\",\"owner_member\",\"owner\",\"registered\"]'),(3,'sesblog_blog','auth_view',5,'[\"everyone\",\"owner_network\",\"owner_member_member\",\"owner_member\",\"owner\",\"registered\"]'),(3,'sesblog_blog','autofeatured',0,NULL),(3,'sesblog_blog','autosponsored',0,NULL),(3,'sesblog_blog','autoverified',0,NULL),(3,'sesblog_blog','blog_approve',1,NULL),(3,'sesblog_blog','blogrolesman',1,NULL),(3,'sesblog_blog','cntrdng_dflt',1,NULL),(3,'sesblog_blog','comment',2,NULL),(3,'sesblog_blog','contactinfo',1,NULL),(3,'sesblog_blog','continue_height',3,'0'),(3,'sesblog_blog','cotinuereading',1,NULL),(3,'sesblog_blog','create',1,NULL),(3,'sesblog_blog','delete',2,NULL),(3,'sesblog_blog','edit',2,NULL),(3,'sesblog_blog','enablestyle',1,NULL),(3,'sesblog_blog','max',3,'0'),(3,'sesblog_blog','seofields',1,NULL),(3,'sesblog_blog','sesblog_cholay',5,'[\"1\",\"2\",\"3\",\"4\"]'),(3,'sesblog_blog','sesblog_deflay',1,NULL),(3,'sesblog_blog','sesblog_endes',1,NULL),(3,'sesblog_blog','view',2,NULL),(3,'sesblog_blog','watermark',3,'0'),(3,'sesblog_blog','watermarkthumb',3,'0'),(3,'sesblog_claim','create',1,NULL),(3,'sesblog_review','comment',1,NULL),(3,'sesblog_review','create',1,NULL),(3,'sesblog_review','delete',1,NULL),(3,'sesblog_review','edit',1,NULL),(3,'sesblog_review','view',1,NULL),(3,'user','activity',1,NULL),(3,'user','auth_comment',5,'[\"registered\",\"network\",\"member\",\"owner\"]'),(3,'user','auth_view',5,'[\"everyone\",\"registered\",\"network\",\"member\",\"owner\"]'),(3,'user','birthday_options',5,'[\"monthday\",\"monthdayyear\"]'),(3,'user','block',1,NULL),(3,'user','canblock',1,NULL),(3,'user','changeemail',1,NULL),(3,'user','comment',2,NULL),(3,'user','core_autosave_editor',3,'300'),(3,'user','core_editors_allow',5,'[\"table\",\"fullscreen\",\"media\",\"code\",\"image\",\"link\",\"lists\",\"advlist\",\"searchreplace\",\"emoticons\",\"autolink\",\"autosave\",\"preview\",\"directionality\",\"visualblocks\",\"visualchars\",\"codesample\",\"wordcount\",\"accordion\",\"charmap\",\"pagebreak\",\"nonbreaking\",\"anchor\",\"insertdatetime\"]'),(3,'user','core_menubar_editor',1,NULL),(3,'user','core_statusbar_editor',1,NULL),(3,'user','create',1,NULL),(3,'user','delete',2,NULL),(3,'user','edit',2,NULL),(3,'user','editprofiletype',0,NULL),(3,'user','editprotylevel',0,NULL),(3,'user','emailverify',1,NULL),(3,'user','is_fullwidth',0,NULL),(3,'user','mention',5,'[\"owner_network\",\"registered\",\"network\",\"member\",\"owner\"]'),(3,'user','pokeAction',5,'[\"owner_network\",\"registered\",\"network\",\"member\",\"owner\"]'),(3,'user','search',1,NULL),(3,'user','status',1,NULL),(3,'user','tab',3,'outside'),(3,'user','username',2,NULL),(3,'user','verified',0,NULL),(3,'user','verified_icon',3,NULL),(3,'user','view',2,NULL),(3,'user','viewtype',1,NULL),(4,'activity','edit_time',3,'0'),(4,'announcement','view',1,NULL),(4,'blog','allow_network',1,NULL),(4,'blog','approve',1,NULL),(4,'blog','auth_comment',5,'[\"everyone\",\"owner_network\",\"owner_member_member\",\"owner_member\",\"parent_member\",\"member\",\"owner\"]'),(4,'blog','auth_html',3,'blockquote, strong, b, em, i, u, strike, sub, sup, p, div, pre, address, h1, h2, h3, h4, h5, h6, span, ol, li, ul, a, img, embed, br, hr, iframe, table, td, tbody, tr, table, td, tbody, tr'),(4,'blog','auth_view',5,'[\"everyone\",\"owner_network\",\"owner_member_member\",\"owner_member\",\"parent_member\",\"member\",\"owner\"]'),(4,'blog','comment',1,NULL),(4,'blog','create',1,NULL),(4,'blog','create_ai',1,NULL),(4,'blog','delete',1,NULL),(4,'blog','edit',1,NULL),(4,'blog','max',3,'50'),(4,'blog','style',1,NULL),(4,'blog','update_ai',1,NULL),(4,'blog','view',1,NULL),(4,'career','allow_network',1,NULL),(4,'career','approve',1,NULL),(4,'career','auth_comment',5,'[\"everyone\",\"owner_network\",\"owner_member_member\",\"owner_member\",\"parent_member\",\"member\",\"owner\"]'),(4,'career','auth_html',3,'blockquote, strong, b, em, i, u, strike, sub, sup, p, div, pre, address, h1, h2, h3, h4, h5, h6, span, ol, li, ul, a, img, embed, br, hr, iframe, table, td, tbody, tr, table, td, tbody, tr'),(4,'career','auth_view',5,'[\"everyone\",\"owner_network\",\"owner_member_member\",\"owner_member\",\"parent_member\",\"member\",\"owner\"]'),(4,'career','comment',1,NULL),(4,'career','create',1,NULL),(4,'career','delete',1,NULL),(4,'career','edit',1,NULL),(4,'career','max',3,'50'),(4,'career','style',1,NULL),(4,'career','view',1,NULL),(4,'core_link','create',1,NULL),(4,'core_link','delete',1,NULL),(4,'core_link','view',1,NULL),(4,'core_ticket','view',1,NULL),(4,'core_ticketreply','view',1,NULL),(4,'general','style',1,NULL),(4,'messages','auth',3,'friends'),(4,'messages','create',1,NULL),(4,'messages','editor',3,'plaintext'),(4,'sesblog_blog','allow_claim',1,NULL),(4,'sesblog_blog','allow_levels',0,NULL),(4,'sesblog_blog','allow_network',0,NULL),(4,'sesblog_blog','auth_changeowner',1,NULL),(4,'sesblog_blog','auth_comment',5,'[\"everyone\",\"owner_network\",\"owner_member_member\",\"owner_member\",\"owner\",\"registered\"]'),(4,'sesblog_blog','auth_view',5,'[\"everyone\",\"owner_network\",\"owner_member_member\",\"owner_member\",\"owner\",\"registered\"]'),(4,'sesblog_blog','autofeatured',0,NULL),(4,'sesblog_blog','autosponsored',0,NULL),(4,'sesblog_blog','autoverified',0,NULL),(4,'sesblog_blog','blog_approve',1,NULL),(4,'sesblog_blog','blogrolesman',1,NULL),(4,'sesblog_blog','cntrdng_dflt',1,NULL),(4,'sesblog_blog','comment',1,NULL),(4,'sesblog_blog','contactinfo',1,NULL),(4,'sesblog_blog','continue_height',3,'0'),(4,'sesblog_blog','cotinuereading',1,NULL),(4,'sesblog_blog','create',1,NULL),(4,'sesblog_blog','delete',1,NULL),(4,'sesblog_blog','edit',1,NULL),(4,'sesblog_blog','enablestyle',1,NULL),(4,'sesblog_blog','max',3,'0'),(4,'sesblog_blog','seofields',1,NULL),(4,'sesblog_blog','sesblog_cholay',5,'[\"1\",\"2\",\"3\",\"4\"]'),(4,'sesblog_blog','sesblog_deflay',1,NULL),(4,'sesblog_blog','sesblog_endes',1,NULL),(4,'sesblog_blog','view',1,NULL),(4,'sesblog_blog','watermark',3,'0'),(4,'sesblog_blog','watermarkthumb',3,'0'),(4,'sesblog_claim','create',1,NULL),(4,'sesblog_review','comment',1,NULL),(4,'sesblog_review','create',1,NULL),(4,'sesblog_review','delete',1,NULL),(4,'sesblog_review','edit',1,NULL),(4,'sesblog_review','view',1,NULL),(4,'user','auth_comment',5,'[\"registered\",\"network\",\"member\",\"owner\"]'),(4,'user','auth_view',5,'[\"everyone\",\"registered\",\"network\",\"member\",\"owner\"]'),(4,'user','birthday_options',5,'[\"monthday\",\"monthdayyear\"]'),(4,'user','block',1,NULL),(4,'user','canblock',1,NULL),(4,'user','changeemail',1,NULL),(4,'user','comment',1,NULL),(4,'user','core_autosave_editor',3,'300'),(4,'user','core_editors_allow',5,'[\"table\",\"fullscreen\",\"media\",\"code\",\"image\",\"link\",\"lists\",\"advlist\",\"searchreplace\",\"emoticons\",\"autolink\",\"autosave\",\"preview\",\"directionality\",\"visualblocks\",\"visualchars\",\"codesample\",\"wordcount\",\"accordion\",\"charmap\",\"pagebreak\",\"nonbreaking\",\"anchor\",\"insertdatetime\"]'),(4,'user','core_menubar_editor',1,NULL),(4,'user','core_statusbar_editor',1,NULL),(4,'user','create',1,NULL),(4,'user','delete',1,NULL),(4,'user','edit',1,NULL),(4,'user','editprofiletype',0,NULL),(4,'user','editprotylevel',0,NULL),(4,'user','emailverify',1,NULL),(4,'user','is_fullwidth',0,NULL),(4,'user','mention',5,'[\"owner_network\",\"registered\",\"network\",\"member\",\"owner\"]'),(4,'user','pokeAction',5,'[\"owner_network\",\"registered\",\"network\",\"member\",\"owner\"]'),(4,'user','search',1,NULL),(4,'user','status',1,NULL),(4,'user','tab',3,'outside'),(4,'user','username',1,NULL),(4,'user','verified',0,NULL),(4,'user','verified_icon',3,NULL),(4,'user','view',1,NULL),(4,'user','viewtype',1,NULL),(5,'announcement','view',1,NULL),(5,'blog','view',1,NULL),(5,'career','view',1,NULL),(5,'core_link','view',1,NULL),(5,'sesblog_blog','claim',1,NULL),(5,'sesblog_blog','comment',1,NULL),(5,'sesblog_blog','cotinuereading',1,NULL),(5,'sesblog_blog','create',1,NULL),(5,'sesblog_blog','favourite',1,NULL),(5,'sesblog_blog','like',1,NULL),(5,'sesblog_blog','view',1,NULL),(5,'sesblog_claim','create',0,NULL),(5,'sesblog_review','view',1,NULL),(5,'user','view',1,NULL);

--
-- Table structure for table `engine4_blog_blogs`
--

CREATE TABLE `engine4_blog_blogs` (
  `blog_id` int(11) unsigned NOT NULL AUTO_INCREMENT,
  `title` varchar(128) NOT NULL,
  `body` longtext NOT NULL,
  `owner_type` varchar(64) NOT NULL,
  `owner_id` int(11) unsigned NOT NULL,
  `parent_type` varchar(64) NOT NULL,
  `parent_id` int(11) unsigned NOT NULL,
  `category_id` int(11) unsigned NOT NULL DEFAULT 0,
  `subcat_id` int(11) NOT NULL DEFAULT 0,
  `subsubcat_id` int(11) NOT NULL DEFAULT 0,
  `photo_id` int(11) unsigned NOT NULL DEFAULT 0,
  `creation_date` datetime NOT NULL,
  `modified_date` datetime NOT NULL,
  `view_count` int(11) unsigned NOT NULL DEFAULT 0,
  `comment_count` int(11) unsigned NOT NULL DEFAULT 0,
  `like_count` int(11) unsigned NOT NULL DEFAULT 0,
  `search` tinyint(1) NOT NULL DEFAULT 1,
  `draft` tinyint(1) unsigned NOT NULL DEFAULT 0,
  `view_privacy` varchar(24) NOT NULL DEFAULT 'everyone',
  `networks` varchar(255) DEFAULT NULL,
  `rating` float NOT NULL,
  `approved` tinyint(1) NOT NULL DEFAULT 1,
  `resubmit` tinyint(1) NOT NULL DEFAULT 0,
  `location` varchar(255) DEFAULT NULL,
  PRIMARY KEY (`blog_id`),
  KEY `owner_type` (`owner_type`,`owner_id`),
  KEY `search` (`search`,`creation_date`),
  KEY `owner_id` (`owner_id`,`draft`),
  KEY `draft` (`draft`,`search`),
  KEY `creation_date` (`creation_date`),
  KEY `modified_date` (`modified_date`),
  KEY `view_count` (`view_count`),
  KEY `comment_count` (`comment_count`),
  KEY `like_count` (`like_count`),
  KEY `view_privacy` (`view_privacy`),
  KEY `parent_type` (`parent_type`,`parent_id`),
  KEY `approved` (`approved`),
  KEY `resubmit` (`resubmit`)
) ENGINE=InnoDB AUTO_INCREMENT=24 DEFAULT CHARSET=utf8mb4 COLLATE=utf8mb4_unicode_ci;

--
-- Dumping data for table `engine4_blog_blogs`
--

INSERT INTO `engine4_blog_blogs` VALUES (19,'Culpa est in ab fugiat pariatur Architecto consectetur id autem','<p><strong>Lorem Ipsum</strong> is simply dummy text of the printing and typesetting industry. Lorem Ipsum has been the industry\'s standard dummy text ever since the 1500s, when an unknown printer took a galley of type and scrambled it to make a type specimen book. It has survived not only five centuries, but also the leap into electronic typesetting, remaining essentially unchanged. It was popularised in the 1960s with the release of Letraset sheets containing Lorem Ipsum passages, and more recently with desktop publishing software like Aldus PageMaker including versions of Lorem Ipsum.</p>','user',1,'user',1,12,0,0,472,'2026-03-12 11:26:31','2026-03-12 11:26:31',29,0,0,1,0,'everyone',NULL,0,1,1,NULL),(20,'Non fugiat incidunt dolore labore alias voluptate omnis omnis','<p>dthyjuj</p>','user',1,'user',1,12,0,0,474,'2026-03-12 11:29:54','2026-03-12 11:29:54',0,0,0,1,0,'owner_member_member',NULL,0,1,1,NULL),(21,'The Rise of Smart Entrepreneurship in a Digital-First World','<p data-start=\"230\" data-end=\"607\">In today&rsquo;s rapidly evolving digital landscape, entrepreneurship is no longer confined to traditional business models. The rise of smart entrepreneurship has transformed how individuals launch, scale, and sustain their ventures. With the availability of advanced tools, cloud computing, and AI-driven analytics, entrepreneurs are making more informed decisions than ever before.</p>\r\n<p data-start=\"609\" data-end=\"911\">One of the key drivers behind this shift is accessibility. Digital platforms have lowered entry barriers, allowing startups to compete with established corporations. From e-commerce stores to SaaS platforms, businesses are leveraging automation to streamline operations and enhance customer experience.</p>\r\n<p data-start=\"913\" data-end=\"1193\">Moreover, the importance of branding and online presence cannot be overstated. Social media, SEO strategies, and influencer collaborations have become essential components of business growth. Companies that adapt quickly to trends and consumer behavior are more likely to succeed.</p>\r\n<p data-start=\"1195\" data-end=\"1446\">However, with opportunity comes competition. To stand out, businesses must focus on innovation, customer-centric strategies, and sustainable practices. The future belongs to those who embrace change and continuously evolve in this digital-first world.</p>','user',1,'user',1,2,0,0,476,'2026-04-30 07:46:09','2026-04-30 07:47:02',43,0,0,1,0,'everyone',NULL,0,1,1,NULL),(22,'How Streaming Platforms Are Redefining Modern Entertainment','<p data-start=\"1715\" data-end=\"2036\">Entertainment has undergone a massive transformation over the past decade, largely driven by the rise of streaming platforms. Traditional television and cinema are no longer the sole sources of content consumption. Today, viewers demand flexibility, personalization, and instant access to their favorite shows and movies.</p>\r\n<p data-start=\"2038\" data-end=\"2352\">Streaming giants have revolutionized storytelling by investing heavily in original content. This has opened doors for diverse narratives, global talent, and experimental formats that were previously overlooked. From binge-worthy series to short-form content, audiences now have endless options at their fingertips.</p>\r\n<p data-start=\"2354\" data-end=\"2587\">Another major shift is the role of data. Platforms analyze viewer preferences to recommend content, creating a highly personalized experience. This not only increases engagement but also influences the type of content being produced.</p>\r\n<p data-start=\"2589\" data-end=\"2836\">Despite its advantages, the streaming industry faces challenges such as content saturation, subscription fatigue, and rising competition. Still, its impact on modern entertainment is undeniable, shaping how stories are told and consumed worldwide.</p>','user',1,'user',1,3,0,0,478,'2026-04-30 07:50:51','2026-04-30 07:52:32',80,0,0,1,0,'everyone',NULL,0,1,1,NULL),(23,'The Future of Technology: AI, Automation, and Beyond','<p data-start=\"3070\" data-end=\"3328\">Technology continues to evolve at an unprecedented pace, reshaping industries and redefining how we live and work. Among the most influential advancements are artificial intelligence and automation, which are driving efficiency and innovation across sectors.</p>\r\n<p data-start=\"3330\" data-end=\"3675\">AI-powered systems are now capable of performing complex tasks, from data analysis to customer support. Businesses are adopting these technologies to reduce costs, improve accuracy, and enhance user experiences. Automation, on the other hand, is streamlining repetitive processes, allowing human resources to focus on more strategic initiatives.</p>\r\n<p data-start=\"3677\" data-end=\"3911\">The integration of emerging technologies such as blockchain, IoT, and cloud computing is further accelerating digital transformation. These innovations are creating smarter ecosystems, where devices and systems communicate seamlessly.</p>\r\n<p data-start=\"3913\" data-end=\"4185\">However, with rapid growth comes responsibility. Ethical concerns, data privacy, and cybersecurity remain critical challenges that must be addressed. As we move forward, the key lies in balancing innovation with accountability to ensure a sustainable technological future.</p>','user',1,'user',1,12,0,0,480,'2026-04-30 07:52:23','2026-04-30 07:52:24',87,0,0,1,0,'everyone',NULL,0,1,1,NULL);

--
-- Table structure for table `engine4_blog_categories`
--

CREATE TABLE `engine4_blog_categories` (
  `category_id` int(11) NOT NULL AUTO_INCREMENT,
  `user_id` int(11) unsigned NOT NULL,
  `category_name` varchar(128) NOT NULL,
  `subcat_id` int(11) NOT NULL DEFAULT 0,
  `subsubcat_id` int(11) NOT NULL DEFAULT 0,
  `order` int(11) NOT NULL DEFAULT 0,
  PRIMARY KEY (`category_id`),
  KEY `user_id` (`user_id`),
  KEY `category_id` (`category_id`,`category_name`),
  KEY `category_name` (`category_name`)
) ENGINE=InnoDB AUTO_INCREMENT=14 DEFAULT CHARSET=utf8mb4 COLLATE=utf8mb4_unicode_ci;

--
-- Dumping data for table `engine4_blog_categories`
--

INSERT INTO `engine4_blog_categories` VALUES (2,1,'Business',0,0,0),(3,1,'Entertainment',0,0,0),(12,1,'Technology',0,0,0);

--
-- Table structure for table `engine4_blog_subscriptions`
--

CREATE TABLE `engine4_blog_subscriptions` (
  `subscription_id` int(10) unsigned NOT NULL AUTO_INCREMENT,
  `user_id` int(10) unsigned NOT NULL,
  `subscriber_user_id` int(10) unsigned NOT NULL,
  PRIMARY KEY (`subscription_id`),
  UNIQUE KEY `user_id` (`user_id`,`subscriber_user_id`),
  KEY `subscriber_user_id` (`subscriber_user_id`)
) ENGINE=InnoDB DEFAULT CHARSET=utf8mb4 COLLATE=utf8mb4_unicode_ci;

--
-- Dumping data for table `engine4_blog_subscriptions`
--


--
-- Table structure for table `engine4_career_careers`
--

CREATE TABLE `engine4_career_careers` (
  `career_id` int(11) unsigned NOT NULL AUTO_INCREMENT,
  `title` varchar(128) NOT NULL,
  `slug` varchar(255) DEFAULT NULL,
  `body` longtext NOT NULL,
  `owner_type` varchar(64) NOT NULL,
  `owner_id` int(11) unsigned NOT NULL,
  `parent_type` varchar(64) NOT NULL,
  `parent_id` int(11) unsigned NOT NULL,
  `category_id` int(11) unsigned NOT NULL DEFAULT 0,
  `subcat_id` int(11) NOT NULL DEFAULT 0,
  `subsubcat_id` int(11) NOT NULL DEFAULT 0,
  `photo_id` int(11) unsigned NOT NULL DEFAULT 0,
  `creation_date` datetime NOT NULL,
  `modified_date` datetime NOT NULL,
  `view_count` int(11) unsigned NOT NULL DEFAULT 0,
  `comment_count` int(11) unsigned NOT NULL DEFAULT 0,
  `like_count` int(11) unsigned NOT NULL DEFAULT 0,
  `search` tinyint(1) NOT NULL DEFAULT 1,
  `draft` tinyint(1) unsigned NOT NULL DEFAULT 0,
  `view_privacy` varchar(24) NOT NULL DEFAULT 'everyone',
  `networks` varchar(255) DEFAULT NULL,
  `rating` float NOT NULL,
  `approved` tinyint(1) NOT NULL DEFAULT 1,
  `resubmit` tinyint(1) NOT NULL DEFAULT 0,
  `experience` varchar(255) DEFAULT NULL,
  `jobtype` varchar(255) NOT NULL DEFAULT 'Full Time',
  `location` varchar(255) DEFAULT NULL,
  `description` text DEFAULT NULL,
  `skills` text DEFAULT NULL,
  `salary` varchar(255) DEFAULT NULL,
  `workingdays` varchar(255) DEFAULT NULL,
  `workinghours` varchar(255) DEFAULT NULL,
  `responsibilities` text DEFAULT NULL,
  `benefits` text DEFAULT NULL,
  `posteddate` date DEFAULT NULL,
  `order` int(11) NOT NULL DEFAULT 0,
  PRIMARY KEY (`career_id`),
  KEY `owner_type` (`owner_type`,`owner_id`),
  KEY `search` (`search`,`creation_date`),
  KEY `owner_id` (`owner_id`,`draft`),
  KEY `draft` (`draft`,`search`),
  KEY `creation_date` (`creation_date`),
  KEY `modified_date` (`modified_date`),
  KEY `view_count` (`view_count`),
  KEY `comment_count` (`comment_count`),
  KEY `like_count` (`like_count`),
  KEY `view_privacy` (`view_privacy`),
  KEY `parent_type` (`parent_type`,`parent_id`),
  KEY `approved` (`approved`),
  KEY `resubmit` (`resubmit`)
) ENGINE=InnoDB AUTO_INCREMENT=23 DEFAULT CHARSET=utf8mb4 COLLATE=utf8mb4_unicode_ci;

--
-- Dumping data for table `engine4_career_careers`
--

INSERT INTO `engine4_career_careers` VALUES (10,'Assistant Project Manager','assistant-project-manager','','user',1,'user',1,27,0,0,0,'2024-08-14 12:41:48','2024-08-14 12:42:47',1555,0,0,1,0,'everyone',NULL,0,0,1,'0-6 months in IT Industry/ Fresher Level','Full Time','Office No. 250, 2nd Floor, Tower B2 - Spaze IT Tech Park, Sohna Road, Sector 49, Gurugram, Haryana, 122018','<p>We are searching for an Assistant Project Manager who wishes to pursue a career in Project Management and helps conceptualize and oversee multiple projects within our organization.</p>\r\n<p>You will receive mentorship, first-class technical training and personal development opportunities that will equip you with the skills you need to advance in a career in Project Management.</p>','<ul>\r\n<li>Bachelors or Master&rsquo;s degree in information technology, computer science or equivalent.</li>\r\n<li>Excellent verbal and written communication skills.</li>\r\n<li>Excellent organization skills</li>\r\n<li>Effective time &amp; task management skills.</li>\r\n<li>Strong interpersonal skills</li>\r\n<li>Logical approach to problem solving</li>\r\n<li>Proficient in Microsoft Office</li>\r\n<li>Willingness to learn management skills such as project planning &amp; scheduling, estimation &amp; budgeting, procurement, team management, task allocation &amp; monitoring, deliverable, release and quality management.</li>\r\n</ul>','As per company norms','Monday – Friday','9:30am - 7pm','<ul>\r\n<li>Day-to-day assistance to Senior Project Managers in the delivery of projects.</li>\r\n<li>Developing good working relationships with the client and the team by promoting best practice throughout the whole project development process</li>\r\n<li>Plan, track and report on the performance of multiple ongoing projects.</li>\r\n<li>Support senior managers with the completion of project objectives.</li>\r\n<li>Effectively manage project risks.</li>\r\n<li>Write up detailed, quality reports with metrics for senior managers</li>\r\n<li>Consulting with the assigned Project Manager to seek guidance and input during the key phase of each project.</li>\r\n<li>Act as the point of contact and communicate project status to all participants.</li>\r\n<li>Assign tasks to internal teams and assist with schedule management.</li>\r\n<li>Make sure that clients&rsquo; needs are met as projects evolve.</li>\r\n<li>Ensure standards and requirements are met through conducting quality assurance tests with the assistance of the team.</li>\r\n<li>Review deliverables prepared by the team before passing to the client.</li>\r\n<li>Learn the responsibility for Resource Planning.</li>\r\n<li>Interacting with the Clients on a continuous basis regarding the specifications of the projects, handling their queries, keeping them updated about the status of the current projects.</li>\r\n<li>Manage changes to the project scope, project schedule and project costs using appropriate verification techniques.</li>\r\n<li>Learn the ability to break projects into doable actions and set timeframes.</li>\r\n<li>Develop the ability to learn the management of the complete life cycle of the project starting from receiving the projects, sending them in a workable format to the composition team, monitoring the execution and ensuring that the end product is delivered in a timely manner with the highest quality. Develop spreadsheets, diagrams and process maps to document needs.</li>\r\n</ul>','<ul>\r\n<li>24 Leaves a year (you get paid for not taking leaves). Weekend Offs excluded.</li>\r\n<li>Excellent work-life balance</li>\r\n<li>Competitive Salary for your profile</li>\r\n<li>Performance Bonus</li>\r\n<li>Awards and Recognitions</li>\r\n<li>No Micro-Management</li>\r\n<li>High Job Stability</li>\r\n<li>Team Outings &amp; Friday Fun</li>\r\n<li>Training Sessions</li>\r\n<li>Team Building Activities</li>\r\n</ul>','1970-01-01',2),(11,'MERN Stack Developer','mern-stack-developer','','user',1,'user',1,26,0,0,0,'2024-08-14 12:48:26','2025-04-21 13:06:17',3627,0,0,1,0,'everyone',NULL,0,1,1,'2 - 6 Years','Closed','Office No. 250, 2nd Floor, Tower B2 - Spaze IT Tech Park, Sohna Road, Sector 49, Gurugram, Haryana, 122018','<p>We are looking for an experienced top-notch MERN Stack developer to grow with our development team. As a MERN Stack Developer, you will be involved from conception to completion with projects that are technologically sound and impactful.</p>\r\n<div class=\"jobs-row clearfix position_description type-tinymce \">\r\n<div class=\"jobs-row-input\">\r\n<p>Someone who can take ownership of applications, work on responsive design and solve technical challenges and take pride in their solutions and code. The person should be able to translate the business requirements into world class code.</p>\r\n</div>\r\n</div>','<ul>\r\n<li>Bachelors or Master&rsquo;s degree in information technology, computer science or equivalent.</li>\r\n<li>2-6 Years of Working Experience in the relevant field.</li>\r\n<li>Demonstrated exposure through projects: Html, CSS, JavaScript ,ReactJS,Node.js/NextJS and ExpressJS , Sequelize Database.</li>\r\n<li>Proficiency in Socket.io Programming.</li>\r\n<li>Knowledge of software development lifecycle (SDLC) and agile methodology.</li>\r\n<li>Working knowledge of front end optimization and performance techniques</li>\r\n<li>Cross-browser development and troubleshooting</li>\r\n<li>Experience building Responsive websites for web, tablet and mobile devices</li>\r\n<li>Able to handle multiple projects and competing deadlines</li>\r\n<li>Good understanding of overall web design including basic usability, accessibility, industry standards, architecture, and navigation</li>\r\n<li>Portfolio of work required. Include examples of all areas of interaction design (user flows, wireframes, final graphical display)</li>\r\n<li>Have excellent interpersonal and teamwork skills.</li>\r\n<li>Comfortable working in a dynamic and fast-paced work environment.</li>\r\n</ul>','As per company norms','Monday – Friday','9:30am - 7pm','<ul>\r\n<li>Developing, testing and deploying scalable web applications</li>\r\n<li>Managing cloud-based interface</li>\r\n<li>Ensuring server management</li>\r\n<li>Establishing and integrating development tools as required</li>\r\n<li>Using different frontend frameworks and UI design components to create web applications</li>\r\n<li>Maintaining responsiveness of the application</li>\r\n<li>Writing clean and well-structured codes</li>\r\n<li>Testing applications and fixing bugs, along with security and data protection features</li>\r\n<li>Designing and maintaining complex databases.</li>\r\n<li>Work with development teams and product managers to ideate software solutions</li>\r\n</ul>','<ul>\r\n<li>24 Leaves a year (you get paid for not taken leaves). Weekend Offs excluded.</li>\r\n<li>Excellent work-life balance</li>\r\n<li>Competitive Salary for your profile</li>\r\n<li>Performance Bonus</li>\r\n<li>Awards and Recognitions</li>\r\n<li>No Micro Management</li>\r\n<li>High Job Stability</li>\r\n<li>Team Outings &amp; Friday Fun</li>\r\n<li>Training Sessions</li>\r\n<li>Team Building Activities</li>\r\n</ul>','2024-05-12',3),(12,'Junior / Senior PHP Developer','junior-senior-php-developer','','user',1,'user',1,26,0,0,0,'2024-08-14 12:52:39','2025-04-21 12:35:29',3477,0,0,1,0,'everyone',NULL,0,1,1,'1 - 5 Years','Closed','Office No. 250, 2nd Floor, Tower B2 - Spaze IT Tech Park, Sohna Road, Sector 49, Gurugram, Haryana, 122018','<ul>\r\n<li>Exceptional coding skills</li>\r\n<li>We are looking for a Software Developer who has hands-on experience in software development and agile methodologies.</li>\r\n<li>Work with online product management team to define software requirements and take the lead on building new features on our existing website &amp; apps.</li>\r\n<li>Your goal will be to develop, maintain &amp; optimize high-quality software that is aligned with user needs and business goals.</li>\r\n<li>Thorough knowledge of software development best practices, including coding standards, code reviews, source control management, build process, continuous integration, and continuous delivery.</li>\r\n<li>Exceptional verbal, written and listening skills.</li>\r\n<li>Ability to learn new technologies quickly.</li>\r\n<li>Good team player and leadership skills are a must.</li>\r\n</ul>','<ul>\r\n<li>Bachelors or Master&rsquo;s degree in information technology, computer science or equivalent</li>\r\n<li>Solid understanding of object-oriented programming.</li>\r\n<li>Expert in PHP, Javascripts, CSS</li>\r\n<li>Proficient with jQuery</li>\r\n<li>Strong knowledge of SEO principles relevant to website development</li>\r\n<li>Deep understanding of MySQL.</li>\r\n<li>Deep understanding of Javascript.</li>\r\n<li>Proficient with Git &amp; GitHub.</li>\r\n<li>Strong PHP background &amp; experience on any of the one framework like Laravel / Codeigniter / CakePHP / Zend Framework is a must.</li>\r\n<li>Startup experience a + point.</li>\r\n</ul>','As per company norms','Monday – Friday','9:30am - 7pm','<ul>\r\n<li>Review and understand business requirements working with cross-functional teams.</li>\r\n<li>Develop and enhance product offerings in accordance with design and consistent with business objectives.</li>\r\n<li>Identify, prioritize and execute tasks in the software development life cycle.</li>\r\n<li>Ensure that development tasks are completed within the timeline provided and that issues are fully tested with minimal defects.</li>\r\n<li>Make sure that the solutions being developed are effective and take into consideration performance implications for a production environment.</li>\r\n<li>Mentor junior members in their work and frequently take up training sessions to sharpen junior team members\' skills.</li>\r\n<li>Lead in optimizing website &amp; apps for increased opt-ins, better search rankings, and user engagement and retention.</li>\r\n<li>Undertake frequent refactoring and sanity maintenance of developed code.</li>\r\n<li>Capable to scale applications to support growing business &amp; customer needs.</li>\r\n<li>Collaborate with a team to define, design, and ship new features.</li>\r\n</ul>','<ul>\r\n<li>24 Leaves a year (you get paid for not taken leaves). Weekend Offs excluded.</li>\r\n<li>Excellent work-life balance</li>\r\n<li>Competitive Salary for your profile</li>\r\n<li>Performance Bonus</li>\r\n<li>Awards and Recognitions</li>\r\n<li>No Micro Management</li>\r\n<li>High Job Stability</li>\r\n<li>Team Outings &amp; Friday Fun</li>\r\n<li>Training Sessions</li>\r\n<li>Team Building Activities</li>\r\n</ul>','2025-02-21',13),(13,'iOS Developer','ios-developer','','user',1,'user',1,25,0,0,0,'2024-08-14 12:57:25','2025-04-21 12:55:01',3427,0,0,1,0,'everyone',NULL,0,1,1,'1 - 4 Years','Closed','Gurugram: Office No. 250, 2nd Floor, Tower B2 - Spaze IT Tech Park, Sohna Road, Sector 49, Gurugram, Haryana, 122018','<ul>\r\n<li>Exceptional coding skills.</li>\r\n<li>Development and maintenance of our iOS application aimed at a vast number of diverse iOS devices.</li>\r\n<li>Thorough knowledge of software development best practices, including coding standards, code reviews, source control management, build process, continuous integration, and continuous delivery.</li>\r\n<li>Exceptional verbal, written and listening skills.</li>\r\n<li>Ability to learn new technologies quickly.</li>\r\n<li>Good team player and leadership skills are a must.</li>\r\n<li>Your primary focus will be the development of our iOS application and its integration with back-end services. You will be working along-side other engineers and developers working on different layers of the infrastructure.</li>\r\n<li>Therefore, commitment to collaborative problem solving, sophisticated design, and creating quality products is essential.</li>\r\n</ul>','<ul>\r\n<li>Bachelors or Master&rsquo;s degree in information technology, computer science or equivalent</li>\r\n<li>Solid understanding of object-oriented programming.</li>\r\n<li>Good knowledge of performance limits and characteristics</li>\r\n<li>Knowledge of memory management and multi-threading</li>\r\n<li>Familiarity with RESTful APIs to connect to back-end services</li>\r\n<li>Good sense of UI design and a user-oriented focus</li>\r\n<li>Understanding of Apple&rsquo;s design principles and interface guidelines</li>\r\n<li>Proficient understanding of code versioning tools, such as Git</li>\r\n<li>Familiarity with continuous integration</li>\r\n<li>Startup experience a + point.</li>\r\n</ul>','As per company norms','Monday – Friday','9:30am - 7pm','<ul>\r\n<li>Design and build applications for iOS using Swift.</li>\r\n<li>Ensure the performance, quality, and responsiveness of applications.</li>\r\n<li>Collaborate with a team to define, design, and ship new features.</li>\r\n<li>Identify and correct bottlenecks and fix bugs.</li>\r\n<li>Help maintain code quality, organization and automatization.</li>\r\n</ul>','<ul>\r\n<li>24 Leaves a year (you get paid for not taken leaves). Weekend Offs excluded.</li>\r\n<li>Excellent work-life balance</li>\r\n<li>Competitive Salary for your profile</li>\r\n<li>Performance Bonus</li>\r\n<li>Awards and Recognitions</li>\r\n<li>No Micro Management</li>\r\n<li>High Job Stability</li>\r\n<li>Team Outings &amp; Friday Fun</li>\r\n<li>Training Sessions</li>\r\n<li>Team Building Activities</li>\r\n</ul>','2024-08-31',4),(14,'Junior / Senior QA Engineer','junior-senior-qa-engineer','','user',1,'user',1,24,0,0,0,'2024-08-14 13:00:42','2025-04-21 12:55:46',3865,0,0,1,0,'everyone',NULL,0,1,1,'1 - 5 years','Full Time','Gurugram: Office No. 250, 2nd Floor, Tower B2 - Spaze IT Tech Park, Sohna Road, Sector 49, Gurugram, Haryana, 122018','<p>Quality Assurance Engineer at Ahead WebSoft Technologies will be responsible for understanding the domain and the product in detail and coming up with the test strategy/planning, coming up with the test cases, contributing to code level Unit tests, test execution and reporting.&nbsp;</p>','<ul>\r\n<li>Proven work experience of 1 to 5 years in Quality Assurance of web based software products and Mobile Applications.</li>\r\n<li>BE/B.Tech or ME / M.Tech / MS MCA / BCA degree in Computer Science or related field</li>\r\n<li>Functional knowledge and comfort working with following tools:-<br>JIRA &bull; Github &bull; Test Case Management</li>\r\n<li>Strong knowledge of QA methodology and tools.</li>\r\n<li>Problem-solving skills</li>\r\n<li>Ability to establish strong client relationship</li>\r\n<li>Ability to understand technical specifications and analyze log files.</li>\r\n<li>Exceptional communication and reporting skills across different levels including client communication, senior management and at team level.</li>\r\n<li>Highly organized and able to prioritize workload effectively.</li>\r\n<li>Start-Up experience will be a plus point.</li>\r\n</ul>','As per company norms','Monday – Friday','9:30am - 7pm','<ul>\r\n<li>Utilize innovative testing technologies to develop product\'s testing strategy.</li>\r\n<li>Analyze test logs, debug failures, create test reports, coordinate with developers and across various teams to confirm the delivery of bug free products.</li>\r\n<li>Participation in design and code inspections.</li>\r\n<li>Knowledge of UI, API (Preferably REST API\'s) and mobile application (Both Android and iOS) manual testing.</li>\r\n<li>Ability to test products in various aspects.</li>\r\n<li>Ability to work with databases, able to construct and execute SQL queries.</li>\r\n<li>Working with the development team to correct bugs and errors. Help development and design team troubleshoot issues.</li>\r\n<li>Create status and test result reports for management and represent the group in status meetings.</li>\r\n<li>Creating training materials and operating manuals.</li>\r\n<li>Documenting quality assurance activities and creating audit reports.</li>\r\n<li>Making recommendations for improvement.</li>\r\n<li>Ability to multi-task work across a main product development as well as patch regression.</li>\r\n<li>Desire to learn and build new technologies</li>\r\n</ul>','<ul>\r\n<li>24 Leaves a year (you get paid for not taking leaves). Weekend Offs excluded.</li>\r\n<li>Excellent work-life balance</li>\r\n<li>Competitive Salary for your profile</li>\r\n<li>Performance Bonus</li>\r\n<li>Awards and Recognitions</li>\r\n<li>No Micro-Management</li>\r\n<li>High Job Stability</li>\r\n<li>Team Outings &amp; Friday Fun</li>\r\n<li>Training Sessions</li>\r\n<li>Team Building Activities</li>\r\n</ul>','2024-08-14',5),(15,'Technical Support Engineer(Trainee)','technical-support-engineer-trainee','','user',1,'user',1,22,0,0,0,'2024-08-14 13:03:43','2025-04-21 12:51:33',3763,0,0,1,0,'everyone',NULL,0,1,1,'0-6 months in IT Industry/ Fresher Level','Closed','Gurugram: Office No. 250, 2nd Floor, Tower B2 - Spaze IT Tech Park, Sohna Road, Sector 49, Gurugram, Haryana, 122018','<p>We are looking for a Technical Support Engineer(Trainee) who is willing to learn and provide enterprise-level assistance to our customers. You will diagnose and troubleshoot software and hardware problems and help our customers install applications and programs.</p>\r\n<p>Ultimately, you will be a person our customers trust. They will rely on you to provide timely and accurate solutions to their technical problems.</p>\r\n<p>You will receive mentorship, first-class technical training and personal development opportunities that will equip you with the skills you need to advance in a career in the Technical Support domain.</p>\r\n<div class=\"jobs-row clearfix position_description type-tinymce \">\r\n<div class=\"jobs-row-input\">\r\n<p>If you&rsquo;re naturally a helper, enjoy assisting people with computer issues and are able to explain technical details simply, we&rsquo;d like to meet you.</p>\r\n</div>\r\n</div>','<ul>\r\n<li>Bachelors or Master&rsquo;s degree in information technology, computer science or equivalent.</li>\r\n<li>Excellent problem-solving and verbal &amp; written communication skills.</li>\r\n<li>Effective time &amp; task management skills.</li>\r\n<li>Strong interpersonal &amp; client-facing skills.</li>\r\n<li>Strong troubleshooting and problem solving skills. Ability to quickly learn to use new software tools.</li>\r\n<li>Strong customer service orientation. Must be comfortable working in a dynamic environment with constant changes and growth.</li>\r\n<li>Capability to gain In-depth knowledge in the product that you will be working on.</li>\r\n<li>Good understanding of computer systems, mobile devices and other tech products.</li>\r\n<li>Must be comfortable with after-hours support requirements.</li>\r\n</ul>','As per company norms','Monday – Friday','9:30am - 7pm','<ul>\r\n<li>Diagnose and troubleshoot technical issues, along with resolving network issues, configuring operating systems and using remote desktop connections to provide immediate support.</li>\r\n<li>Communicate with clients through a series of actions, either via phone, email or chat, until the technical issues are solved.Provide prompt and accurate feedback to the clients.</li>\r\n<li>Follow up with clients to ensure their IT systems are fully functional after troubleshooting.</li>\r\n<li>Assign issues to internal teams and tracking the updates.</li>\r\n<li>Follow standard procedures for proper escalation of unresolved issues to the appropriate internal teams.</li>\r\n<li>Refer to internal databases or external resources to provide accurate tech solutions.</li>\r\n<li>Prioritize and manage several open issues at one time.Also,Ensure all issues are properly logged.</li>\r\n<li>Should be able to understand various reports/analytics needed in operations and must be able to produce accurate reports on a timely basis.</li>\r\n<li>Document technical knowledge in the form of notes and manuals.</li>\r\n<li>Ensure proper recording and closure of all issues.</li>\r\n<li>Ensures that Knowledge Base(KB) is created for repeat issues and known errors. Developing how-to (KB) articles and/or solutions documents for internal/external distribution.</li>\r\n<li>Responsible for managing SLA for premium customers.</li>\r\n<li>Responsible for timely closure of incidents depending on the priority to meet committed Service levels.</li>\r\n<li>Provide feedback to Product Management groups associated with product quality concerns.</li>\r\n<li>Maintain jovial relationships with clients.</li>\r\n<li>Should be open to 24*7 support.</li>\r\n</ul>','<ul>\r\n<li>24 Leaves a year (you get paid for not taken leaves). Weekend Offs excluded.</li>\r\n<li>Excellent work-life balance</li>\r\n<li>Competitive Salary for your profile</li>\r\n<li>Performance Bonus</li>\r\n<li>Awards and Recognitions</li>\r\n<li>No Micro Management</li>\r\n<li>High Job Stability</li>\r\n<li>Team Outings &amp; Friday Fun</li>\r\n<li>Training Sessions</li>\r\n<li>Team Building Activities</li>\r\n</ul>','2025-03-05',6),(16,'Mean Stack Developer','mean-stack-developer','','user',1,'user',1,26,0,0,0,'2024-08-20 05:43:31','2025-04-21 12:53:33',3396,0,0,1,0,'everyone',NULL,0,1,1,'2 - 5 Years','Closed','Office No. 250, 2nd Floor, Tower B2 - Spaze IT Tech Park, Sohna Road, Sector 49, Gurugram, Haryana, 122018','<ul>\r\n<li>Exceptional coding skills in JavaScript (both frontend and backend)</li>\r\n<li>Advanced proficiency in MEAN Stack (NodeJS, MongoDB, Express, AngularJS)</li>\r\n<li>Proficiency with Data visualization and charting tools/frameworks</li>\r\n<li>Thorough knowledge of software development best practices, including coding standards, code reviews, source control management, build process, continuous integration, and continuous delivery.</li>\r\n<li>Exceptional verbal, written and listening skills.</li>\r\n<li>Ability to learn new technologies quickly.</li>\r\n<li>Good team player and leadership skills are a must.</li>\r\n</ul>','<ul>\r\n<li>2+ years of Software Development experience in building data visualizations.</li>\r\n<li>Proficiency with nodeJS, MongoDB (minimum 1 year experience).</li>\r\n<li>Strong scripting experience in scripting using JavaScript, Perl, Powershell etc.</li>\r\n<li>Excellent hands-on design, coding, testing methodologies and debugging skills.</li>\r\n<li>Solid JavaScript, HTML/HTML5 and CSS/CSS3 experience.</li>\r\n<li>Good experience with MySQL database.</li>\r\n<li>Good experience with designing and implementing REST APIs for consumption by multiple platforms.</li>\r\n<li>Proficient with AWS environment.</li>\r\n<li>Startup experience a + point.</li>\r\n</ul>','2,40000 INR - 4,40,000 INR','Monday – Friday','9:30am - 7pm','<ul>\r\n<li>Participate in all aspects of the software development life cycle (document, design, implement, test, and deploy).</li>\r\n<li>Adhere to industry best practices and contribute to internal coding standards.</li>\r\n<li>Learn and evaluate new technologies/tools as needed.</li>\r\n<li>Work closely with clients as per their requirements.</li>\r\n</ul>','<ul>\r\n<li>24 Leaves a year (you get paid for not taken leaves). Weekend Offs excluded.</li>\r\n<li>Excellent work-life balance</li>\r\n<li>Competitive Salary for your profile</li>\r\n<li>Performance Bonus</li>\r\n<li>Awards and Recognitions</li>\r\n<li>No Micro Management</li>\r\n<li>High Job Stability</li>\r\n<li>Team Outings &amp; Friday Fun</li>\r\n<li>Training Sessions</li>\r\n<li>Team Building Activities</li>\r\n</ul>','2025-02-04',7),(17,'Backend Developer(Node.js)','backend-developer-node-js','','user',1,'user',1,26,0,0,0,'2024-08-20 05:49:39','2024-10-04 11:18:57',3519,0,0,1,0,'everyone',NULL,0,1,1,'2 - 6 Years','Closed','Gurugram: Office No. 250, 2nd Floor, Tower B2 - Spaze IT Tech Park, Sohna Road, Sector 49, Gurugram, Haryana, 122018','<p>We are looking for a highly capable Node.js developer to optimize our web-based application performance. You will be collaborating with our front-end application developers, designing back-end components, and integrating data storage and protection solutions.</p>\r\n<div class=\"jobs-row clearfix position_description type-tinymce \">\r\n<div class=\"jobs-row-input\">\r\n<p>To ensure success as a Node.js developer, you should possess extensive knowledge of Node.Js based services and experience in a similar role. An accomplished Node.js developer will be someone whose expertise results in the stable, fast, and secure exchange of data between servers and end-users.</p>\r\n</div>\r\n</div>','<ul>\r\n<li>Bachelors or Master&rsquo;s degree in information technology, computer science or equivalent.</li>\r\n<li>2-6 Years of Working Experience in the relevant field.</li>\r\n<li>Demonstrated exposure through projects: <strong>Html, CSS, JavaScript, Node.js and Express.JS, Sequelize Database</strong>.</li>\r\n<li>Strong analytical thinking.</li>\r\n<li>Proficiency in Socket.io Programming. Should be able to handle millions of concurrent users.</li>\r\n<li>Knowledge of software development lifecycle (SDLC) and agile methodology.</li>\r\n<li>Cross-browser development and troubleshooting.</li>\r\n<li>Able to handle multiple projects and competing deadlines</li>\r\n<li>Good understanding of overall web design including basic usability, accessibility, industry standards, architecture, and navigation</li>\r\n<li>Portfolio of work required. Include examples of all areas of interaction design (user flows, wireframes, final graphical display)</li>\r\n<li>Have excellent interpersonal and teamwork skills.</li>\r\n<li>Comfortable working in a dynamic and fast-paced work environment.</li>\r\n</ul>','As per company norms','Monday – Friday','9:30am - 7pm','<ul>\r\n<li>Responsible for writing reusable, testable, and efficient code and developing and designing front end web applications.</li>\r\n<li>Managing a cloud-based interface would be an added advantage.</li>\r\n<li>Ensuring server management.</li>\r\n<li>Establishing and integrating development tools as required.</li>\r\n<li>Maintaining responsiveness of the application.</li>\r\n<li>Writing clean and well-structured codes.</li>\r\n<li>Testing applications and fixing bugs, along with security and data protection features.</li>\r\n<li>Designing and maintaining complex databases.</li>\r\n<li>Conduct and participate in project planning &amp; scheduling and design discussions.</li>\r\n<li>Work with development teams and product managers to ideate software solutions.</li>\r\n</ul>','<ul>\r\n<li>24 Leaves a year (you get paid for not taken leaves). Weekend Offs excluded.</li>\r\n<li>Excellent work-life balance</li>\r\n<li>Competitive Salary for your profile</li>\r\n<li>Performance Bonus</li>\r\n<li>Awards and Recognitions</li>\r\n<li>No Micro Management</li>\r\n<li>High Job Stability</li>\r\n<li>Team Outings &amp; Friday Fun</li>\r\n<li>Training Sessions</li>\r\n<li>Team Building Activities</li>\r\n</ul>','2024-02-04',8),(18,'Android Application Developer','android-application-developer','','user',1,'user',1,25,0,0,0,'2024-08-20 05:54:47','2024-10-04 11:20:23',3569,0,0,1,0,'everyone',NULL,0,1,1,'Min.2 Years','Closed','Office No. 250, 2nd Floor, Tower B2 - Spaze IT Tech Park, Sohna Road, Sector 49, Gurugram, Haryana, 122018','<p>Ahead WebSoft Technologies is seeking a highly skilled and experienced Senior Android Developer to join our dynamic and innovative development team.</p>\r\n<p>As a Senior Android Developer, you will be responsible for designing, developing, and maintaining advanced Android applications.</p>\r\n<div class=\"jobs-row clearfix position_description type-tinymce \">\r\n<div class=\"jobs-row-input\">\r\n<p>You will work closely with cross-functional teams to deliver high-quality software solutions that meet client requirements.</p>\r\n</div>\r\n</div>','<ul>\r\n<li>Bachelor\'s or Master&rsquo;s degree in information technology, computer science, or equivalent.</li>\r\n<li>Minimum 2 years of professional experience in Android application development.</li>\r\n<li>Proven track record of successfully delivering Android applications from start to finish.</li>\r\n<li>Strong proficiency in Java or Kotlin programming languages.</li>\r\n<li>Solid understanding of Android framework components, architecture patterns (MVC, MVVM), and development best practices.</li>\r\n<li>Experience with Android Studio, Gradle, and version control systems (e.g. Git).</li>\r\n<li>Working Experience with remote data via REST APIs.</li>\r\n<li>Familiarity with modern Android development libraries, such as Retrofit, Dagger, RxJava, etc.</li>\r\n<li>Strong knowledge of Android UI design principles, patterns, and best practices.</li>\r\n<li>Capable of making use of standard libraries and APIs.</li>\r\n<li>Knows ins &amp; outs of the whole mobile development lifecycle.</li>\r\n<li>Working Knowledge of Firebase developer console knowledge &amp; Third-party integration just Facebook login, Gmail login in the app and Socket.io is a must.</li>\r\n<li>Working knowledge of the general mobile landscape, architectures, trends, and emerging technologies.</li>\r\n<li>Ability to quickly learn and adapt to new technologies and development frameworks.</li>\r\n<li>Comfortable working in a dynamic and fast-paced work environment.</li>\r\n<li>Analytical and good in time management.</li>\r\n</ul>','As per company norms','Monday – Friday','9:30am - 7pm','<ul>\r\n<li>Design and develop high-quality, scalable, and efficient Android applications.</li>\r\n<li>Collaborate with product managers, UI/UX designers, and other developers to understand project requirements and translate them into technical specifications.</li>\r\n<li>Conduct thorough code reviews to ensure code quality, maintainability, and adherence to coding standards.</li>\r\n<li>Optimize application performance, memory usage, and responsiveness.</li>\r\n<li>Troubleshoot and debug complex issues, identify root causes, and implement effective solutions.</li>\r\n<li>Stay up-to-date with the latest Android development trends, tools, and technologies.</li>\r\n<li>Mentor and guide junior developers, providing technical leadership and sharing best practices.</li>\r\n<li>Continuously improve development processes and contribute to the overall software development lifecycle.</li>\r\n</ul>','<ul>\r\n<li>Exposure to industry-standard tools, technologies, and development practices.</li>\r\n<li>Opportunity to work on real-world projects and contribute to their success.</li>\r\n<li>Growth and learning opportunities within the organization.</li>\r\n<li>24 Leaves a year (you get paid for not taking leaves). Weekend Offs excluded.</li>\r\n<li>Excellent work-life balance</li>\r\n<li>Awards and Recognitions</li>\r\n<li>No Micro-Management</li>\r\n<li>High Job Stability</li>\r\n</ul>','2024-01-02',9),(19,'HR Executive','hr-executive','','user',1,'user',1,23,0,0,0,'2024-08-20 06:00:01','2025-04-21 12:35:55',3438,0,0,1,0,'everyone',NULL,0,1,1,'0 - 4 Years','Full Time','Gurugram: Office No. 250, 2nd Floor, Tower B2 - Spaze IT Tech Park, Sohna Road, Sector 49, Gurugram, Haryana, 122018','<p>We are looking for a dynamic HR Executive with 0-4 year of experience to join our team. The ideal candidate will be responsible for sourcing, screening, and hiring top talent while ensuring a seamless recruitment process.</p>\r\n<div class=\"sub_title mb-3\">HR Functions:</div>\r\n<ul style=\"list-style: disc;\">\r\n<li><strong>Recruitment and Onboarding:</strong> Managing job postings, screening resumes, conducting interviews, and onboarding new hires.\r\n<ul>\r\n<li>Publish and remove job ads</li>\r\n<li>Develop training and onboarding material</li>\r\n<li>Gather payroll data like bank accounts and working days.</li>\r\n<li>Maintaining physical and digital personnel records like employment contracts and PTO requests.</li>\r\n<li>Respond to employees&rsquo; questions about benefits (for example, number of vacation days they&rsquo;re eligible for).</li>\r\n</ul>\r\n</li>\r\n<li><strong>JD Creation:</strong> Co-ordinating with managers for creating JDs of various open job profiles.</li>\r\n<li><strong>Employee Relations:</strong> Addressing employee inquiries, resolving conflicts, and ensuring a positive work environment.</li>\r\n<li><strong>Payroll and Benefits:</strong> Processing payroll, managing employee benefits, and ensuring compliance.</li>\r\n<li><strong>Performance Management:</strong> Supporting performance reviews, conducting training, and developing employee development plans.</li>\r\n<li>Cultivating a positive and welcoming work environment.</li>\r\n</ul>','<ul style=\"list-style: disc;\">\r\n<li><strong>Organizational Skills:</strong> Ability to manage multiple tasks and deadlines efficiently</li>\r\n<li><strong>Communication Skills:</strong> Strong written and verbal communication skills to interact with employees and stakeholders.</li>\r\n<li><strong>Problem-Solving Skills:</strong> Ability to identify and resolve HR and administrative issues.</li>\r\n<li><strong>Teamwork and Collaboration:</strong> Ability to work effectively with others.</li>\r\n<li>Should be proactive, reliable, and capable of handling confidential information.</li>\r\n<li>Expertise with an ability to understand and explain job requirements for job roles.</li>\r\n<li>Self-motivated and adaptable to high-pressure work environments.</li>\r\n<li>Strong proficiency in MS Office applications, particularly Excel and Word</li>\r\n</ul>','As per company norms','Monday – Friday','9:30am - 7pm','<ul style=\"list-style: disc;\">\r\n<li><strong>Record Keeping:</strong> Maintaining accurate and organized employee records, databases, and files.</li>\r\n<li><strong>Data Management and Processing:</strong> Managing data related to payroll, benefits, and other HR-related tasks.</li>\r\n<li><strong>Coordination and Communication:</strong> Coordinating meetings, events, and other administrative tasks.</li>\r\n<li><strong>Office Management:</strong> Managing office supplies, equipment, and facilities.</li>\r\n<li><strong>Travel Arrangements:</strong> Assisting with travel arrangements for employees, company outings, managing events and outings.</li>\r\n<li><strong>HR Policies and Procedures:</strong> Developing, implementing, and communicating HR policies and procedures. Creating and distributing guidelines and FAQ documents about company policies.</li>\r\n</ul>','<ul>\r\n<li>Excellent work-life balance</li>\r\n<li>Competitive Salary for your profile</li>\r\n<li>Performance Bonus</li>\r\n<li>Awards and Recognitions</li>\r\n<li>No Micro Management</li>\r\n<li>High Job Stability</li>\r\n<li>Team Outings &amp; Friday Fun</li>\r\n<li>Training Sessions</li>\r\n<li>Team Building Activities</li>\r\n</ul>','2025-04-11',10),(20,'Server Administrator (AWS)','server-administrator-aws','','user',1,'user',1,22,0,0,0,'2024-08-20 06:03:48','2025-04-21 12:56:26',3432,0,0,1,0,'everyone',NULL,0,1,1,'2 to 4 Years','Closed','Gurugram: Office No. 250, 2nd Floor, Tower B2 - Spaze IT Tech Park, Sohna Road, Sector 49, Gurugram, Haryana, 122018','<ul>\r\n<li>We are looking for Server Administrator for managing Amazon AWS Cloud server including EC2 machine setup, Load Balancer, Cloudfront, S3, Caching, FFMPEG, RDS setup, etc.</li>\r\n<li>You should be able to setup the RDS database.</li>\r\n<li>Redis Cache / Memcached / APCu Cache Installation.</li>\r\n<li>You will have to migrate websites from another shared, vps or dedicated hostings.</li>\r\n<li>Install and setup Git, so you should have strong knowledge with the same and git commands.</li>\r\n<li>You will have to take automatic back-ups on S3 or by using AWS inbuilt function.</li>\r\n<li>Node and React installation on same machine using NGINX webserver proxies.</li>\r\n<li>Works on more than one task at a time and manages work effectively by prioritizing own assignments, schedules, and meetings resulting in timely completion of work.</li>\r\n<li>Maintain documented (e.g. Disaster Recovery) procedures for OS Infrastructure.</li>\r\n<li>Setup Cloudwatch, SES services, etc as per the requirements.</li>\r\n<li>Cloudfront setup for images and website.</li>\r\n</ul>','<ul>\r\n<li>Bachelor\'s Degree in Technology /Engineering or Masters in Computer Applications (MCA) or Master of Science in Computer Science from a reputed institute.</li>\r\n<li>AWS Administration, Configuration &amp; Manage various services.</li>\r\n<li>Good knowledge of installing React, Node &amp; MongoDB.</li>\r\n<li>Knowledge of C-Panel/WHM Installation.</li>\r\n<li>Should have good knowledge of Shared/Dedicated/VPS server setup</li>\r\n<li>Website Migration from Shared, Dedicated or VPS servers.</li>\r\n<li>AWS &amp; External SSL Setup &amp; Integration with Website</li>\r\n<li>Startup experience a + point.</li>\r\n</ul>','2,40000 INR - 4,40,000 INR','Monday – Friday','9:30am - 7pm','<ul>\r\n<li>The responsibility of the individual is to create and manage the instances of the cloud infrastructure services and the cloud servers.</li>\r\n<li>Collaborates and contributes with team members, software vendors, and other technical staff to develop, design, implement, and continuously improve systems.</li>\r\n<li>Follows procedures and guidelines to install, patch, configure, customize, troubleshoot, upgrade, integrate, and maintain systems, software, network and port configuration, host-based firewalls, and peripherals.</li>\r\n<li>Adhere to industry best practices and contribute to internal coding standards.</li>\r\n<li>Learn and evaluate new technologies/tools as needed and provide valuable suggestions to improve overall hosting experience on AWS. Work closely with clients as per their requirements.</li>\r\n<li>Would require on-call availability and working a 24 x 7 shift hours.</li>\r\n</ul>','<ul>\r\n<li>24 Leaves a year (you get paid for not taken leaves). Weekend Offs excluded.</li>\r\n<li>Excellent work-life balance</li>\r\n<li>Competitive Salary for your profile</li>\r\n<li>Performance Bonus</li>\r\n<li>Awards and Recognitions</li>\r\n<li>No Micro Management</li>\r\n<li>High Job Stability</li>\r\n<li>Team Outings &amp; Friday Fun</li>\r\n<li>Training Sessions</li>\r\n<li>Team Building Activities</li>\r\n</ul>','2024-08-19',11),(21,'SEO Specialist','seo-specialist','','user',1,'user',1,21,0,0,0,'2024-08-20 06:06:31','2025-01-17 09:14:58',3189,0,0,1,0,'everyone',NULL,0,1,1,'Min.3 Years','Closed','Gurugram: Office No. 250, 2nd Floor, Tower B2 - Spaze IT Tech Park, Sohna Road, Sector 49, Gurugram, Haryana, 122018','<p>We are looking for an SEO Specialist to manage all search engine optimization activities.</p>\r\n<div class=\"jobs-row clearfix position_description type-tinymce \">\r\n<div class=\"jobs-row-input\">\r\n<p>You will be responsible for managing all SEO activities such as content strategy, link building and keyword strategy to increase rankings on all major search networks. You will also manage all SEM campaigns on Google, Yahoo and Bing in order to maximize ROI.</p>\r\n</div>\r\n</div>','<ul>\r\n<li>Minimum 3 Years of Working Experience in the relevant field.</li>\r\n<li>Proficiency in SEO, SMO and Google AdWords (PPC and other paid campaigns).</li>\r\n<li>International SEO, ccTLDs, markup, sitemaps and GSC implementation.</li>\r\n<li>Must be able to deliver growth in keyword ranking</li>\r\n<li>Hands-on SEO experience in creating quality backlinks on High authority websites.</li>\r\n<li>Proficiency in MS Office (Excel, Word, PowerPoint).</li>\r\n<li>Experience working with popular keywords tools (Google Keyword Planner, SEMrush, etc.).</li>\r\n<li>Technical Site audits analysis, recommendations and implementations.</li>\r\n<li>Keyword Research and Competitor Analysis.</li>\r\n<li>Content analysis.</li>\r\n<li>Have excellent interpersonal and teamwork skills.</li>\r\n<li>Comfortable working in a dynamic and fast-paced work environment.</li>\r\n<li>Experience with SEO and SEM Strong written, verbal and collaboration skills.</li>\r\n<li>Skilled in digital marketing techniques like social media marketing, search engine optimization (SEO), ORM, etc.</li>\r\n<li>Skilled in Google Analytics, SEO tools, WordPress.</li>\r\n<li>Good communication and interpersonal skills.</li>\r\n</ul>','As per company norms','Monday – Friday','9:30am - 7pm','<ul>\r\n<li>Technical Analysis: Conduct comprehensive technical site audits on desktop as well as mobile to identify gaps like page indexing, text to HTML ratio, broken links, page speed, mobile-friendliness, etc. and suggest recommendations.</li>\r\n<li>On-Page Optimization: Conduct detailed analysis of all on-page attributes like H1 tags, meta-tags, title tags, etc. and provide recommendations based on SEO best practices for optimization.</li>\r\n<li>Off-page: Conduct in-depth link analysis by evaluating multiple link data points and properties. Off Page Promotions (Article, Blog, directories, forums, bookmarking, micro blog, social networks, press release, news, classifieds, business directories).</li>\r\n<li>Categorize the links as positive or negative impact links and create action plans around link building or removal.</li>\r\n<li>SEO analytics: Conduct data analysis on SEO and derive actionable insights to enable continuous optimization. Be analytical and creative in representing SEO data in different reports and dashboards. Provide SEO insights on the client deliverables.</li>\r\n<li>Keep pace with SEO, search engine, social media, and internet marketing industry trends and developments.</li>\r\n<li>Develop strategies required to provide the keyword to page mapping, identify content gaps and suggestions in the form of content calendars for both on and off the site.</li>\r\n<li>Providing suggestions to improve website page load speed on desktop and mobile and also mobile-friendliness.</li>\r\n<li>Conducting competitor research for keyword gaps, content gaps, and other SEO opportunities.</li>\r\n<li>Using Google Analytics to conduct performance reports regularly.</li>\r\n<li>Creating Backlink, articles and directory posting, press releases, etc.</li>\r\n<li>Apply knowledge of PPC programs and optimize data gathered from both organic and paid sources.</li>\r\n<li>Identifying and implementing strategies for increasing site traffic through organic search listings without being blacklisted.</li>\r\n<li>Assisting in layout of web pages when required.</li>\r\n<li>Design, build and maintain a strong social media presence.</li>\r\n<li>Contribute to social media engagement and brand awareness campaigns.</li>\r\n<li>Work closely with the graphic designing team.</li>\r\n</ul>','<ul>\r\n<li>24 Leaves a year (you get paid for not taking leaves). Weekend Offs excluded.</li>\r\n<li>Excellent work-life balance</li>\r\n<li>Competitive Salary for your profile</li>\r\n<li>Performance Bonus</li>\r\n<li>Awards and Recognitions</li>\r\n<li>No Micro-Management</li>\r\n<li>High Job Stability</li>\r\n<li>Team Outings &amp; Friday Fun</li>\r\n<li>Training Sessions</li>\r\n<li>Team Building Activities</li>\r\n</ul>','2024-08-11',12),(22,'Technical Sales & Support Engineer','technical-sales-support-engineer','','user',1,'user',1,22,0,0,0,'2024-11-12 10:04:06','2024-11-12 10:07:17',3222,0,0,1,0,'everyone',NULL,0,1,1,'Minimum 6 Months','Full Time','Gurugram','<div>As a Technical Sales &amp; Support Engineer, you will play&nbsp;a crucial role in driving our sales strategy and&nbsp;supporting clients throughout their journey. You will be</div>\r\n<div>responsible for identifying high-potential leads, conducting outreach, and managing the sales process from initial contact to closing deals.</div>','<ul>\r\n<li>Bachelor\'s degree in a relevant field (e.g., Computer Science, Engineering, Business) or equivalent experience.</li>\r\n<li>Proven experience in technical sales and support, preferably in the technology industry.</li>\r\n<li>Proficiency in CRM software and sales tracking tools.</li>\r\n<li>Strong technical background with a good understanding of software development, web technologies, and digital solutions.</li>\r\n<li>Excellent communication and presentation skills, with the ability to effectively articulate technical concepts to both technical and non-technical audiences.</li>\r\n<li>Demonstrated ability to build and maintain strong client relationships.</li>\r\n<li>Proven track record of meeting or exceeding sales targets.</li>\r\n<li>Strong negotiation and closing skills.</li>\r\n<li>Ability to work independently as well as collaboratively in a team environment.</li>\r\n<li>Experience with selling web development services, software solutions, or digital products.</li>\r\n</ul>','As per company norms','Monday – Friday','09:30 am - 7:00pm IST','<ul>\r\n<li>Quickly address emails and inquiries about the company&rsquo;s software products and services, aiming to convert them into sales.</li>\r\n<li>Create and implement effective sales strategies and processes tailored to our B2B SaaS offerings.</li>\r\n<li>Identify and qualify high-potential leads through market research and analysis via communication channels like Email, Skype and WhatsApp.</li>\r\n<li>Conduct discovery calls to understand client needs and follow up with tailored proposals.</li>\r\n<li>Utilize persuasive negotiation techniques and effective follow-up strategies to close deals.</li>\r\n<li>Develop and maintain a strong understanding of company products and services.</li>\r\n<li>Conduct in-depth technical presentations and demonstrations to prospective clients.</li>\r\n<li>Build and maintain strong relationships with clients to ensure customer satisfaction and maximize sales opportunities.</li>\r\n<li>Provide technical guidance to clients, addressing their queries and concerns.</li>\r\n<li>Prepare accurate sales reports and forecasts for management review.</li>\r\n<li>Collaborate with the marketing team to develop effective sales and promotional materials.</li>\r\n<li>Stay updated on industry trends, competitor activities, and emerging technologies.</li>\r\n</ul>','<ul>\r\n<li>Excellent work-life balance</li>\r\n<li>Competitive Salary for your profile</li>\r\n<li>Performance Bonus</li>\r\n<li>Awards and Recognitions</li>\r\n<li>Team Outings &amp; Friday Fun</li>\r\n<li>Team Building Activities</li>\r\n</ul>','2024-11-11',1);

--
-- Table structure for table `engine4_career_categories`
--

CREATE TABLE `engine4_career_categories` (
  `category_id` int(11) NOT NULL AUTO_INCREMENT,
  `user_id` int(11) unsigned NOT NULL,
  `category_name` varchar(128) NOT NULL,
  `subcat_id` int(11) NOT NULL DEFAULT 0,
  `subsubcat_id` int(11) NOT NULL DEFAULT 0,
  `order` int(11) NOT NULL DEFAULT 0,
  PRIMARY KEY (`category_id`),
  KEY `user_id` (`user_id`),
  KEY `category_id` (`category_id`,`category_name`),
  KEY `category_name` (`category_name`)
) ENGINE=InnoDB AUTO_INCREMENT=28 DEFAULT CHARSET=utf8mb4 COLLATE=utf8mb4_unicode_ci;

--
-- Dumping data for table `engine4_career_categories`
--

INSERT INTO `engine4_career_categories` VALUES (21,1,'SEO & Digital Marketing',0,0,0),(22,1,'Support & Server Administration Team',0,0,1),(23,1,'HR Team',0,0,2),(24,1,'QA Team',0,0,3),(25,1,'Mobile Application Team',0,0,4),(26,1,'Development Team',0,0,6),(27,1,'Business & Management',0,0,5);

--
-- Table structure for table `engine4_career_ratings`
--

CREATE TABLE `engine4_career_ratings` (
  `career_id` int(10) unsigned NOT NULL,
  `user_id` int(9) unsigned NOT NULL,
  `rating` tinyint(1) unsigned DEFAULT NULL,
  PRIMARY KEY (`career_id`,`user_id`),
  KEY `INDEX` (`career_id`)
) ENGINE=InnoDB DEFAULT CHARSET=utf8mb4 COLLATE=utf8mb4_unicode_ci;

--
-- Dumping data for table `engine4_career_ratings`
--


--
-- Table structure for table `engine4_career_subscriptions`
--

CREATE TABLE `engine4_career_subscriptions` (
  `subscription_id` int(10) unsigned NOT NULL AUTO_INCREMENT,
  `user_id` int(10) unsigned NOT NULL,
  `subscriber_user_id` int(10) unsigned NOT NULL,
  PRIMARY KEY (`subscription_id`),
  UNIQUE KEY `user_id` (`user_id`,`subscriber_user_id`),
  KEY `subscriber_user_id` (`subscriber_user_id`)
) ENGINE=InnoDB DEFAULT CHARSET=utf8mb4 COLLATE=utf8mb4_unicode_ci;

--
-- Dumping data for table `engine4_career_subscriptions`
--


--
-- Table structure for table `engine4_comment_commentfiles`
--

CREATE TABLE `engine4_comment_commentfiles` (
  `commentfile_id` int(11) unsigned NOT NULL AUTO_INCREMENT,
  `comment_id` int(11) unsigned NOT NULL,
  `type` varchar(255) NOT NULL,
  `file_id` int(11) unsigned NOT NULL,
  PRIMARY KEY (`commentfile_id`)
) ENGINE=InnoDB DEFAULT CHARSET=utf8mb4 COLLATE=utf8mb4_unicode_ci;

--
-- Dumping data for table `engine4_comment_commentfiles`
--


--
-- Table structure for table `engine4_comment_emotioncategories`
--

CREATE TABLE `engine4_comment_emotioncategories` (
  `category_id` int(11) NOT NULL AUTO_INCREMENT,
  `title` varchar(255) NOT NULL,
  `color` varchar(128) NOT NULL,
  `file_id` int(11) NOT NULL DEFAULT 0,
  PRIMARY KEY (`category_id`)
) ENGINE=InnoDB AUTO_INCREMENT=11 DEFAULT CHARSET=utf8mb4 COLLATE=utf8mb4_unicode_ci;

--
-- Dumping data for table `engine4_comment_emotioncategories`
--

INSERT INTO `engine4_comment_emotioncategories` VALUES (1,'Happy','#FF4912',91),(2,'In Love','#F64E88',92),(3,'Sad','#A9A192',93),(4,'Eating','#FC8A0F',94),(5,'Celebrating','#95C63F',95),(6,'Active','#54C6E3',96),(7,'Working','#19B596',97),(8,'Sleepy','#9571A9',98),(9,'Angry','#ED513E',99),(10,'Confused','#B37736',100);

--
-- Table structure for table `engine4_comment_emotionfiles`
--

CREATE TABLE `engine4_comment_emotionfiles` (
  `files_id` int(11) unsigned NOT NULL AUTO_INCREMENT,
  `photo_id` int(11) unsigned NOT NULL,
  `gallery_id` int(11) unsigned NOT NULL,
  PRIMARY KEY (`files_id`)
) ENGINE=InnoDB AUTO_INCREMENT=21 DEFAULT CHARSET=utf8mb4 COLLATE=utf8mb4_unicode_ci;

--
-- Dumping data for table `engine4_comment_emotionfiles`
--

INSERT INTO `engine4_comment_emotionfiles` VALUES (1,107,1),(2,108,1),(3,109,1),(4,110,2),(5,111,2),(6,112,2),(7,113,2),(8,114,2),(9,115,3),(10,116,3),(11,117,3),(12,118,4),(13,119,4),(14,120,4),(15,121,5),(16,122,5),(17,123,5),(18,124,6),(19,125,6),(20,126,6);

--
-- Table structure for table `engine4_comment_emotiongalleries`
--

CREATE TABLE `engine4_comment_emotiongalleries` (
  `gallery_id` int(11) unsigned NOT NULL AUTO_INCREMENT,
  `title` varchar(255) NOT NULL,
  `file_id` int(11) unsigned NOT NULL,
  `category_id` int(11) NOT NULL,
  `enabled` tinyint(1) NOT NULL DEFAULT 1,
  PRIMARY KEY (`gallery_id`)
) ENGINE=InnoDB AUTO_INCREMENT=7 DEFAULT CHARSET=utf8mb4 COLLATE=utf8mb4_unicode_ci;

--
-- Dumping data for table `engine4_comment_emotiongalleries`
--

INSERT INTO `engine4_comment_emotiongalleries` VALUES (1,'Meep',101,1,1),(2,'Minions',102,1,1),(3,'Lazy Life Line',103,8,1),(4,'Waddles',104,1,1),(5,'Panda',105,2,1),(6,'Tom And Jerry',106,6,1);

--
-- Table structure for table `engine4_comment_reactions`
--

CREATE TABLE `engine4_comment_reactions` (
  `reaction_id` int(11) NOT NULL AUTO_INCREMENT,
  `title` varchar(255) NOT NULL,
  `file_id` int(11) NOT NULL DEFAULT 0,
  `enabled` tinyint(1) NOT NULL DEFAULT 1,
  PRIMARY KEY (`reaction_id`)
) ENGINE=InnoDB AUTO_INCREMENT=7 DEFAULT CHARSET=utf8mb4 COLLATE=utf8mb4_unicode_ci;

--
-- Dumping data for table `engine4_comment_reactions`
--

INSERT INTO `engine4_comment_reactions` VALUES (1,'Like',409,1),(2,'Love',410,1),(3,'Haha',411,1),(4,'Wow',412,1),(5,'Angry',413,1),(6,'Sad',414,1);

--
-- Table structure for table `engine4_comment_useremotions`
--

CREATE TABLE `engine4_comment_useremotions` (
  `emotion_id` int(11) unsigned NOT NULL AUTO_INCREMENT,
  `user_id` int(11) unsigned NOT NULL,
  `gallery_id` int(11) unsigned NOT NULL,
  PRIMARY KEY (`emotion_id`)
) ENGINE=InnoDB DEFAULT CHARSET=utf8mb4 COLLATE=utf8mb4_unicode_ci;

--
-- Dumping data for table `engine4_comment_useremotions`
--


--
-- Table structure for table `engine4_comment_voteupdowns`
--

CREATE TABLE `engine4_comment_voteupdowns` (
  `voteupdown_id` int(11) NOT NULL AUTO_INCREMENT,
  `type` varchar(10) NOT NULL DEFAULT 'upvote',
  `resource_type` varchar(100) NOT NULL,
  `resource_id` int(11) NOT NULL,
  `user_type` varchar(100) NOT NULL,
  `user_id` int(11) NOT NULL,
  `creation_date` datetime NOT NULL,
  PRIMARY KEY (`voteupdown_id`)
) ENGINE=InnoDB DEFAULT CHARSET=utf8mb4 COLLATE=utf8mb4_unicode_ci;

--
-- Dumping data for table `engine4_comment_voteupdowns`
--


--
-- Table structure for table `engine4_core_adcampaigns`
--

CREATE TABLE `engine4_core_adcampaigns` (
  `adcampaign_id` int(11) unsigned NOT NULL AUTO_INCREMENT,
  `end_settings` tinyint(4) NOT NULL,
  `name` varchar(255) NOT NULL,
  `start_time` datetime NOT NULL,
  `end_time` datetime NOT NULL,
  `limit_view` int(11) unsigned NOT NULL DEFAULT 0,
  `limit_click` int(11) unsigned NOT NULL DEFAULT 0,
  `limit_ctr` varchar(11) NOT NULL DEFAULT '0',
  `network` varchar(255) NOT NULL,
  `level` varchar(255) NOT NULL,
  `target_member` tinyint(4) NOT NULL DEFAULT 1,
  `views` int(11) unsigned NOT NULL DEFAULT 0,
  `clicks` int(11) unsigned NOT NULL DEFAULT 0,
  `status` tinyint(4) NOT NULL DEFAULT 0,
  PRIMARY KEY (`adcampaign_id`)
) ENGINE=InnoDB DEFAULT CHARSET=utf8mb4 COLLATE=utf8mb4_unicode_ci;

--
-- Dumping data for table `engine4_core_adcampaigns`
--


--
-- Table structure for table `engine4_core_adphotos`
--

CREATE TABLE `engine4_core_adphotos` (
  `adphoto_id` int(11) unsigned NOT NULL AUTO_INCREMENT,
  `ad_id` int(11) unsigned NOT NULL,
  `title` varchar(128) NOT NULL,
  `description` varchar(255) NOT NULL,
  `file_id` int(11) unsigned NOT NULL,
  `creation_date` datetime NOT NULL,
  `modified_date` datetime NOT NULL,
  PRIMARY KEY (`adphoto_id`),
  KEY `ad_id` (`ad_id`)
) ENGINE=InnoDB DEFAULT CHARSET=utf8mb4 COLLATE=utf8mb4_unicode_ci;

--
-- Dumping data for table `engine4_core_adphotos`
--


--
-- Table structure for table `engine4_core_ads`
--

CREATE TABLE `engine4_core_ads` (
  `ad_id` int(11) unsigned NOT NULL AUTO_INCREMENT,
  `name` varchar(16) NOT NULL,
  `ad_campaign` int(11) unsigned NOT NULL,
  `views` int(11) unsigned NOT NULL DEFAULT 0,
  `clicks` int(11) unsigned NOT NULL DEFAULT 0,
  `media_type` varchar(255) NOT NULL,
  `html_code` text NOT NULL,
  `photo_id` int(11) unsigned NOT NULL DEFAULT 0,
  PRIMARY KEY (`ad_id`),
  KEY `ad_campaign` (`ad_campaign`)
) ENGINE=InnoDB DEFAULT CHARSET=utf8mb4 COLLATE=utf8mb4_unicode_ci;

--
-- Dumping data for table `engine4_core_ads`
--


--
-- Table structure for table `engine4_core_auth`
--

CREATE TABLE `engine4_core_auth` (
  `id` varchar(40) NOT NULL,
  `user_id` int(11) unsigned NOT NULL,
  `type` varchar(32) DEFAULT NULL,
  `expires` int(11) NOT NULL DEFAULT 0,
  PRIMARY KEY (`id`,`user_id`),
  KEY `expires` (`expires`),
  KEY `type` (`type`)
) ENGINE=InnoDB DEFAULT CHARSET=utf8mb4 COLLATE=utf8mb4_unicode_ci;

--
-- Dumping data for table `engine4_core_auth`
--


--
-- Table structure for table `engine4_core_bannedemails`
--

CREATE TABLE `engine4_core_bannedemails` (
  `bannedemail_id` int(10) unsigned NOT NULL AUTO_INCREMENT,
  `email` varchar(255) NOT NULL,
  PRIMARY KEY (`bannedemail_id`),
  UNIQUE KEY `email` (`email`)
) ENGINE=InnoDB AUTO_INCREMENT=2 DEFAULT CHARSET=utf8mb4 COLLATE=utf8mb4_unicode_ci;

--
-- Dumping data for table `engine4_core_bannedemails`
--

INSERT INTO `engine4_core_bannedemails` VALUES (1,'');

--
-- Table structure for table `engine4_core_bannedips`
--

CREATE TABLE `engine4_core_bannedips` (
  `bannedip_id` int(10) unsigned NOT NULL AUTO_INCREMENT,
  `start` varbinary(16) NOT NULL,
  `stop` varbinary(16) NOT NULL,
  PRIMARY KEY (`bannedip_id`),
  UNIQUE KEY `start` (`start`,`stop`)
) ENGINE=InnoDB DEFAULT CHARSET=utf8mb4 COLLATE=utf8mb4_unicode_ci;

--
-- Dumping data for table `engine4_core_bannedips`
--


--
-- Table structure for table `engine4_core_bannedusernames`
--

CREATE TABLE `engine4_core_bannedusernames` (
  `bannedusername_id` int(10) unsigned NOT NULL AUTO_INCREMENT,
  `username` varchar(255) NOT NULL,
  PRIMARY KEY (`bannedusername_id`),
  KEY `username` (`username`)
) ENGINE=InnoDB AUTO_INCREMENT=2 DEFAULT CHARSET=utf8mb4 COLLATE=utf8mb4_unicode_ci;

--
-- Dumping data for table `engine4_core_bannedusernames`
--

INSERT INTO `engine4_core_bannedusernames` VALUES (1,'');

--
-- Table structure for table `engine4_core_bannedwords`
--

CREATE TABLE `engine4_core_bannedwords` (
  `bannedword_id` int(10) unsigned NOT NULL AUTO_INCREMENT,
  `word` text NOT NULL,
  PRIMARY KEY (`bannedword_id`)
) ENGINE=InnoDB DEFAULT CHARSET=utf8mb4 COLLATE=utf8mb4_unicode_ci;

--
-- Dumping data for table `engine4_core_bannedwords`
--


--
-- Table structure for table `engine4_core_banners`
--

CREATE TABLE `engine4_core_banners` (
  `banner_id` int(11) unsigned NOT NULL AUTO_INCREMENT,
  `name` varchar(64) NOT NULL,
  `title` varchar(64) NOT NULL,
  `module` varchar(32) NOT NULL,
  `caption` varchar(64) DEFAULT NULL,
  `body` varchar(255) NOT NULL,
  `photo_id` int(11) unsigned NOT NULL DEFAULT 0,
  `params` text NOT NULL,
  `custom` tinyint(1) NOT NULL DEFAULT 0,
  PRIMARY KEY (`banner_id`),
  KEY `module` (`module`)
) ENGINE=InnoDB AUTO_INCREMENT=5 DEFAULT CHARSET=utf8mb4 COLLATE=utf8mb4_unicode_ci;

--
-- Dumping data for table `engine4_core_banners`
--

INSERT INTO `engine4_core_banners` VALUES (1,'core','Welcome to our Network','core','Welcome to our Network','We offer everyone the opportunity to engage and discover the world with fun and positivity.',0,'{\"label\":\"Join\",\"uri\":\"signup\"}',0),(2,'user','Connect with People','user','Connect with People','The world is a book. Those who do not connect with others miss many pages.',0,'{\"label\":\"Invite\",\"route\":\"default\",\"routeParams\":{\"module\":\"invite\"}}',0),(3,'career','Words have Power','career','Words have Power','Post or read Careers for inspiration, entertainment, education and more.',0,'{\"label\":\"Write New Entry\",\"route\":\"career_general\",\"routeParams\":{\"action\":\"create\"}}',0),(4,'blog','Words have Power','blog','Words have Power','Post or read Blogs for inspiration, entertainment, education and more.',0,'{\"label\":\"Write New Entry\",\"route\":\"blog_general\",\"routeParams\":{\"action\":\"create\"}}',0);

--
-- Table structure for table `engine4_core_categories`
--

CREATE TABLE `engine4_core_categories` (
  `category_id` int(11) NOT NULL AUTO_INCREMENT,
  `user_id` int(11) unsigned NOT NULL,
  `category_name` varchar(128) NOT NULL,
  `subcat_id` int(11) NOT NULL DEFAULT 0,
  `subsubcat_id` int(11) NOT NULL DEFAULT 0,
  `order` int(11) NOT NULL DEFAULT 0,
  `type` varchar(128) NOT NULL DEFAULT 'tickets',
  PRIMARY KEY (`category_id`),
  KEY `user_id` (`user_id`),
  KEY `category_id` (`category_id`,`category_name`),
  KEY `category_name` (`category_name`),
  KEY `subcat_id` (`subcat_id`),
  KEY `subsubcat_id` (`subsubcat_id`),
  KEY `order` (`order`),
  KEY `type` (`type`)
) ENGINE=InnoDB DEFAULT CHARSET=utf8mb4 COLLATE=utf8mb4_unicode_ci;

--
-- Dumping data for table `engine4_core_categories`
--


--
-- Table structure for table `engine4_core_comments`
--

CREATE TABLE `engine4_core_comments` (
  `comment_id` int(11) unsigned NOT NULL AUTO_INCREMENT,
  `resource_type` varchar(32) NOT NULL,
  `resource_id` int(11) unsigned NOT NULL,
  `poster_type` varchar(32) NOT NULL,
  `poster_id` int(11) unsigned NOT NULL,
  `body` text NOT NULL,
  `creation_date` datetime NOT NULL,
  `params` text DEFAULT NULL,
  `like_count` int(11) unsigned NOT NULL DEFAULT 0,
  `file_id` int(11) NOT NULL DEFAULT 0,
  `parent_id` int(11) NOT NULL DEFAULT 0,
  `gif_id` int(11) NOT NULL DEFAULT 0,
  `gif_url` text DEFAULT NULL,
  `emoji_id` int(11) NOT NULL DEFAULT 0,
  `reply_count` int(11) NOT NULL DEFAULT 0,
  `preview` int(11) NOT NULL DEFAULT 0,
  `showpreview` tinyint(1) NOT NULL DEFAULT 0,
  `vote_up_count` int(11) NOT NULL DEFAULT 0,
  `vote_down_count` int(11) NOT NULL DEFAULT 0,
  PRIMARY KEY (`comment_id`),
  KEY `resource_type` (`resource_type`,`resource_id`),
  KEY `poster_type` (`poster_type`,`poster_id`),
  KEY `creation_date` (`creation_date`),
  KEY `like_count` (`like_count`)
) ENGINE=InnoDB DEFAULT CHARSET=utf8mb4 COLLATE=utf8mb4_unicode_ci;

--
-- Dumping data for table `engine4_core_comments`
--


--
-- Table structure for table `engine4_core_content`
--

CREATE TABLE `engine4_core_content` (
  `content_id` int(11) unsigned NOT NULL AUTO_INCREMENT,
  `page_id` int(11) unsigned NOT NULL,
  `type` varchar(32) NOT NULL DEFAULT 'widget',
  `name` varchar(64) NOT NULL,
  `parent_content_id` int(11) unsigned DEFAULT NULL,
  `order` int(11) NOT NULL DEFAULT 1,
  `params` text DEFAULT NULL,
  `attribs` text DEFAULT NULL,
  PRIMARY KEY (`content_id`),
  KEY `page_id` (`page_id`,`order`),
  KEY `name` (`name`)
) ENGINE=InnoDB AUTO_INCREMENT=1326 DEFAULT CHARSET=utf8mb4 COLLATE=utf8mb4_unicode_ci;

--
-- Dumping data for table `engine4_core_content`
--

INSERT INTO `engine4_core_content` VALUES (100,1,'container','main',NULL,2,'[\"\"]',NULL),(200,2,'container','main',NULL,2,'[\"\"]',NULL),(300,3,'container','main',NULL,2,'[\"\"]',NULL),(312,3,'container','middle',300,6,'[\"\"]',NULL),(400,4,'container','main',NULL,2,'[\"\"]',NULL),(412,4,'container','middle',400,6,'[\"\"]',NULL),(500,5,'container','main',NULL,1,'',NULL),(510,5,'container','left',500,1,'',NULL),(511,5,'container','middle',500,3,'',NULL),(522,5,'widget','user.profile-friends-common',510,3,'{\"title\":\"Mutual Friends\"}',NULL),(523,5,'widget','user.profile-info',510,4,'{\"title\":\"Member Info\"}',NULL),(531,5,'widget','core.container-tabs',511,2,'{\"max\":\"6\"}',NULL),(540,5,'widget','activity.feed',531,1,'{\"title\":\"Updates\"}',NULL),(541,5,'widget','user.profile-fields',531,2,'{\"title\":\"Info\"}',NULL),(542,5,'widget','user.profile-friends',531,3,'{\"title\":\"Friends\",\"titleCount\":true}',NULL),(546,5,'widget','core.profile-links',531,7,'{\"title\":\"Links\",\"titleCount\":true}',NULL),(547,6,'container','top',NULL,1,NULL,NULL),(548,6,'container','main',NULL,2,NULL,NULL),(549,6,'container','left',548,3,NULL,NULL),(550,6,'container','right',548,4,NULL,NULL),(551,6,'container','middle',547,5,NULL,NULL),(552,6,'container','middle',548,6,NULL,NULL),(553,6,'widget','activity.feed',552,1,'{\"title\":\"What\'s New\"}',NULL),(554,6,'widget','user.home-links',549,2,NULL,NULL),(555,6,'widget','core.statistics',549,3,'{\"title\":\"Statistics\"}',NULL),(556,6,'widget','core.hashtags-cloud',550,4,'{\"title\":\"Trending Hashtags\"}',NULL),(557,7,'container','main',NULL,1,NULL,NULL),(558,7,'container','middle',557,2,NULL,NULL),(559,7,'widget','core.content',558,1,NULL,NULL),(560,8,'container','main',NULL,1,NULL,NULL),(561,8,'container','middle',560,2,NULL,NULL),(562,8,'widget','core.content',561,1,NULL,NULL),(563,9,'container','main',NULL,1,NULL,NULL),(564,9,'container','middle',563,2,NULL,NULL),(565,9,'widget','core.content',564,1,NULL,NULL),(566,10,'container','main',NULL,1,NULL,NULL),(567,10,'container','middle',566,3,NULL,NULL),(568,10,'container','right',566,1,NULL,NULL),(569,10,'widget','core.show-search-hashtags',567,1,NULL,NULL),(570,10,'widget','core.container-tabs',567,2,'{\"max\":\"5\"}',NULL),(571,10,'widget','core.search-hashtags',568,1,NULL,NULL),(572,10,'widget','core.hashtags-cloud',568,1,'{\"title\":\"Trending Hashtags\"}',NULL),(573,10,'widget','activity.feed',570,3,'{\"title\":\"Trending Posts\"}',NULL),(575,11,'container','main',NULL,1,NULL,NULL),(576,11,'container','middle',575,1,NULL,NULL),(577,11,'widget','core.content',576,1,NULL,NULL),(578,12,'container','main',NULL,1,NULL,NULL),(579,12,'container','middle',578,1,NULL,NULL),(580,12,'widget','core.content',579,2,NULL,NULL),(581,12,'widget','messages.menu',579,1,NULL,NULL),(582,13,'container','main',NULL,1,NULL,NULL),(583,13,'container','middle',582,1,NULL,NULL),(584,13,'widget','core.content',583,2,NULL,NULL),(585,13,'widget','messages.menu',583,1,NULL,NULL),(586,14,'container','main',NULL,1,NULL,NULL),(587,14,'container','middle',586,1,NULL,NULL),(588,14,'widget','core.content',587,2,NULL,NULL),(589,14,'widget','messages.menu',587,1,NULL,NULL),(590,15,'container','main',NULL,1,NULL,NULL),(591,15,'container','middle',590,1,NULL,NULL),(592,15,'widget','core.content',591,2,NULL,NULL),(593,15,'widget','messages.menu',591,1,NULL,NULL),(594,16,'container','main',NULL,1,NULL,NULL),(595,16,'container','middle',594,1,NULL,NULL),(596,16,'widget','core.content',595,2,NULL,NULL),(597,16,'widget','messages.menu',595,1,NULL,NULL),(598,5,'widget','payment.subscribe-plan',531,10,'{\"show_criteria\":[\"planTitle\",\"expiryDate\",\"nextPayment\",\"currentMember\",\"daysleft\"],\"paymentButton\":\"1\",\"title\":\"Subscription Plan Info\",\"nomobile\":\"0\",\"name\":\"payment.subscribe-plan\"}',NULL),(599,17,'container','main',NULL,1,NULL,NULL),(600,17,'container','middle',599,1,NULL,NULL),(601,17,'widget','core.content',600,1,NULL,NULL),(602,18,'container','main',NULL,1,NULL,NULL),(603,18,'container','middle',602,1,NULL,NULL),(604,18,'widget','core.content',603,1,NULL,NULL),(605,19,'container','main',NULL,1,NULL,NULL),(606,19,'container','middle',605,1,NULL,NULL),(607,19,'widget','core.content',606,1,NULL,NULL),(608,20,'container','top',NULL,1,NULL,NULL),(609,20,'container','main',NULL,2,NULL,NULL),(610,20,'container','middle',608,1,NULL,NULL),(611,20,'container','middle',609,2,NULL,NULL),(612,20,'container','right',609,1,NULL,NULL),(613,20,'widget','core.banner',610,1,'{\"title\":\"\",\"name\":\"core.banner\",\"banner_id\":\"2\",\"nomobile\":\"0\"}',NULL),(614,20,'widget','user.browse-menu',610,2,NULL,NULL),(615,20,'widget','core.content',611,1,NULL,NULL),(616,20,'widget','user.browse-search',612,1,NULL,NULL),(617,5,'container','top',NULL,0,NULL,NULL),(618,5,'container','middle',617,1,NULL,NULL),(619,5,'widget','user.cover-photo',618,1,NULL,NULL),(620,5,'widget','user.followers',531,21,'{\"title\":\"Followers\",\"titleCount\":true,\"name\":\"user.followers\",\"itemCountPerPage\":\"10\"}',NULL),(621,5,'widget','user.following',531,22,'{\"title\":\"Following\",\"titleCount\":true,\"name\":\"user.following\",\"itemCountPerPage\":\"10\"}',NULL),(622,1,'widget','ahead.header',100,2,'[]',NULL),(623,2,'widget','ahead.footer',200,2,'[]',NULL),(624,4,'widget','ahead.home',412,5,'[\"[]\"]',NULL),(633,21,'container','top',NULL,1,'[]',NULL),(634,21,'container','main',NULL,2,'[]',NULL),(635,21,'container','middle',634,6,'[]',NULL),(637,21,'widget','ahead.about',635,4,'[]',NULL),(638,22,'container','top',NULL,1,'[]',NULL),(639,22,'container','main',NULL,2,'[]',NULL),(640,22,'container','middle',639,6,'[]',NULL),(642,22,'widget','ahead.services',640,4,'[]',NULL),(643,23,'container','top',NULL,1,'[]',NULL),(644,23,'container','main',NULL,2,'[]',NULL),(645,23,'container','middle',644,6,'[]',NULL),(647,23,'widget','ahead.portfolio',645,4,'[]',NULL),(648,24,'container','top',NULL,1,'[]',NULL),(649,24,'container','main',NULL,2,'[]',NULL),(650,24,'container','middle',649,6,'[]',NULL),(652,24,'widget','ahead.hire-resources',650,4,'[]',NULL),(658,26,'container','top',NULL,1,'[]',NULL),(659,26,'container','main',NULL,2,'[]',NULL),(660,26,'container','middle',659,6,'[]',NULL),(662,26,'widget','ahead.customers',660,4,'[]',NULL),(663,27,'container','top',NULL,1,'[]',NULL),(664,27,'container','main',NULL,2,'[]',NULL),(665,27,'container','middle',664,6,'[]',NULL),(667,27,'widget','ahead.circuit-chat-header',665,4,'[]',NULL),(668,27,'widget','ahead.circuit-chat-banner',665,5,'[]',NULL),(669,27,'widget','ahead.circuit-chat-banner-bottom',665,6,'[]',NULL),(670,27,'widget','ahead.circuit-chat-engagement',665,7,'[]',NULL),(671,27,'widget','ahead.circuit-chat-howwork',665,8,'[]',NULL),(672,27,'widget','ahead.circuit-chat-we-offer',665,9,'[]',NULL),(673,27,'widget','ahead.circuit-chat-build',665,10,'[]',NULL),(674,27,'widget','ahead.circuit-chat-solutions',665,11,'[]',NULL),(675,3,'widget','ahead.home',312,3,'[\"[]\"]',NULL),(676,28,'container','top',NULL,1,'[]',NULL),(677,28,'container','main',NULL,2,'[]',NULL),(678,28,'container','middle',677,6,'[]',NULL),(680,28,'widget','ahead.businesses',678,4,'[]',NULL),(691,31,'container','top',NULL,1,'[]',NULL),(692,31,'container','main',NULL,2,'[]',NULL),(693,31,'container','middle',692,6,'[]',NULL),(695,31,'widget','ahead.intern-with-us',693,4,'[]',NULL),(696,32,'container','top',NULL,1,'[]',NULL),(697,32,'container','main',NULL,2,'[]',NULL),(698,32,'container','middle',697,6,'[]',NULL),(700,32,'widget','ahead.job-view-page',698,4,'[]',NULL),(701,5,'widget','career.profile-careers',531,6,'{\"title\":\"Careers\",\"titleCount\":true}',NULL),(702,10,'widget','career.hashtag-search-results',570,100,'{\"title\":\"Careers\",\"titleCount\":true}',NULL),(703,33,'container','main',NULL,1,NULL,NULL),(704,33,'container','left',703,1,NULL,NULL),(705,33,'container','middle',703,2,NULL,NULL),(706,33,'widget','career.gutter-photo',704,1,NULL,NULL),(707,33,'widget','career.gutter-menu',704,2,NULL,NULL),(708,33,'widget','career.gutter-search',704,3,NULL,NULL),(709,33,'widget','core.content',705,1,NULL,NULL),(710,34,'container','main',NULL,2,'[]',NULL),(711,34,'container','left',710,4,'[]',NULL),(712,34,'container','middle',710,6,'[]',NULL),(713,34,'widget','career.gutter-photo',711,3,'[]',NULL),(714,34,'widget','career.gutter-menu',711,4,'[]',NULL),(715,34,'widget','career.gutter-search',711,5,'[]',NULL),(716,34,'widget','career.breadcrumb',712,7,'[]',NULL),(717,34,'widget','core.content',712,8,'[]',NULL),(719,35,'container','top',NULL,1,'[]',NULL),(720,35,'container','main',NULL,2,'[]',NULL),(721,35,'container','middle',719,6,'[]',NULL),(722,35,'container','middle',720,6,'[]',NULL),(723,35,'container','right',720,5,'[]',NULL),(725,35,'widget','career.browse-menu',721,3,'[]',NULL),(726,35,'widget','core.content',722,6,'[]',NULL),(727,35,'widget','career.browse-search',723,8,'[]',NULL),(728,35,'widget','career.browse-menu-quick',723,9,'[]',NULL),(729,35,'widget','career.list-categories',723,10,'[]',NULL),(730,36,'container','top',NULL,1,NULL,NULL),(731,36,'container','main',NULL,2,NULL,NULL),(732,36,'container','middle',730,1,NULL,NULL),(733,36,'container','middle',731,2,NULL,NULL),(734,36,'widget','career.browse-menu',732,1,NULL,NULL),(735,36,'widget','core.content',733,1,NULL,NULL),(736,37,'container','top',NULL,1,NULL,NULL),(737,37,'container','main',NULL,2,NULL,NULL),(738,37,'container','middle',736,1,NULL,NULL),(739,37,'container','middle',737,2,NULL,NULL),(740,37,'container','right',737,1,NULL,NULL),(741,37,'widget','career.browse-menu',738,1,NULL,NULL),(742,37,'widget','core.content',739,1,NULL,NULL),(743,37,'widget','career.browse-search',740,1,NULL,NULL),(744,37,'widget','career.browse-menu-quick',740,2,NULL,NULL),(745,38,'container','top',NULL,1,'[]',NULL),(746,38,'container','main',NULL,2,'[]',NULL),(747,38,'container','middle',746,6,'[]',NULL),(748,38,'widget','sespagebuilder.pages',747,4,'[]',NULL),(749,38,'widget','ahead.welcome-jitendra',747,5,'[]',NULL),(756,41,'container','main',NULL,2,'[]',NULL),(757,41,'container','middle',756,6,'[]',NULL),(758,41,'widget','ahead.it-solutions',757,3,'[]',NULL),(759,42,'container','main',NULL,2,'[\"[]\"]',NULL),(760,42,'container','middle',759,6,'[\"[]\"]',NULL),(761,42,'widget','ahead.nodejs',760,3,'[]',NULL),(765,44,'container','main',NULL,2,'[]',NULL),(766,44,'container','middle',765,6,'[]',NULL),(767,44,'widget','ahead.android',766,3,'[]',NULL),(768,45,'container','main',NULL,2,'[]',NULL),(769,45,'container','middle',768,6,'[]',NULL),(770,45,'widget','ahead.ios',769,3,'[]',NULL),(771,46,'container','main',NULL,2,'[]',NULL),(772,46,'container','middle',771,6,'[]',NULL),(773,46,'widget','ahead.blog',772,3,'[\"[]\"]',NULL),(777,48,'container','main',NULL,2,'[]',NULL),(778,48,'container','middle',777,6,'[]',NULL),(779,48,'widget','ahead.healthcare',778,3,'[]',NULL),(780,49,'container','main',NULL,2,'[]',NULL),(781,49,'container','middle',780,6,'[]',NULL),(782,49,'widget','ahead.mern',781,3,'[]',NULL),(783,50,'container','top',NULL,1,NULL,NULL),(784,50,'container','main',NULL,2,NULL,NULL),(785,50,'container','middle',783,1,NULL,NULL),(786,50,'container','middle',784,2,NULL,NULL),(787,50,'widget','sesblog.browse-menu',785,1,NULL,NULL),(788,50,'widget','sesmember.browse-search',785,2,'{\"view_type\":\"horizontal\",\"search_type\":[\"recentlySPcreated\",\"mostSPviewed\",\"mostSPliked\",\"mostSPrated\",\"featured\",\"sponsored\",\"verified\"],\"view\":[\"0\",\"1\",\"3\",\"week\",\"month\"],\"default_search_type\":\"creation_date ASC\",\"show_advanced_search\":\"1\",\"network\":\"yes\",\"alphabet\":\"yes\",\"friend_show\":\"yes\",\"search_title\":\"yes\",\"browse_by\":\"yes\",\"location\":\"yes\",\"kilometer_miles\":\"yes\",\"country\":\"yes\",\"state\":\"yes\",\"city\":\"yes\",\"zip\":\"yes\",\"member_type\":\"yes\",\"has_photo\":\"yes\",\"is_online\":\"yes\",\"is_vip\":\"yes\",\"title\":\"\",\"nomobile\":\"0\",\"name\":\"sesmember.browse-search\"}',NULL),(789,50,'widget','sesmember.browse-members',786,3,'{\"enableTabs\":[\"list\",\"advlist\",\"grid\",\"advgrid\",\"pinboard\",\"map\"],\"openViewType\":\"advlist\",\"show_criteria\":[\"featuredLabel\",\"sponsoredLabel\",\"verifiedLabel\",\"vipLabel\",\"message\",\"friendButton\",\"followButton\",\"likeButton\",\"likemainButton\",\"socialSharing\",\"like\",\"location\",\"rating\",\"view\",\"title\",\"friendCount\",\"mutualFriendCount\",\"profileType\",\"age\",\"profileField\",\"heading\",\"labelBold\",\"pinboardSlideshow\"],\"limit_data\":\"12\",\"profileFieldCount\":\"5\",\"pagging\":\"button\",\"order\":\"mostSPviewed\",\"show_item_count\":\"1\",\"list_title_truncation\":\"45\",\"grid_title_truncation\":\"45\",\"advgrid_title_truncation\":\"45\",\"pinboard_title_truncation\":\"45\",\"main_height\":\"350\",\"main_width\":\"585\",\"height\":\"200\",\"width\":\"250\",\"photo_height\":\"250\",\"photo_width\":\"284\",\"info_height\":\"315\",\"advgrid_height\":\"322\",\"advgrid_width\":\"382\",\"pinboard_width\":\"350\",\"title\":\"\",\"nomobile\":\"0\",\"name\":\"sesmember.browse-members\"}',NULL),(790,5,'widget','sesblog.profile-sesblogs',531,6,'{\"title\":\"Sesblogs\",\"titleCount\":true}',NULL),(791,51,'container','top',NULL,1,NULL,NULL),(792,51,'container','main',NULL,2,NULL,NULL),(793,51,'container','middle',791,1,NULL,NULL),(794,51,'container','middle',792,2,NULL,NULL),(795,51,'widget','sesblog.featured-sponsored-verified-category-slideshow',793,1,'{\"category\":\"2\",\"criteria\":\"0\",\"order\":\"\",\"info\":\"recently_created\",\"isfullwidth\":\"1\",\"autoplay\":\"1\",\"speed\":\"2000\",\"show_criteria\":[\"like\",\"comment\",\"favourite\",\"view\",\"title\",\"by\",\"creationDate\",\"readtime\",\"rating\",\"ratingStar\",\"featuredLabel\",\"sponsoredLabel\",\"verifiedLabel\",\"favouriteButton\",\"likeButton\",\"category\",\"description\",\"socialSharing\"],\"socialshare_enable_plusicon\":\"1\",\"socialshare_icon_limit\":\"2\",\"title_truncation\":\"45\",\"height\":\"500\",\"limit_data\":\"5\",\"title\":\"\",\"nomobile\":\"0\",\"name\":\"sesblog.featured-sponsored-verified-category-slideshow\"}',NULL),(796,51,'widget','sesblog.browse-menu',793,2,NULL,NULL),(797,51,'widget','sesbasic.simple-html-block',794,3,'{\"en_bodysimple\":\"<div style=\\\"font-size: 34px;margin-top:50px;text-align: center;margin-bottom:20px;\\\">Featured Posts -  Heads up bloggers!<\\/div>\",\"bodysimple\":\"<div style=\\\"font-size: 34px;margin-top:50px;text-align: center;margin-bottom:20px;\\\">Featured Posts -  Heads up bloggers!<\\/div>\",\"show_content\":\"1\",\"title\":\"\",\"nomobile\":\"0\",\"name\":\"sesbasic.simple-html-block\"}',NULL),(798,51,'widget','sesblog.tabbed-widget-blog',794,4,'{\"enableTabs\":[\"list1\"],\"openViewType\":\"list1\",\"tabOption\":\"advance\",\"htmlTitle\":\"1\",\"category_id\":\"\",\"show_criteria\":[\"verifiedLabel\",\"favouriteButton\",\"likeButton\",\"socialSharing\",\"like\",\"favourite\",\"comment\",\"readtime\",\"ratingStar\",\"rating\",\"view\",\"title\",\"category\",\"by\",\"ownerPhoto\",\"readmore\",\"creationDate\",\"location\",\"descriptionlist\",\"descriptionsimplelist\",\"descriptionadvlist\",\"description4list\",\"descriptionadvgrid\",\"descriptionsupergrid\",\"description4grid\",\"descriptionpinboard\"],\"socialshare_enable_listview1plusicon\":\"1\",\"socialshare_icon_listview1limit\":\"2\",\"socialshare_enable_listview2plusicon\":\"1\",\"socialshare_icon_listview2limit\":\"2\",\"socialshare_enable_listview3plusicon\":\"1\",\"socialshare_icon_listview3limit\":\"2\",\"socialshare_enable_listview4plusicon\":\"1\",\"socialshare_icon_listview4limit\":\"2\",\"socialshare_enable_gridview1plusicon\":\"1\",\"socialshare_icon_gridview1limit\":\"2\",\"socialshare_enable_gridview2plusicon\":\"1\",\"socialshare_icon_gridview2limit\":\"2\",\"socialshare_enable_gridview3plusicon\":\"1\",\"socialshare_icon_gridview3limit\":\"2\",\"socialshare_enable_gridview4plusicon\":\"1\",\"socialshare_icon_gridview4limit\":\"2\",\"socialshare_enable_pinviewplusicon\":\"1\",\"socialshare_icon_pinviewlimit\":\"2\",\"socialshare_enable_mapviewplusicon\":\"1\",\"socialshare_icon_mapviewlimit\":\"2\",\"show_limited_data\":\"no\",\"pagging\":\"pagging\",\"title_truncation_grid\":\"45\",\"title_truncation_list\":\"45\",\"title_truncation_simplelist\":\"45\",\"title_truncation_advlist\":\"45\",\"title_truncation_advlist2\":\"45\",\"title_truncation_advgrid\":\"45\",\"title_truncation_advgrid2\":\"45\",\"title_truncation_supergrid\":\"45\",\"title_truncation_pinboard\":\"45\",\"limit_data_pinboard\":\"10\",\"limit_data_list1\":\"4\",\"limit_data_grid1\":\"10\",\"limit_data_grid2\":\"10\",\"limit_data_list2\":\"4\",\"limit_data_list3\":\"4\",\"limit_data_grid2\":\"10\",\"limit_data_grid3\":\"10\",\"description_truncation_list\":\"35\",\"description_truncation_advgrid2\":\"45\",\"description_truncation_simplelist\":\"300\",\"description_truncation_advlist\":\"\",\"description_truncation_advlist2\":\"45\",\"description_truncation_advgrid\":\"45\",\"description_truncation_supergrid\":\"45\",\"description_truncation_pinboard\":\"45\",\"height_grid\":\"280\",\"width_grid\":\"393\",\"height_list\":\"280\",\"width_list\":\"552\",\"height_simplelist\":\"230\",\"width_simplelist\":\"260\",\"height_advgrid\":\"230\",\"width_advgrid\":\"260\",\"height_advgrid2\":\"230\",\"width_advgrid2\":\"260\",\"height_supergrid\":\"230\",\"width_supergrid\":\"260\",\"width_pinboard\":\"300\",\"search_type\":[\"verified\"],\"dummy1\":null,\"recentlySPcreated_order\":\"1\",\"recentlySPcreated_label\":\"Recently Created\",\"dummy2\":null,\"mostSPviewed_order\":\"2\",\"mostSPviewed_label\":\"Most Viewed\",\"dummy3\":null,\"mostSPliked_order\":\"3\",\"mostSPliked_label\":\"Most Liked\",\"dummy4\":null,\"mostSPcommented_order\":\"4\",\"mostSPcommented_label\":\"Most Commented\",\"dummy5\":null,\"mostSPrated_order\":\"5\",\"mostSPrated_label\":\"Most Rated\",\"dummy6\":null,\"mostSPfavourite_order\":\"6\",\"mostSPfavourite_label\":\"Most Favourite\",\"dummy7\":null,\"featured_order\":\"7\",\"featured_label\":\"Featured\",\"dummy8\":null,\"sponsored_order\":\"8\",\"sponsored_label\":\"Sponsored\",\"dummy9\":null,\"verified_order\":\"9\",\"verified_label\":\"Verified\",\"dummy10\":null,\"week_order\":\"10\",\"week_label\":\"This Week\",\"dummy11\":null,\"month_order\":\"11\",\"month_label\":\"This Month\",\"title\":\"\",\"nomobile\":\"0\",\"name\":\"sesblog.tabbed-widget-blog\"}',NULL),(799,51,'widget','sesbasic.simple-html-block',794,5,'{\"bodysimple\":\"<div style=\\\"text-align: center;margin-top:50px; box-shadow:inset 0 1px 0 rgba(255,255,255,.1),0 1px 0 rgba(8,32,84,.1);padding-bottom:50px;\\\">\\r\\n\\t<a class=\\\"sesblog_landing_link sesblog_welcome_btn sesbasic_animation\\\" href=\\\"blogs\\/browse\\\">Read all Posts\\r\\n<\\/a><\\/div>\\r\\n<div style=\\\"font-size: 34px;margin-bottom: 30px;  margin-top: 30px;text-align: center;\\\">Verified Blogs on our Community\\r\\n<\\/span><\\/div>\",\"show_content\":\"1\",\"title\":\"\",\"nomobile\":\"0\",\"name\":\"sesbasic.simple-html-block\"}',NULL),(800,51,'widget','sesblog.featured-sponsored-verified-random-blog',794,6,'{\"description\":\"\",\"criteria\":\"1\",\"order\":\"\",\"show_criteria\":[\"like\",\"comment\",\"favourite\",\"view\",\"title\",\"by\",\"rating\",\"ratingStar\",\"sponsoredLabel\",\"verifiedLabel\",\"favouriteButton\",\"likeButton\",\"category\",\"socialSharing\",\"creationDate\"],\"socialshare_enable_plusicon\":\"1\",\"socialshare_icon_limit\":\"2\",\"title\":\"\",\"nomobile\":\"0\",\"name\":\"sesblog.featured-sponsored-verified-random-blog\"}',NULL),(801,51,'widget','sesbasic.simple-html-block',794,7,'{\"bodysimple\":\"<div style=\\\"text-align: center;margin-top:50px; box-shadow:inset 0 1px 0 rgba(255,255,255,.1),0 1px 0 rgba(8,32,84,.1);padding-bottom: 50px;\\\">\\r\\n\\t<a class=\\\"sesblog_landing_link sesblog_welcome_btn sesbasic_animation\\\" href=\\\"blogs\\/home\\\">Explore All Blogs\\r\\n<\\/a><\\/div>\\r\\n<div style=\\\"font-size: 34px;margin-bottom: 30px;  margin-top: 30px;text-align: center;\\\">What do you want to read out?\\r\\n<\\/span><\\/div>\",\"show_content\":\"1\",\"title\":\"\",\"nomobile\":\"0\",\"name\":\"sesbasic.simple-html-block\"}',NULL),(802,51,'widget','sesblog.blog-category',794,8,'{\"height\":\"175\",\"width\":\"191\",\"limit\":\"12\",\"blog_required\":\"0\",\"criteria\":\"admin_order\",\"show_criteria\":[\"title\",\"countBlogs\"],\"title\":\"\",\"nomobile\":\"0\",\"name\":\"sesblog.blog-category\"}',NULL),(803,51,'widget','sesbasic.simple-html-block',794,9,'{\"en_bodysimple\":\"\",\"bodysimple\":\"<div style=\\\"font-size: 34px;  margin-top: 30px;text-align: center;margin-bottom:50px;\\\">Read our Sponsored Blogs!<\\/div>\",\"show_content\":\"1\",\"title\":\"\",\"nomobile\":\"0\",\"name\":\"sesbasic.simple-html-block\"}',NULL),(804,51,'widget','sesblog.featured-sponsored-verified-category-carousel',794,10,'{\"criteria\":\"2\",\"order\":\"\",\"info\":\"most_liked\",\"isfullwidth\":\"0\",\"autoplay\":\"1\",\"speed\":\"2000\",\"show_criteria\":[\"title\",\"favouriteButton\",\"likeButton\",\"category\",\"socialSharing\",\"readtime\"],\"socialshare_enable_plusicon\":\"1\",\"socialshare_icon_limit\":\"2\",\"title_truncation\":\"35\",\"height\":\"500\",\"limit_data\":\"10\",\"title\":\"\",\"nomobile\":\"0\",\"name\":\"sesblog.featured-sponsored-verified-category-carousel\"}',NULL),(805,51,'widget','sesbasic.simple-html-block',794,11,'{\"bodysimple\":\"<div style=\\\"text-align: center;margin-top:50px; box-shadow:inset 0 1px 0 rgba(255,255,255,.1),0 1px 0 rgba(8,32,84,.1);padding-bottom:50px;\\\">\\r\\n\\t<a class=\\\"sesblog_landing_link sesblog_welcome_btn sesbasic_animation\\\" href=\\\"blogs\\/categories\\\">Browse All Categories\\r\\n<\\/a><\\/div>\\r\\n<div style=\\\"font-size: 34px;margin-bottom: 30px;  margin-top: 30px;text-align: center;\\\">Meet our Top Bloggers!\\r\\n<\\/span><\\/div>\",\"show_content\":\"1\",\"title\":\"\",\"nomobile\":\"0\",\"name\":\"sesbasic.simple-html-block\"}',NULL),(806,51,'widget','sesblog.top-bloggers',794,12,'{\"show_criteria\":[\"count\",\"ownername\"],\"height\":\"180\",\"width\":\"193\",\"showLimitData\":\"0\",\"limit_data\":\"6\",\"title\":\"\",\"nomobile\":\"0\",\"name\":\"sesblog.top-bloggers\"}',NULL),(807,52,'container','main',NULL,2,'',NULL),(808,52,'container','middle',807,6,'',NULL),(809,52,'container','top',NULL,1,'',NULL),(810,52,'container','middle',809,6,'',NULL),(811,52,'container','right',807,5,'',NULL),(812,52,'widget','sesblog.browse-menu',810,1,NULL,NULL),(813,52,'widget','sesblog.featured-sponsored-verified-category-carousel',810,2,'{\"criteria\":\"0\",\"order\":\"\",\"info\":\"recently_created\",\"isfullwidth\":\"1\",\"autoplay\":\"1\",\"speed\":\"2000\",\"show_criteria\":[\"like\",\"comment\",\"favourite\",\"view\",\"title\",\"by\",\"rating\",\"ratingStar\",\"featuredLabel\",\"sponsoredLabel\",\"verifiedLabel\",\"favouriteButton\",\"likeButton\",\"category\",\"socialSharing\",\"creationDate\",\"readtime\"],\"socialshare_enable_plusicon\":\"1\",\"socialshare_icon_limit\":\"2\",\"title_truncation\":\"45\",\"height\":\"300\",\"limit_data\":\"10\",\"title\":\"\",\"nomobile\":\"0\",\"name\":\"sesblog.featured-sponsored-verified-category-carousel\"}',NULL),(814,52,'widget','sesblog.tabbed-widget-blog',808,3,'{\"enableTabs\":[\"list1\",\"list2\",\"list3\",\"list4\",\"grid1\",\"grid2\",\"grid3\",\"grid4\",\"pinboard\",\"map\"],\"openViewType\":\"list2\",\"tabOption\":\"advance\",\"htmlTitle\":\"1\",\"category_id\":\"\",\"show_criteria\":[\"featuredLabel\",\"sponsoredLabel\",\"verifiedLabel\",\"favouriteButton\",\"likeButton\",\"socialSharing\",\"like\",\"favourite\",\"comment\",\"readtime\",\"ratingStar\",\"rating\",\"view\",\"title\",\"category\",\"by\",\"ownerPhoto\",\"readmore\",\"creationDate\",\"location\",\"descriptionlist\",\"descriptionsimplelist\",\"descriptionadvlist\",\"description4list\",\"descriptiongrid\",\"descriptionadvgrid\",\"descriptionsupergrid\",\"description4grid\",\"descriptionpinboard\"],\"show_limited_data\":\"no\",\"pagging\":\"pagging\",\"title_truncation_grid\":\"40\",\"title_truncation_list\":\"30\",\"title_truncation_simplelist\":\"45\",\"title_truncation_advlist\":\"45\",\"title_truncation_advlist2\":\"45\",\"title_truncation_advgrid\":\"45\",\"title_truncation_advgrid2\":\"25\",\"title_truncation_supergrid\":\"30\",\"title_truncation_pinboard\":\"30\",\"limit_data_pinboard\":\"12\",\"limit_data_list1\":\"6\",\"limit_data_grid1\":\"15\",\"limit_data_grid2\":\"10\",\"limit_data_list2\":\"10\",\"limit_data_list3\":\"10\",\"limit_data_grid2\":\"10\",\"limit_data_grid3\":\"9\",\"description_truncation_list\":\"100\",\"description_truncation_advgrid2\":\"70\",\"description_truncation_simplelist\":\"300\",\"description_truncation_advlist\":\"300\",\"description_truncation_advlist2\":\"100\",\"description_truncation_advgrid\":\"100\",\"description_truncation_supergrid\":\"80\",\"description_truncation_pinboard\":\"100\",\"height_grid\":\"150\",\"width_grid\":\"307\",\"height_list\":\"350\",\"width_list\":\"520\",\"height_simplelist\":\"212\",\"width_simplelist\":\"280\",\"height_advgrid\":\"220\",\"width_advgrid\":\"309\",\"height_advgrid2\":\"400\",\"width_advgrid2\":\"442\",\"height_supergrid\":\"242\",\"width_supergrid\":\"295\",\"width_pinboard\":\"300\",\"search_type\":[\"recentlySPcreated\",\"mostSPviewed\",\"mostSPliked\",\"mostSPcommented\",\"mostSPrated\",\"mostSPfavourite\",\"week\",\"month\",\"featured\",\"sponsored\",\"verified\"],\"dummy1\":null,\"recentlySPcreated_order\":\"1\",\"recentlySPcreated_label\":\"Recently Created\",\"dummy2\":null,\"mostSPviewed_order\":\"2\",\"mostSPviewed_label\":\"Most Viewed\",\"dummy3\":null,\"mostSPliked_order\":\"3\",\"mostSPliked_label\":\"Most Liked\",\"dummy4\":null,\"mostSPcommented_order\":\"4\",\"mostSPcommented_label\":\"Most Commented\",\"dummy5\":null,\"mostSPrated_order\":\"5\",\"mostSPrated_label\":\"Most Rated\",\"dummy6\":null,\"mostSPfavourite_order\":\"6\",\"mostSPfavourite_label\":\"Most Favourite\",\"dummy7\":null,\"featured_order\":\"7\",\"featured_label\":\"Featured\",\"dummy8\":null,\"sponsored_order\":\"8\",\"sponsored_label\":\"Sponsored\",\"dummy9\":null,\"verified_order\":\"9\",\"verified_label\":\"Verified\",\"dummy10\":null,\"week_order\":\"10\",\"week_label\":\"This Week\",\"dummy11\":null,\"month_order\":\"11\",\"month_label\":\"This Month\",\"title\":\"\",\"nomobile\":\"0\",\"name\":\"sesblog.tabbed-widget-blog\"}',NULL),(815,52,'widget','sesblog.of-the-day',811,4,'{\"viewType\":\"grid2\",\"show_criteria\":[\"title\",\"by\",\"description\",\"favouriteButton\",\"likeButton\",\"featuredLabel\",\"socialSharing\"],\"socialshare_enable_plusicon\":\"1\",\"socialshare_icon_limit\":\"2\",\"title_truncation\":\"25\",\"description_truncation\":\"80\",\"height\":\"180\",\"width\":\"180\",\"title\":\"Blog of the Day\",\"nomobile\":\"0\",\"name\":\"sesblog.of-the-day\"}',NULL),(816,52,'widget','sesblog.featured-sponsored',811,5,'{\"viewType\":\"list\",\"imageType\":\"rounded\",\"criteria\":\"5\",\"order\":\"\",\"info\":\"recently_created\",\"show_criteria\":[\"title\",\"category\"],\"show_star\":\"0\",\"showLimitData\":\"1\",\"title_truncation\":\"20\",\"description_truncation\":\"60\",\"height\":\"70\",\"width\":\"70\",\"limit_data\":\"4\",\"title\":\"Recent Blogs\",\"nomobile\":\"0\",\"name\":\"sesblog.featured-sponsored\"}',NULL),(817,52,'widget','sesblog.featured-sponsored',811,6,'{\"viewType\":\"list\",\"imageType\":\"square\",\"criteria\":\"5\",\"order\":\"\",\"info\":\"most_viewed\",\"show_criteria\":[\"view\",\"title\"],\"show_star\":\"1\",\"showLimitData\":\"1\",\"title_truncation\":\"15\",\"description_truncation\":\"60\",\"height\":\"60\",\"width\":\"70\",\"limit_data\":\"3\",\"title\":\"Most Read Blogs\",\"nomobile\":\"0\",\"name\":\"sesblog.featured-sponsored\"}',NULL),(818,52,'widget','sesblog.tag-cloud-category',811,7,'{\"color\":\"#00f\",\"showType\":\"simple\",\"text_height\":\"15\",\"height\":\"300\",\"itemCountPerPage\":\"12\",\"title\":\"Categories\",\"nomobile\":\"0\",\"name\":\"sesblog.tag-cloud-category\"}',NULL),(819,52,'widget','sesblog.top-bloggers',811,8,'{\"show_criteria\":[\"count\",\"ownername\"],\"height\":\"100\",\"gridblock\":\"6\",\"showLimitData\":\"1\",\"limit_data\":\"4\",\"title\":\"Top Bloggers\",\"nomobile\":\"0\",\"name\":\"sesblog.top-bloggers\"}',NULL),(820,52,'widget','sesblog.tag-cloud-blogs',811,9,'{\"color\":\"#00f\",\"type\":\"cloud\",\"text_height\":\"15\",\"height\":\"170\",\"itemCountPerPage\":\"20\",\"title\":\"Popular Tags\",\"nomobile\":\"0\",\"name\":\"sesblog.tag-cloud-blogs\"}',NULL),(821,53,'container','top',NULL,1,NULL,NULL),(822,53,'container','main',NULL,2,NULL,NULL),(823,53,'container','middle',821,1,NULL,NULL),(824,53,'container','middle',822,2,NULL,NULL),(825,53,'container','right',822,1,NULL,NULL),(826,53,'widget','sesblog.browse-menu',823,1,NULL,NULL),(827,53,'widget','sesblog.category-carousel',823,2,'{\"title_truncation_grid\":\"45\",\"height\":\"100\",\"width\":\"50\",\"autoplay\":\"1\",\"speed\":\"2000\",\"criteria\":\"alphabetical\",\"isfullwidth\":\"1\",\"limit_data\":\"12\",\"title\":\"\",\"nomobile\":\"0\",\"name\":\"sesblog.category-carousel\"}',NULL),(828,53,'widget','sesblog.alphabet-search',823,3,NULL,NULL),(829,53,'widget','sesblog.browse-blogs',824,4,'{\"enableTabs\":[\"list1\",\"list2\",\"list3\",\"list4\",\"grid1\",\"grid2\",\"grid3\",\"grid4\",\"pinboard\",\"map\"],\"openViewType\":\"list2\",\"show_criteria\":[\"featuredLabel\",\"sponsoredLabel\",\"verifiedLabel\",\"favouriteButton\",\"likeButton\",\"socialSharing\",\"like\",\"favourite\",\"comment\",\"readtime\",\"ratingStar\",\"rating\",\"view\",\"title\",\"category\",\"by\",\"ownerPhoto\",\"readmore\",\"creationDate\",\"location\",\"descriptionlist\",\"descriptionsimplelist\",\"descriptionadvlist\",\"description4list\",\"descriptiongrid\",\"descriptionadvgrid\",\"descriptionsupergrid\",\"description4grid\",\"descriptionpinboard\"],\"socialshare_enable_listview1plusicon\":\"1\",\"socialshare_icon_listview1limit\":\"2\",\"title_truncation_list\":\"25\",\"description_truncation_list\":\"100\",\"height_list\":\"350\",\"width_list\":\"520\",\"limit_data_list1\":\"6\",\"socialshare_enable_listview2plusicon\":\"1\",\"socialshare_icon_listview2limit\":\"2\",\"socialshare_enable_listview3plusicon\":\"1\",\"socialshare_icon_listview3limit\":\"2\",\"socialshare_enable_listview4plusicon\":\"1\",\"socialshare_icon_listview4limit\":\"2\",\"socialshare_enable_gridview1plusicon\":\"1\",\"socialshare_icon_gridview1limit\":\"2\",\"socialshare_enable_gridview2plusicon\":\"1\",\"socialshare_icon_gridview2limit\":\"2\",\"socialshare_enable_gridview3plusicon\":\"1\",\"socialshare_icon_gridview3limit\":\"2\",\"socialshare_enable_gridview4plusicon\":\"1\",\"socialshare_icon_gridview4limit\":\"2\",\"socialshare_enable_pinviewplusicon\":\"1\",\"socialshare_icon_pinviewlimit\":\"2\",\"socialshare_enable_mapviewplusicon\":\"1\",\"socialshare_icon_mapviewlimit\":\"2\",\"sort\":\"recentlySPcreated\",\"show_item_count\":\"1\",\"title_truncation_grid\":\"100\",\"title_truncation_pinboard\":\"30\",\"title_truncation_simplelist\":\"45\",\"title_truncation_advlist\":\"45\",\"title_truncation_advlist2\":\"45\",\"title_truncation_advgrid\":\"45\",\"title_truncation_supergrid\":\"30\",\"description_truncation_grid\":\"150\",\"description_truncation_pinboard\":\"150\",\"description_truncation_simplelist\":\"300\",\"description_truncation_advlist\":\"150\",\"description_truncation_advlist2\":\"100\",\"description_truncation_advgrid\":\"100\",\"description_truncation_supergrid\":\"70\",\"height_grid\":\"150\",\"width_grid\":\"307\",\"height_simplelist\":\"212\",\"width_simplelist\":\"280\",\"height_advgrid\":\"220\",\"width_advgrid\":\"309\",\"height_avdgrid2\":\"400\",\"width_advgrid2\":\"442\",\"height_supergrid\":\"242\",\"width_supergrid\":\"295\",\"width_pinboard\":\"280\",\"limit_data_pinboard\":\"12\",\"limit_data_grid1\":\"12\",\"limit_data_list2\":\"12\",\"limit_data_list3\":\"12\",\"limit_data_grid2\":\"12\",\"limit_data_grid3\":\"12\",\"pagging\":\"button\",\"title\":\"\",\"nomobile\":\"0\",\"name\":\"sesblog.browse-blogs\"}',NULL),(830,53,'widget','sesblog.featured-sponsored',825,5,'{\"viewType\":\"grid1\",\"imageType\":\"square\",\"criteria\":\"5\",\"order\":\"\",\"info\":\"recently_created\",\"show_criteria\":[\"like\",\"comment\",\"favourite\",\"view\",\"title\",\"by\",\"creationDate\",\"category\",\"rating\",\"ratingStar\",\"socialSharing\",\"likeButton\",\"favouriteButton\"],\"show_star\":\"0\",\"showLimitData\":\"1\",\"title_truncation\":\"45\",\"description_truncation\":\"60\",\"height\":\"180\",\"width\":\"180\",\"limit_data\":\"1\",\"title\":\"Verified Blog\",\"nomobile\":\"0\",\"name\":\"sesblog.featured-sponsored\"}',NULL),(831,53,'widget','sesblog.browse-menu-quick',825,6,NULL,NULL),(832,53,'widget','sesblog.browse-search',825,7,'{\"view_type\":\"vertical\",\"search_type\":[\"recentlySPcreated\",\"mostSPviewed\",\"mostSPliked\",\"mostSPcommented\",\"mostSPfavourite\",\"mostSPrated\",\"featured\",\"sponsored\",\"verified\"],\"default_search_type\":\"recentlySPcreated\",\"friend_show\":\"yes\",\"search_title\":\"yes\",\"browse_by\":\"yes\",\"categories\":\"yes\",\"location\":\"yes\",\"kilometer_miles\":\"yes\",\"has_photo\":\"yes\",\"title\":\"\",\"nomobile\":\"0\",\"name\":\"sesblog.browse-search\"}',NULL),(833,53,'widget','sesblog.featured-sponsored',825,8,'{\"viewType\":\"list\",\"imageType\":\"square\",\"criteria\":\"5\",\"order\":\"\",\"info\":\"most_commented\",\"show_criteria\":[\"like\",\"comment\",\"favourite\",\"view\",\"title\"],\"show_star\":\"0\",\"showLimitData\":\"0\",\"title_truncation\":\"20\",\"description_truncation\":\"60\",\"height\":\"60\",\"width\":\"60\",\"limit_data\":\"5\",\"title\":\"Most Commented Blogs\",\"nomobile\":\"0\",\"name\":\"sesblog.featured-sponsored\"}',NULL),(834,53,'widget','sesblog.tag-cloud-blogs',825,9,'{\"color\":\"#4a4444\",\"type\":\"cloud\",\"text_height\":\"15\",\"height\":\"170\",\"itemCountPerPage\":\"20\",\"title\":\"Popular Tags\",\"nomobile\":\"0\",\"name\":\"sesblog.tag-cloud-blogs\"}',NULL),(835,53,'widget','sesblog.popular-featured-verified-reviews',825,10,'{\"info\":\"most_viewed\",\"imageType\":\"rounded\",\"showLimitData\":\"1\",\"show_criteria\":[\"title\",\"like\",\"view\",\"comment\",\"description\",\"by\"],\"title_truncation\":\"45\",\"review_description_truncation\":\"45\",\"limit_data\":\"3\",\"title\":\"Most Viewed Reviews\",\"nomobile\":\"0\",\"name\":\"sesblog.popular-featured-verified-reviews\"}',NULL),(836,54,'container','top',NULL,1,NULL,NULL),(837,54,'container','main',NULL,2,NULL,NULL),(838,54,'container','middle',836,6,NULL,NULL),(839,54,'container','middle',837,6,NULL,NULL),(840,54,'container','right',837,5,NULL,NULL),(841,54,'widget','sesblog.browse-menu',838,1,NULL,NULL),(842,54,'widget','sesblog.banner-category',838,2,'{\"description\":\"Discover top-notch blogs, creators, and collections related to your interests, hand-selected by our 100-percent-human curation team.\",\"category_cover\":null,\"title\":\"Categories\",\"nomobile\":\"0\",\"name\":\"sesblog.banner-category\"}',NULL),(843,54,'widget','sesblog.blog-category-icons',838,3,'{\"titleC\":\"Popular Categories\",\"height\":\"60\",\"width\":\"302\",\"alignContent\":\"center\",\"criteria\":\"admin_order\",\"show_criteria\":[\"title\",\"countBlogs\"],\"limit\":\"12\",\"title\":\"\",\"nomobile\":\"0\",\"name\":\"sesblog.blog-category-icons\"}',NULL),(844,54,'widget','sesblog.category-associate-blog',839,4,'{\"show_criteria\":[\"like\",\"comment\",\"rating\",\"ratingStar\",\"view\",\"title\",\"favourite\",\"by\",\"featuredLabel\",\"sponsoredLabel\",\"creationDate\",\"readmore\"],\"popularity_blog\":\"like_count\",\"pagging\":\"button\",\"count_blog\":\"1\",\"criteria\":\"alphabetical\",\"category_limit\":\"5\",\"blog_limit\":\"5\",\"blog_description_truncation\":\"45\",\"seemore_text\":\"+ See all [category_name]\",\"allignment_seeall\":\"left\",\"height\":\"170\",\"width\":\"280\",\"title\":\"\",\"nomobile\":\"0\",\"name\":\"sesblog.category-associate-blog\"}',NULL),(845,54,'widget','sesblog.of-the-day',840,5,'{\"viewType\":\"grid1\",\"fixHover\":\"hover\",\"show_criteria\":[\"title\",\"like\",\"view\",\"comment\",\"favourite\",\"rating\",\"ratingStar\",\"by\",\"favouriteButton\",\"likeButton\",\"featuredLabel\",\"verifiedLabel\",\"socialSharing\"],\"title_truncation\":\"45\",\"description_truncation\":\"60\",\"height\":\"180\",\"width\":\"180\",\"title\":\"Blog of the Day\",\"nomobile\":\"0\",\"name\":\"sesblog.of-the-day\"}',NULL),(846,54,'widget','sesblog.sidebar-tabbed-widget',840,6,'{\"enableTabs\":\"list\",\"show_criteria\":[\"location\",\"like\",\"favourite\",\"comment\",\"view\",\"title\",\"category\",\"by\",\"creationDate\"],\"show_limited_data\":\"no\",\"pagging\":\"button\",\"title_truncation_grid\":\"45\",\"title_truncation_list\":\"20\",\"limit_data_list\":\"3\",\"limit_data_grid\":\"10\",\"description_truncation_grid\":\"45\",\"height_grid\":\"270\",\"width_grid\":\"389\",\"height_list\":\"60\",\"width_list\":\"60\",\"search_type\":[\"week\",\"month\"],\"dummy1\":null,\"recentlySPcreated_order\":\"1\",\"recentlySPcreated_label\":\"Recently Created\",\"dummy2\":null,\"mostSPviewed_order\":\"2\",\"mostSPviewed_label\":\"Most Viewed\",\"dummy3\":null,\"mostSPliked_order\":\"3\",\"mostSPliked_label\":\"Most Liked\",\"dummy4\":null,\"mostSPcommented_order\":\"4\",\"mostSPcommented_label\":\"Most Commented\",\"dummy5\":null,\"mostSPrated_order\":\"5\",\"mostSPrated_label\":\"Most Rated\",\"dummy6\":null,\"mostSPfavourite_order\":\"6\",\"mostSPfavourite_label\":\"Most Favourite\",\"dummy7\":null,\"featured_order\":\"7\",\"featured_label\":\"Featured\",\"dummy8\":null,\"sponsored_order\":\"8\",\"sponsored_label\":\"Sponsored\",\"dummy9\":null,\"verified_order\":\"9\",\"verified_label\":\"Verified\",\"dummy10\":null,\"week_order\":\"10\",\"week_label\":\"This Week\",\"dummy11\":null,\"month_order\":\"11\",\"month_label\":\"This Month\",\"title\":\"Blogs Created\",\"nomobile\":\"0\",\"name\":\"sesblog.sidebar-tabbed-widget\"}',NULL),(847,54,'widget','sesblog.tag-cloud-blogs',840,7,'{\"color\":\"#00f\",\"type\":\"tab\",\"text_height\":\"15\",\"height\":\"300\",\"itemCountPerPage\":\"21\",\"title\":\"Trending Tags\",\"nomobile\":\"0\",\"name\":\"sesblog.tag-cloud-blogs\"}',NULL),(848,54,'widget','sesblog.featured-sponsored',840,8,'{\"viewType\":\"list\",\"imageType\":\"square\",\"criteria\":\"5\",\"order\":\"\",\"info\":\"recently_created\",\"show_criteria\":[\"like\",\"comment\",\"favourite\",\"view\",\"title\",\"by\",\"creationDate\",\"category\",\"rating\",\"ratingStar\",\"socialSharing\",\"likeButton\",\"favouriteButton\"],\"show_star\":\"0\",\"showLimitData\":\"1\",\"title_truncation\":\"20\",\"description_truncation\":\"60\",\"height\":\"50\",\"width\":\"50\",\"limit_data\":\"3\",\"title\":\"Recent Posts\",\"nomobile\":\"0\",\"name\":\"sesblog.featured-sponsored\"}',NULL),(849,54,'widget','sesblog.featured-sponsored',840,9,'{\"viewType\":\"list\",\"imageType\":\"rounded\",\"criteria\":\"5\",\"order\":\"\",\"info\":\"most_favourite\",\"show_criteria\":[\"like\",\"comment\",\"favourite\",\"view\",\"title\",\"by\",\"creationDate\",\"category\",\"rating\",\"ratingStar\",\"socialSharing\",\"likeButton\",\"favouriteButton\"],\"show_star\":\"0\",\"showLimitData\":\"0\",\"title_truncation\":\"20\",\"description_truncation\":\"60\",\"height\":\"60\",\"width\":\"60\",\"limit_data\":\"3\",\"title\":\"Most Favourite Blogs\",\"nomobile\":\"0\",\"name\":\"sesblog.featured-sponsored\"}',NULL),(850,55,'container','top',NULL,1,NULL,NULL),(851,55,'container','main',NULL,2,NULL,NULL),(852,55,'container','middle',850,1,NULL,NULL),(853,55,'container','middle',851,2,NULL,NULL),(854,55,'widget','sesblog.browse-menu',852,1,NULL,NULL),(855,55,'widget','sesblog.browse-search',852,2,'{\"view_type\":\"horizontal\",\"search_type\":[\"recentlySPcreated\",\"mostSPviewed\",\"mostSPliked\",\"mostSPcommented\",\"mostSPfavourite\",\"mostSPrated\",\"featured\",\"sponsored\",\"verified\"],\"default_search_type\":\"recentlySPcreated\",\"friend_show\":\"yes\",\"search_title\":\"yes\",\"browse_by\":\"yes\",\"categories\":\"yes\",\"location\":\"yes\",\"kilometer_miles\":\"yes\",\"has_photo\":\"yes\",\"title\":\"\",\"nomobile\":\"0\",\"name\":\"sesblog.browse-search\"}',NULL),(856,55,'widget','sesblog.blog-location',853,3,'{\"location\":\"World\",\"lat\":\"56.6465227\",\"lng\":\"-6.709638499999983\",\"show_criteria\":[\"featuredLabel\",\"sponsoredLabel\",\"verifiedLabel\",\"location\",\"likeButton\",\"0\",\"1\",\"ratingStar\",\"rating\",\"socialSharing\",\"like\",\"view\",\"comment\",\"favourite\"],\"location-data\":null,\"title\":\"\",\"nomobile\":\"0\",\"name\":\"sesblog.blog-location\"}',NULL),(857,56,'container','top',NULL,1,NULL,NULL),(858,56,'container','main',NULL,2,NULL,NULL),(859,56,'container','middle',857,1,NULL,NULL),(860,56,'container','middle',858,2,NULL,NULL),(861,56,'container','left',858,1,NULL,NULL),(862,56,'widget','sesblog.browse-menu',859,1,NULL,NULL),(863,56,'widget','sesblog.review-of-the-day',861,2,'{\"viewType\":\"gridOutside\",\"show_criteria\":[\"title\",\"like\",\"view\",\"rating\",\"featuredLabel\",\"verifiedLabel\",\"socialSharing\"],\"grid_title_truncation\":\"45\",\"list_title_truncation\":\"45\",\"height\":\"180\",\"width\":\"180\",\"photo_height\":\"160\",\"photo_width\":\"250\",\"title\":\"Review of the Day\",\"nomobile\":\"0\",\"name\":\"sesmember.review-of-the-day\"}',NULL),(864,56,'widget','sesblog.browse-review-search',861,3,'{\"view_type\":\"vertical\",\"review_title\":\"1\",\"view\":[\"likeSPcount\",\"viewSPcount\",\"commentSPcount\",\"mostSPrated\",\"leastSPrated\",\"verified\",\"featured\"],\"review_stars\":\"1\",\"network\":\"1\",\"title\":\"Review Browse Search\",\"nomobile\":\"0\",\"name\":\"sesblog.browse-review-search\"}',NULL),(865,56,'widget','sesblog.browse-reviews',860,4,'{\"stats\":[\"likeCount\",\"commentCount\",\"viewCount\",\"title\",\"share\",\"report\",\"pros\",\"cons\",\"description\",\"recommended\",\"postedBy\",\"parameter\",\"creationDate\",\"rating\"],\"show_criteria\":\"\",\"pagging\":\"button\",\"limit_data\":\"9\",\"title\":\"\",\"nomobile\":\"0\",\"name\":\"sesblog.browse-reviews\"}',NULL),(866,57,'container','top',NULL,1,NULL,NULL),(867,57,'container','main',NULL,2,NULL,NULL),(868,57,'container','middle',866,1,NULL,NULL),(869,57,'container','middle',867,2,NULL,NULL),(870,57,'container','right',867,1,NULL,NULL),(871,57,'widget','sesblog.browse-menu',868,1,NULL,NULL),(872,57,'widget','sesblog.manage-blogs',869,2,'{\"enableTabs\":[\"list1\",\"list2\",\"list3\",\"list4\",\"grid1\",\"grid2\",\"grid3\",\"grid4\",\"pinboard\",\"map\"],\"openViewType\":\"list2\",\"tabOption\":\"advance\",\"htmlTitle\":\"1\",\"category_id\":\"\",\"show_criteria\":[\"featuredLabel\",\"sponsoredLabel\",\"verifiedLabel\",\"favouriteButton\",\"likeButton\",\"socialSharing\",\"like\",\"favourite\",\"comment\",\"readtime\",\"ratingStar\",\"rating\",\"view\",\"title\",\"category\",\"by\",\"ownerPhoto\",\"readmore\",\"creationDate\",\"location\",\"descriptionlist\",\"descriptionsimplelist\",\"descriptionadvlist\",\"description4list\",\"descriptiongrid\",\"descriptionadvgrid\",\"descriptionsupergrid\",\"description4grid\",\"descriptionpinboard\"],\"show_limited_data\":\"no\",\"pagging\":\"auto_load\",\"title_truncation_grid\":\"40\",\"title_truncation_list\":\"30\",\"title_truncation_simplelist\":\"45\",\"title_truncation_advlist\":\"45\",\"title_truncation_advlist2\":\"45\",\"title_truncation_advgrid\":\"45\",\"title_truncation_advgrid2\":\"25\",\"title_truncation_supergrid\":\"25\",\"title_truncation_pinboard\":\"45\",\"limit_data_pinboard\":\"10\",\"limit_data_list1\":\"6\",\"limit_data_grid1\":\"10\",\"limit_data_grid2\":\"10\",\"limit_data_list2\":\"10\",\"limit_data_list3\":\"10\",\"limit_data_grid2\":\"10\",\"limit_data_grid3\":\"10\",\"description_truncation_list\":\"100\",\"description_truncation_advgrid2\":\"70\",\"description_truncation_simplelist\":\"300\",\"description_truncation_advlist\":\"300\",\"description_truncation_advlist2\":\"100\",\"description_truncation_advgrid\":\"100\",\"description_truncation_supergrid\":\"80\",\"description_truncation_pinboard\":\"160\",\"height_grid\":\"150\",\"width_grid\":\"389\",\"height_list\":\"350\",\"width_list\":\"520\",\"height_simplelist\":\"212\",\"width_simplelist\":\"280\",\"height_advgrid\":\"220\",\"width_advgrid\":\"309\",\"height_advgrid2\":\"400\",\"width_advgrid2\":\"442\",\"height_supergrid\":\"242\",\"width_supergrid\":\"295\",\"width_pinboard\":\"300\",\"search_type\":[\"recentlySPcreated\",\"mostSPviewed\",\"mostSPliked\",\"mostSPcommented\",\"mostSPrated\",\"mostSPfavourite\",\"week\",\"month\",\"featured\",\"sponsored\",\"verified\"],\"dummy1\":null,\"recentlySPcreated_order\":\"1\",\"recentlySPcreated_label\":\"Recently Created\",\"dummy2\":null,\"mostSPviewed_order\":\"2\",\"mostSPviewed_label\":\"Most Viewed\",\"dummy3\":null,\"mostSPliked_order\":\"3\",\"mostSPliked_label\":\"Most Liked\",\"dummy4\":null,\"mostSPcommented_order\":\"4\",\"mostSPcommented_label\":\"Most Commented\",\"dummy5\":null,\"mostSPrated_order\":\"5\",\"mostSPrated_label\":\"Most Rated\",\"dummy6\":null,\"mostSPfavourite_order\":\"6\",\"mostSPfavourite_label\":\"Most Favourite\",\"dummy7\":null,\"featured_order\":\"7\",\"featured_label\":\"Featured\",\"dummy8\":null,\"sponsored_order\":\"8\",\"sponsored_label\":\"Sponsored\",\"dummy9\":null,\"verified_order\":\"9\",\"verified_label\":\"Verified\",\"dummy10\":null,\"week_order\":\"10\",\"week_label\":\"This Week\",\"dummy11\":null,\"month_order\":\"11\",\"month_label\":\"This Month\",\"title\":\"\",\"nomobile\":\"0\",\"name\":\"sesblog.manage-blogs\"}',NULL),(873,58,'container','top',NULL,1,NULL,NULL),(874,58,'container','main',NULL,2,NULL,NULL),(875,58,'container','middle',873,1,NULL,NULL),(876,58,'container','middle',874,2,NULL,NULL),(877,58,'container','right',874,1,NULL,NULL),(878,58,'widget','sesblog.browse-menu',875,1,NULL,NULL),(879,58,'widget','sesblog.claim-blog',876,2,NULL,NULL),(880,59,'container','top',NULL,1,NULL,NULL),(881,59,'container','main',NULL,2,NULL,NULL),(882,59,'container','middle',880,1,NULL,NULL),(883,59,'container','middle',881,2,NULL,NULL),(884,59,'widget','sesblog.browse-menu',882,1,NULL,NULL),(885,59,'widget','core.content',883,2,NULL,NULL),(886,60,'container','top',NULL,1,NULL,NULL),(887,60,'container','main',NULL,2,NULL,NULL),(888,60,'container','middle',886,6,NULL,NULL),(889,60,'container','middle',887,6,NULL,NULL),(890,60,'container','right',887,7,NULL,NULL),(891,60,'widget','sesblog.browse-menu',888,1,NULL,NULL),(892,60,'widget','sesblog.tag-blogs',889,2,NULL,NULL),(893,61,'container','main',NULL,2,NULL,NULL),(894,61,'container','middle',893,6,NULL,NULL),(895,61,'widget','sesblog.album-breadcrumb',894,1,NULL,NULL),(896,61,'widget','sesblog.album-view-page',894,2,'{\"view_type\":\"masonry\",\"insideOutside\":\"inside\",\"fixHover\":\"fix\",\"show_criteria\":[\"like\",\"comment\",\"view\",\"favouriteCount\",\"title\",\"by\",\"socialSharing\",\"likeButton\",\"favouriteButton\"],\"limit_data\":\"20\",\"pagging\":\"auto_load\",\"title_truncation\":\"45\",\"height\":\"160\",\"width\":\"140\",\"title\":\"\",\"nomobile\":\"0\",\"name\":\"sesblog.album-view-page\"}',NULL),(897,62,'container','main',NULL,2,NULL,NULL),(898,62,'container','middle',897,6,NULL,NULL),(899,62,'widget','sesblog.photo-view-page',898,1,'{\"title\":\"\",\"nomobile\":\"0\",\"name\":\"sesblog.photo-view-page\"}',NULL),(900,63,'container','top',NULL,1,NULL,NULL),(901,63,'container','main',NULL,2,NULL,NULL),(902,63,'container','middle',900,1,NULL,NULL),(903,63,'container','middle',901,2,NULL,NULL),(904,63,'container','right',901,1,NULL,NULL),(905,63,'widget','sesblog.browse-menu',902,1,NULL,NULL),(906,63,'widget','sesblog.claim-requests',903,2,NULL,NULL),(907,64,'container','main',NULL,1,NULL,NULL),(908,64,'container','right',907,2,NULL,NULL),(909,64,'container','middle',907,3,NULL,NULL),(910,64,'widget','sesblog.breadcrumb',909,1,NULL,NULL),(911,64,'widget','sesblog.view-blog',909,2,'{\"show_criteria\":[\"title\",\"description\",\"photo\",\"socialShare\",\"ownerOptions\",\"postComment\",\"rating\",\"likeButton\",\"tags\",\"category\",\"favouriteButton\",\"view\",\"like\",\"comment\",\"review\",\"statics\"],\"socialshare_enable_plusicon\":\"1\",\"socialshare_icon_limit\":\"2\",\"heightss\":\"500\",\"title\":\"\",\"nomobile\":\"0\",\"name\":\"sesblog.view-blog\"}',NULL),(912,64,'widget','core.container-tabs',909,3,'{\"max\":6}',NULL),(913,64,'widget','sesblog.profile-photos',912,4,'{\"title\":\"Photos\",\"titleCount\":false,\"load_content\":\"auto_load\",\"sort\":null,\"insideOutside\":\"inside\",\"fixHover\":\"fix\",\"show_criteria\":[\"like\",\"comment\",\"view\",\"favouriteCount\",\"title\",\"socialSharing\",\"photoCount\",\"likeButton\",\"favouriteButton\"],\"title_truncation\":\"45\",\"limit_data\":\"20\",\"height\":\"200\",\"width\":\"236\",\"nomobile\":\"0\",\"name\":\"sesblog.profile-photos\"}',NULL),(914,64,'widget','sesblog.profile-videos',912,5,'{\"enableTabs\":[\"list\"],\"openViewType\":\"list\",\"show_criteria\":[\"featuredLabel\",\"sponsoredLabel\",\"hotLabel\",\"watchLater\",\"favouriteButton\",\"playlistAdd\",\"likeButton\",\"socialSharing\",\"like\",\"comment\",\"favourite\",\"rating\",\"view\",\"title\",\"category\",\"by\",\"duration\",\"description\"],\"pagging\":\"auto_load\",\"title_truncation_list\":\"45\",\"title_truncation_grid\":\"45\",\"DescriptionTruncationList\":\"45\",\"height\":\"160\",\"width\":\"140\",\"limit_data\":\"20\",\"title\":\"Videos\",\"nomobile\":\"0\",\"name\":\"sesblog.profile-videos\"}',NULL),(915,64,'widget','sesblog.blog-reviews',912,6,'{\"stats\":[\"likeCount\",\"commentCount\",\"viewCount\",\"title\",\"share\",\"report\",\"pros\",\"cons\",\"description\",\"recommended\",\"postedBy\",\"parameter\",\"creationDate\",\"rating\",\"likeButton\",\"socialSharing\"],\"pagging\":\"button\",\"limit_data\":\"5\",\"title\":\"Reviews\",\"nomobile\":\"0\",\"name\":\"sesblog.blog-reviews\"}',NULL),(916,64,'widget','core.comments',909,7,'{\"title\":\"\",\"name\":\"core.comments\"}',NULL),(917,64,'widget','sesblog.related-blogs',909,8,'{\"show_criteria\":[\"like\",\"comment\",\"favourite\",\"view\",\"title\",\"by\",\"rating\",\"ratingStar\",\"featuredLabel\",\"sponsoredLabel\",\"verifiedLabel\",\"favouriteButton\",\"likeButton\",\"category\",\"socialSharing\"],\"showLimitData\":\"1\",\"height\":\"180\",\"width\":\"180\",\"list_title_truncation\":\"45\",\"limit_data\":\"3\",\"title\":\" Sub Blogs\",\"nomobile\":\"0\",\"name\":\"sesblog.related-blogs\"}',NULL),(918,64,'widget','sesblog.gutter-photo',908,9,NULL,NULL),(919,64,'widget','sesblog.labels',908,10,NULL,NULL),(920,64,'widget','sesblog.like-button',908,11,NULL,NULL),(921,64,'widget','sesblog.favourite-button',908,12,NULL,NULL),(922,64,'widget','sesblog.advance-share',908,13,'{\"advShareOptions\":[\"privateMessage\",\"siteShare\",\"quickShare\"],\"title\":\"\",\"nomobile\":\"0\",\"name\":\"sesblog.advance-share\"}',NULL),(923,64,'widget','sesblog.similar-blogs',908,14,'{\"show_criteria\":[\"title\",\"by\",\"favouriteButton\",\"likeButton\",\"socialSharing\"],\"showLimitData\":\"0\",\"height\":\"200\",\"width\":\"294\",\"list_title_truncation\":\"45\",\"limit_data\":\"3\",\"title\":\"Related Blogs\",\"nomobile\":\"0\",\"name\":\"sesblog.similar-blogs\"}',NULL),(924,64,'widget','sesblog.sidebar-tabbed-widget',908,15,'{\"enableTabs\":\"list\",\"show_criteria\":[\"title\",\"category\",\"by\"],\"show_limited_data\":\"yes\",\"pagging\":\"auto_load\",\"title_truncation_grid\":\"45\",\"title_truncation_list\":\"45\",\"limit_data_list\":\"5\",\"limit_data_grid\":\"10\",\"description_truncation_grid\":\"45\",\"height_grid\":\"270\",\"width_grid\":\"389\",\"height_list\":\"60\",\"width_list\":\"60\",\"search_type\":[\"recentlySPcreated\",\"mostSPviewed\"],\"dummy1\":null,\"recentlySPcreated_order\":\"1\",\"recentlySPcreated_label\":\"Recent Blogs\",\"dummy2\":null,\"mostSPviewed_order\":\"2\",\"mostSPviewed_label\":\"Popular BLogs\",\"dummy3\":null,\"mostSPliked_order\":\"3\",\"mostSPliked_label\":\"Most Liked\",\"dummy4\":null,\"mostSPcommented_order\":\"4\",\"mostSPcommented_label\":\"Most Commented\",\"dummy5\":null,\"mostSPrated_order\":\"5\",\"mostSPrated_label\":\"Most Rated\",\"dummy6\":null,\"mostSPfavourite_order\":\"6\",\"mostSPfavourite_label\":\"Most Favourite\",\"dummy7\":null,\"featured_order\":\"7\",\"featured_label\":\"Featured\",\"dummy8\":null,\"sponsored_order\":\"8\",\"sponsored_label\":\"Sponsored\",\"dummy9\":null,\"verified_order\":\"9\",\"verified_label\":\"Verified\",\"dummy10\":null,\"week_order\":\"10\",\"week_label\":\"This Week\",\"dummy11\":null,\"month_order\":\"11\",\"month_label\":\"This Month\",\"title\":\"\",\"nomobile\":\"0\",\"name\":\"sesblog.sidebar-tabbed-widget\"}',NULL),(925,65,'container','top',NULL,1,NULL,NULL),(926,65,'container','main',NULL,2,NULL,NULL),(927,65,'container','middle',925,1,NULL,NULL),(928,65,'container','left',926,1,NULL,NULL),(929,65,'container','middle',926,2,NULL,NULL),(930,65,'widget','sesblog.breadcrumb',927,1,NULL,NULL),(931,65,'widget','sesblog.view-blog',927,2,'{\"show_criteria\":[\"title\",\"description\",\"photo\",\"socialShare\",\"ownerOptions\",\"postComment\",\"rating\",\"likeButton\",\"tags\",\"category\",\"favouriteButton\",\"view\",\"like\",\"comment\",\"review\",\"statics\"],\"socialshare_enable_plusicon\":\"1\",\"socialshare_icon_limit\":\"2\",\"heightss\":\"500\",\"title\":\"\",\"nomobile\":\"0\",\"name\":\"sesblog.view-blog\"}',NULL),(932,65,'widget','sesblog.gutter-photo',928,3,NULL,NULL),(933,65,'widget','sesblog.gutter-menu',928,4,NULL,NULL),(934,65,'widget','sesblog.like-button',928,5,NULL,NULL),(935,65,'widget','sesblog.advance-share',928,6,'{\"advShareOptions\":[\"privateMessage\",\"siteShare\",\"quickShare\"],\"title\":\"\",\"nomobile\":\"0\",\"name\":\"sesblog.advance-share\"}',NULL),(936,65,'widget','sesblog.favourite-button',928,7,NULL,NULL),(937,65,'widget','sesblog.profile-tags',928,8,'{\"itemCountPerPage\":\"30\",\"title\":\"Tags\",\"nomobile\":\"0\",\"name\":\"sesblog.profile-tags\"}',NULL),(938,65,'widget','sesblog.view-blog-description',929,9,NULL,NULL),(939,65,'widget','sesblog.blog-reviews',929,10,'{\"stats\":[\"likeCount\",\"commentCount\",\"viewCount\",\"title\",\"share\",\"report\",\"pros\",\"cons\",\"description\",\"recommended\",\"postedBy\",\"parameter\",\"creationDate\",\"rating\",\"likeButton\",\"socialSharing\"],\"pagging\":\"auto_load\",\"limit_data\":\"5\",\"title\":\"Blog Profile - Reviews\",\"nomobile\":\"0\",\"name\":\"sesblog.blog-reviews\"}',NULL),(940,65,'widget','core.container-tabs',929,11,'{\"max\":6}',NULL),(941,65,'widget','sesblog.similar-blogs',940,12,'{\"show_criteria\":[\"like\",\"comment\",\"favourite\",\"view\",\"title\",\"by\",\"rating\",\"featuredLabel\",\"sponsoredLabel\",\"verifiedLabel\",\"favouriteButton\",\"likeButton\",\"category\",\"socialSharing\"],\"socialshare_enable_plusicon\":\"1\",\"socialshare_icon_limit\":\"2\",\"showLimitData\":\"1\",\"height\":\"207\",\"width\":\"295\",\"list_title_truncation\":\"45\",\"limit_data\":\"3\",\"title\":\"Blogs\",\"nomobile\":\"0\",\"name\":\"sesblog.similar-blogs\"}',NULL),(942,65,'widget','sesblog.profile-videos',940,13,'{\"enableTabs\":[\"list\"],\"openViewType\":\"list\",\"show_criteria\":[\"featuredLabel\",\"sponsoredLabel\",\"hotLabel\",\"watchLater\",\"favouriteButton\",\"playlistAdd\",\"likeButton\",\"socialSharing\",\"like\",\"comment\",\"favourite\",\"rating\",\"view\",\"title\",\"category\",\"by\",\"duration\",\"description\"],\"pagging\":\"auto_load\",\"title_truncation_list\":\"45\",\"title_truncation_grid\":\"45\",\"DescriptionTruncationList\":\"45\",\"height\":\"160\",\"width\":\"140\",\"limit_data\":\"20\",\"title\":\"Videos\",\"nomobile\":\"0\",\"name\":\"sesblog.profile-videos\"}',NULL),(943,65,'widget','sesblog.profile-photos',929,14,'{\"title\":\"Albums\",\"titleCount\":false,\"load_content\":\"auto_load\",\"sort\":null,\"insideOutside\":\"outside\",\"fixHover\":\"fix\",\"show_criteria\":[\"like\",\"comment\",\"view\",\"favouriteCount\",\"title\",\"by\",\"socialSharing\",\"photoCount\",\"likeButton\",\"favouriteButton\"],\"title_truncation\":\"45\",\"limit_data\":\"20\",\"height\":\"200\",\"width\":\"236\",\"nomobile\":\"0\",\"name\":\"sesblog.profile-photos\"}',NULL),(944,65,'widget','core.comments',929,15,NULL,NULL),(945,66,'container','top',NULL,1,NULL,NULL),(946,66,'container','main',NULL,2,NULL,NULL),(947,66,'container','middle',945,1,NULL,NULL),(948,66,'container','right',946,3,NULL,NULL),(949,66,'container','middle',946,4,NULL,NULL),(950,66,'widget','sesblog.breadcrumb',947,1,NULL,NULL),(951,66,'widget','sesblog.view-blog',947,2,'{\"show_criteria\":[\"title\",\"description\",\"photo\",\"socialShare\",\"ownerOptions\",\"postComment\",\"rating\",\"likeButton\",\"tags\",\"category\",\"favouriteButton\",\"view\",\"like\",\"comment\",\"review\",\"statics\"],\"socialshare_enable_plusicon\":\"1\",\"socialshare_icon_limit\":\"2\",\"heightss\":\"500\",\"title\":\"\",\"nomobile\":\"0\",\"name\":\"sesblog.view-blog\"}',NULL),(952,66,'widget','sesblog.view-blog-description',949,3,NULL,NULL),(953,66,'widget','core.container-tabs',949,4,'{\"max\":6}',NULL),(954,66,'widget','sesblog.profile-photos',953,5,'{\"title\":\"Albums\",\"titleCount\":false,\"load_content\":\"auto_load\",\"sort\":\"recentlySPcreated\",\"insideOutside\":\"inside\",\"fixHover\":\"fix\",\"show_criteria\":[\"like\",\"comment\",\"view\",\"favouriteCount\",\"title\",\"by\",\"socialSharing\",\"photoCount\",\"likeButton\",\"favouriteButton\"],\"title_truncation\":\"45\",\"limit_data\":\"20\",\"height\":\"200\",\"width\":\"236\",\"nomobile\":\"0\",\"name\":\"sesblog.profile-photos\"}',NULL),(955,66,'widget','sesblog.blog-reviews',953,6,'{\"stats\":[\"likeCount\",\"commentCount\",\"viewCount\",\"title\",\"share\",\"report\",\"pros\",\"cons\",\"description\",\"recommended\",\"postedBy\",\"parameter\",\"creationDate\",\"rating\",\"likeButton\",\"socialSharing\"],\"pagging\":\"auto_load\",\"limit_data\":\"5\",\"title\":\"Reviews\",\"nomobile\":\"0\",\"name\":\"sesblog.blog-reviews\"}',NULL),(956,66,'widget','sesblog.related-blogs',953,7,NULL,NULL),(957,66,'widget','sesblog.profile-videos',953,8,'{\"enableTabs\":[\"list\"],\"openViewType\":\"list\",\"show_criteria\":[\"featuredLabel\",\"sponsoredLabel\",\"hotLabel\",\"watchLater\",\"favouriteButton\",\"playlistAdd\",\"likeButton\",\"socialSharing\",\"like\",\"comment\",\"favourite\",\"rating\",\"view\",\"title\",\"category\",\"by\",\"duration\",\"description\"],\"pagging\":\"auto_load\",\"title_truncation_list\":\"45\",\"title_truncation_grid\":\"45\",\"DescriptionTruncationList\":\"45\",\"height\":\"160\",\"width\":\"140\",\"limit_data\":\"20\",\"title\":\"Videos\",\"nomobile\":\"0\",\"name\":\"sesblog.profile-videos\"}',NULL),(958,66,'widget','sesblog.similar-blogs',949,9,'{\"show_criteria\":[\"like\",\"comment\",\"favourite\",\"view\",\"title\",\"by\",\"rating\",\"featuredLabel\",\"sponsoredLabel\",\"verifiedLabel\",\"favouriteButton\",\"likeButton\",\"category\",\"socialSharing\"],\"socialshare_enable_plusicon\":\"1\",\"socialshare_icon_limit\":\"2\",\"showLimitData\":\"0\",\"height\":\"200\",\"width\":\"295\",\"list_title_truncation\":\"45\",\"limit_data\":\"3\",\"title\":\"Similar Blogs\",\"nomobile\":\"0\",\"name\":\"sesblog.similar-blogs\"}',NULL),(959,66,'widget','core.comments',949,10,NULL,NULL),(960,66,'widget','sesblog.gutter-photo',948,11,NULL,NULL),(961,66,'widget','sesblog.gutter-menu',948,12,NULL,NULL),(962,66,'widget','sesblog.like-button',948,13,NULL,NULL),(963,66,'widget','sesblog.advance-share',948,14,'{\"advShareOptions\":[\"privateMessage\",\"siteShare\",\"quickShare\"],\"title\":\"\",\"nomobile\":\"0\",\"name\":\"sesblog.advance-share\"}',NULL),(964,66,'widget','sesblog.favourite-button',948,15,NULL,NULL),(965,66,'widget','sesblog.profile-tags',948,16,'{\"itemCountPerPage\":\"30\",\"title\":\"Tags\",\"nomobile\":\"0\",\"name\":\"sesblog.profile-tags\"}',NULL),(966,67,'container','main',NULL,1,NULL,NULL),(967,67,'container','left',966,1,NULL,NULL),(968,67,'container','middle',966,2,NULL,NULL),(969,67,'widget','sesblog.gutter-photo',967,1,NULL,NULL),(970,67,'widget','sesblog.like-button',967,2,NULL,NULL),(971,67,'widget','sesblog.favourite-button',967,3,NULL,NULL),(972,67,'widget','sesblog.advance-share',967,4,'{\"advShareOptions\":[\"privateMessage\",\"siteShare\",\"quickShare\"],\"title\":\"\",\"nomobile\":\"0\",\"name\":\"sesblog.advance-share\"}',NULL),(973,67,'widget','sesblog.gutter-menu',967,5,NULL,NULL),(974,67,'widget','sesblog.profile-tags',967,6,'{\"itemCountPerPage\":\"30\",\"title\":\"Tags\",\"nomobile\":\"0\",\"name\":\"sesblog.profile-tags\"}',NULL),(975,67,'widget','sesblog.breadcrumb',968,7,NULL,NULL),(976,67,'widget','sesblog.view-blog',968,8,'{\"show_criteria\":[\"title\",\"description\",\"photo\",\"socialShare\",\"ownerOptions\",\"postComment\",\"rating\",\"likeButton\",\"tags\",\"category\",\"favouriteButton\",\"view\",\"like\",\"comment\",\"review\",\"statics\"],\"socialshare_enable_plusicon\":\"1\",\"socialshare_icon_limit\":\"2\",\"heightss\":\"500\",\"title\":\"\",\"nomobile\":\"0\",\"name\":\"sesblog.view-blog\"}',NULL),(977,67,'widget','sesblog.similar-blogs',968,9,'{\"show_criteria\":[\"like\",\"comment\",\"favourite\",\"view\",\"title\",\"by\",\"rating\",\"featuredLabel\",\"sponsoredLabel\",\"verifiedLabel\",\"favouriteButton\",\"likeButton\",\"category\",\"socialSharing\"],\"showLimitData\":\"0\",\"height\":\"200\",\"width\":\"307\",\"list_title_truncation\":\"45\",\"limit_data\":\"3\",\"title\":\"Similar Blogs\",\"nomobile\":\"0\",\"name\":\"sesblog.similar-blogs\"}',NULL),(978,67,'widget','core.container-tabs',968,10,'{\"max\":6}',NULL),(979,67,'widget','sesblog.profile-photos',978,11,'{\"title\":\"Albums\",\"titleCount\":false,\"load_content\":\"auto_load\",\"sort\":\"recentlySPcreated\",\"insideOutside\":\"inside\",\"fixHover\":\"fix\",\"show_criteria\":[\"like\",\"comment\",\"view\",\"favouriteCount\",\"title\",\"by\",\"socialSharing\",\"photoCount\",\"likeButton\",\"favouriteButton\"],\"title_truncation\":\"45\",\"limit_data\":\"20\",\"height\":\"200\",\"width\":\"236\",\"nomobile\":\"0\",\"name\":\"sesblog.profile-photos\"}',NULL),(980,67,'widget','sesblog.blog-reviews',978,12,'{\"stats\":[\"likeCount\",\"commentCount\",\"viewCount\",\"title\",\"share\",\"report\",\"pros\",\"cons\",\"description\",\"recommended\",\"postedBy\",\"parameter\",\"creationDate\",\"rating\",\"likeButton\",\"socialSharing\"],\"pagging\":\"auto_load\",\"limit_data\":\"5\",\"title\":\"Blog Profile - Reviews\",\"nomobile\":\"0\",\"name\":\"sesblog.blog-reviews\"}',NULL),(981,67,'widget','sesblog.review-profile',978,13,NULL,NULL),(982,67,'widget','sesblog.profile-videos',978,14,'{\"enableTabs\":[\"list\"],\"openViewType\":\"list\",\"show_criteria\":[\"featuredLabel\",\"sponsoredLabel\",\"hotLabel\",\"watchLater\",\"favouriteButton\",\"playlistAdd\",\"likeButton\",\"socialSharing\",\"like\",\"comment\",\"favourite\",\"rating\",\"view\",\"title\",\"category\",\"by\",\"duration\",\"description\"],\"pagging\":\"auto_load\",\"title_truncation_list\":\"45\",\"title_truncation_grid\":\"45\",\"DescriptionTruncationList\":\"45\",\"height\":\"160\",\"width\":\"140\",\"limit_data\":\"20\",\"title\":\"Videos\",\"nomobile\":\"0\",\"name\":\"sesblog.profile-videos\"}',NULL),(983,67,'widget','sesblog.related-blogs',978,15,'{\"show_criteria\":[\"like\",\"comment\",\"favourite\",\"view\",\"title\",\"by\",\"rating\",\"featuredLabel\",\"sponsoredLabel\",\"verifiedLabel\",\"favouriteButton\",\"likeButton\",\"category\",\"socialSharing\"],\"showLimitData\":\"0\",\"height\":\"200\",\"width\":\"307\",\"list_title_truncation\":\"45\",\"limit_data\":\"3\",\"title\":\"Similar Blogs\",\"nomobile\":\"0\",\"name\":\"sesblog.similar-blogs\"}',NULL),(984,67,'widget','core.comments',968,16,'{\"title\":\"\",\"name\":\"core.comments\"}',NULL),(985,68,'container','main',NULL,1,NULL,NULL),(986,68,'container','left',985,1,NULL,NULL),(987,68,'container','middle',985,2,NULL,NULL),(988,68,'widget','sesblog.review-owner-photo',986,1,'{\"title\":\"\",\"showTitle\":\"1\",\"nomobile\":\"0\",\"name\":\"sesblog.review-owner-photo\"}',NULL),(989,68,'widget','sesblog.review-profile-options',986,2,'{\"viewType\":\"vertical\",\"title\":\"\",\"nomobile\":\"0\",\"name\":\"sesblog.review-profile-options\"}',NULL),(990,68,'widget','sesblog.review-breadcrumb',987,3,NULL,NULL),(991,68,'widget','sesblog.review-profile',987,4,NULL,NULL),(992,68,'widget','core.comments',987,5,NULL,NULL),(993,69,'container','top',NULL,1,NULL,NULL),(994,69,'container','main',NULL,2,NULL,NULL),(995,69,'container','middle',993,1,NULL,NULL),(996,69,'container','middle',994,2,NULL,NULL),(997,69,'widget','sesblog.browse-menu',995,1,NULL,NULL),(998,69,'widget','sesblog.category-view',996,2,'{\"viewType\":\"grid\",\"show_subcat\":\"1\",\"show_subcatcriteria\":[\"icon\",\"title\",\"countBlog\"],\"heightSubcat\":\"160\",\"widthSubcat\":\"290\",\"textBlog\":\"Blogs we like\",\"show_criteria\":[\"featuredLabel\",\"sponsoredLabel\",\"like\",\"comment\",\"rating\",\"ratingStar\",\"favourite\",\"view\",\"title\",\"by\",\"description\",\"readmore\",\"creationDate\"],\"pagging\":\"button\",\"description_truncation\":\"150\",\"blog_limit\":\"12\",\"height\":\"200\",\"width\":\"294\",\"title\":\"\",\"nomobile\":\"0\",\"name\":\"sesblog.category-view\"}',NULL),(999,70,'container','top',NULL,1,NULL,NULL),(1000,70,'container','main',NULL,2,NULL,NULL),(1001,70,'container','middle',999,1,NULL,NULL),(1002,70,'container','middle',1000,2,NULL,NULL),(1003,70,'widget','sesblog.browse-menu',1001,2,NULL,NULL),(1004,70,'widget','core.content',1002,1,NULL,NULL),(1005,71,'container','top',NULL,1,NULL,NULL),(1006,71,'container','main',NULL,2,NULL,NULL),(1007,71,'container','middle',1005,1,NULL,NULL),(1008,71,'container','middle',1006,2,NULL,NULL),(1009,71,'widget','sesblog.browse-menu',1007,2,NULL,NULL),(1010,71,'widget','core.content',1008,1,NULL,NULL),(1011,72,'container','top',NULL,1,NULL,NULL),(1012,72,'container','main',NULL,2,NULL,NULL),(1013,72,'container','middle',1011,1,NULL,NULL),(1014,72,'container','middle',1012,2,NULL,NULL),(1015,72,'widget','sesblog.browse-menu',1013,2,NULL,NULL),(1016,72,'widget','core.content',1014,1,NULL,NULL),(1021,4,'widget','sesblog.similar-blogs',412,6,'{\"show_criteria\":[\"title\"],\"socialshare_enable_plusicon\":\"1\",\"socialshare_icon_limit\":\"2\",\"showLimitData\":\"1\",\"height\":\"180\",\"gridblock\":\"12\",\"list_title_truncation\":\"45\",\"limit_data\":\"3\",\"title\":\"\",\"nomobile\":\"0\",\"name\":\"sesblog.similar-blogs\"}',NULL),(1023,4,'widget','sesblog.browse-blogs',412,7,'{\"enableTabs\":[\"list1\",\"list2\",\"list3\",\"list4\",\"grid1\",\"grid2\",\"grid3\",\"grid4\",\"pinboard\",\"map\"],\"openViewType\":\"grid1\",\"show_criteria\":[\"featuredLabel\",\"sponsoredLabel\",\"verifiedLabel\",\"favouriteButton\",\"likeButton\",\"socialSharing\",\"like\",\"favourite\",\"comment\",\"readtime\",\"ratingStar\",\"rating\",\"view\",\"title\",\"category\",\"by\",\"ownerPhoto\",\"readmore\",\"creationDate\",\"location\",\"descriptionlist\",\"descriptionsimplelist\",\"descriptionadvlist\",\"description4list\",\"descriptionadvgrid\",\"descriptionsupergrid\",\"description4grid\",\"descriptionpinboard\"],\"socialshare_enable_listview1plusicon\":\"1\",\"socialshare_icon_listview1limit\":\"2\",\"title_truncation_list\":\"45\",\"description_truncation_list\":\"45\",\"height_list\":\"300\",\"width_list\":\"500\",\"socialshare_enable_listview2plusicon\":\"1\",\"socialshare_icon_listview2limit\":\"2\",\"socialshare_enable_listview3plusicon\":\"1\",\"socialshare_icon_listview3limit\":\"2\",\"socialshare_enable_listview4plusicon\":\"1\",\"socialshare_icon_listview4limit\":\"2\",\"socialshare_enable_gridview1plusicon\":\"1\",\"socialshare_icon_gridview1limit\":\"2\",\"socialshare_enable_gridview2plusicon\":\"1\",\"socialshare_icon_gridview2limit\":\"2\",\"socialshare_enable_gridview3plusicon\":\"1\",\"socialshare_icon_gridview3limit\":\"2\",\"socialshare_enable_gridview4plusicon\":\"1\",\"socialshare_icon_gridview4limit\":\"2\",\"socialshare_enable_pinviewplusicon\":\"1\",\"socialshare_icon_pinviewlimit\":\"2\",\"socialshare_enable_mapviewplusicon\":\"1\",\"socialshare_icon_mapviewlimit\":\"2\",\"category\":\"0\",\"sort\":\"recentlySPcreated\",\"show_item_count\":\"0\",\"title_truncation_grid\":\"45\",\"title_truncation_pinboard\":\"45\",\"title_truncation_simplelist\":\"45\",\"title_truncation_advlist\":\"45\",\"title_truncation_advlist2\":\"45\",\"title_truncation_advgrid\":\"45\",\"title_truncation_advgrid2\":\"25\",\"title_truncation_supergrid\":\"25\",\"description_truncation_grid\":\"45\",\"description_truncation_pinboard\":\"45\",\"description_truncation_simplelist\":\"45\",\"description_truncation_advlist\":\"45\",\"description_truncation_advlist2\":\"45\",\"description_truncation_advgrid\":\"45\",\"description_truncation_supergrid\":\"45\",\"height_grid\":\"270\",\"height_simplelist\":\"230\",\"width_simplelist\":\"260\",\"height_advgrid\":\"230\",\"height_avdgrid2\":\"400\",\"height_supergrid\":\"255\",\"width_pinboard\":\"300\",\"gridblock\":\"12\",\"gridblock2\":\"12\",\"limit_data_list1\":\"20\",\"limit_data_list2\":\"10\",\"limit_data_list3\":\"10\",\"limit_data_list4\":\"10\",\"limit_data_grid1\":\"20\",\"limit_data_grid2\":\"10\",\"limit_data_grid3\":\"10\",\"limit_data_grid4\":\"10\",\"limit_data_pinboard\":\"10\",\"pagging\":\"auto_load\",\"title\":\"\",\"nomobile\":\"0\",\"name\":\"sesblog.browse-blogs\"}',NULL),(1024,4,'container','top',NULL,1,'[]',NULL),(1025,4,'container','middle',1024,6,'[]',NULL),(1032,75,'container','main',NULL,2,'[]',NULL),(1033,75,'container','middle',1032,6,'[]',NULL),(1034,75,'widget','ahead.html',1033,3,'[]',NULL),(1041,78,'container','main',NULL,1,NULL,NULL),(1042,78,'container','middle',1041,1,NULL,NULL),(1043,79,'container','main',NULL,1,NULL,NULL),(1044,79,'container','middle',1043,1,NULL,NULL),(1045,80,'container','main',NULL,1,NULL,NULL),(1046,80,'container','middle',1045,1,NULL,NULL),(1047,81,'container','main',NULL,1,NULL,NULL),(1048,81,'container','middle',1047,1,NULL,NULL),(1049,82,'container','main',NULL,1,NULL,NULL),(1050,82,'container','middle',1049,1,NULL,NULL),(1051,83,'container','main',NULL,1,NULL,NULL),(1052,83,'container','middle',1051,1,NULL,NULL),(1053,84,'container','main',NULL,1,NULL,NULL),(1054,84,'container','middle',1053,1,NULL,NULL),(1055,85,'container','main',NULL,1,NULL,NULL),(1056,85,'container','middle',1055,1,NULL,NULL),(1057,86,'container','main',NULL,1,NULL,NULL),(1058,86,'container','middle',1057,1,NULL,NULL),(1059,87,'container','main',NULL,2,'[\"[]\"]',NULL),(1060,87,'container','middle',1059,6,'[\"[]\"]',NULL),(1061,87,'widget','ahead.content-writer',1060,3,'[]',NULL),(1062,5,'widget','blog.profile-blogs',531,6,'{\"title\":\"Blogs\",\"titleCount\":true}',NULL),(1063,10,'widget','blog.hashtag-search-results',570,100,'{\"title\":\"Blogs\",\"titleCount\":true}',NULL),(1064,88,'container','main',NULL,1,NULL,NULL),(1065,88,'container','left',1064,1,NULL,NULL),(1066,88,'container','middle',1064,2,NULL,NULL),(1067,88,'widget','blog.gutter-photo',1065,1,NULL,NULL),(1068,88,'widget','blog.gutter-menu',1065,2,NULL,NULL),(1069,88,'widget','blog.gutter-search',1065,3,NULL,NULL),(1070,88,'widget','core.content',1066,1,NULL,NULL),(1071,89,'container','main',NULL,2,'[\"[]\"]',NULL),(1073,89,'container','middle',1071,6,'[\"[]\"]',NULL),(1078,89,'widget','core.content',1073,4,'{\"title\":\"\",\"name\":\"core.content\"}',NULL),(1081,90,'container','main',NULL,2,'[\"[]\"]',NULL),(1083,90,'container','middle',1081,6,'[\"[]\"]',NULL),(1087,90,'widget','core.content',1083,3,'[\"[]\"]',NULL),(1091,91,'container','top',NULL,1,NULL,NULL),(1092,91,'container','main',NULL,2,NULL,NULL),(1093,91,'container','middle',1091,1,NULL,NULL),(1094,91,'container','middle',1092,2,NULL,NULL),(1095,91,'widget','blog.browse-menu',1093,1,NULL,NULL),(1096,91,'widget','core.content',1094,1,NULL,NULL),(1097,92,'container','top',NULL,1,'[\"[]\"]',NULL),(1098,92,'container','main',NULL,2,'[\"[]\"]',NULL),(1099,92,'container','middle',1097,6,'[\"[]\"]',NULL),(1100,92,'container','middle',1098,6,'[\"[]\"]',NULL),(1103,92,'widget','core.content',1100,5,'[\"[]\"]',NULL),(1106,89,'container','right',1071,5,'[\"[]\"]',NULL),(1107,89,'widget','blog.list-recent-blogs',1106,7,'{\"title\":\"Recent Blog Entries\",\"recentType\":\"creation\",\"nomobile\":\"0\",\"itemCountPerPage\":\"3\",\"name\":\"blog.list-recent-blogs\"}',NULL),(1111,94,'container','main',NULL,2,'[]',NULL),(1112,94,'container','middle',1111,6,'[]',NULL),(1113,94,'widget','ahead.digital-marketing',1112,3,'[]',NULL),(1114,95,'container','main',NULL,2,'[]',NULL),(1115,95,'container','middle',1114,6,'[]',NULL),(1116,95,'widget','ahead.automotive',1115,3,'[\"[]\"]',NULL),(1123,98,'container','main',NULL,2,'[]',NULL),(1124,98,'container','middle',1123,6,'[]',NULL),(1125,98,'widget','ahead.media',1124,3,'[]',NULL),(1129,100,'container','main',NULL,2,'[]',NULL),(1130,100,'container','middle',1129,6,'[]',NULL),(1131,100,'widget','ahead.finance',1130,3,'[]',NULL),(1132,101,'container','main',NULL,2,'[]',NULL),(1133,101,'container','middle',1132,6,'[]',NULL),(1134,101,'widget','ahead.education',1133,3,'[\"[]\"]',NULL),(1135,102,'container','main',NULL,2,'[]',NULL),(1136,102,'container','middle',1135,6,'[]',NULL),(1137,102,'widget','ahead.food',1136,3,'[\"[]\"]',NULL),(1144,89,'widget','blog.list-related-blogs',1106,6,'{\"title\":\"Related Blog Entries\",\"popularType\":\"view_count\",\"nomobile\":\"0\",\"itemCountPerPage\":\"3\",\"name\":\"blog.list-related-blogs\"}',NULL),(1145,105,'container','top',NULL,1,'[]',NULL),(1146,105,'container','main',NULL,2,'[]',NULL),(1147,105,'container','middle',1146,6,'[]',NULL),(1149,105,'widget','ahead.nodejs',1147,4,'[\"[]\"]',NULL),(1150,106,'container','top',NULL,1,'[]',NULL),(1151,106,'container','main',NULL,2,'[]',NULL),(1152,106,'container','middle',1151,6,'[]',NULL),(1154,106,'widget','ahead.reactjs',1152,4,'[]',NULL),(1155,107,'container','top',NULL,1,'[]',NULL),(1156,107,'container','main',NULL,2,'[]',NULL),(1157,107,'container','middle',1156,6,'[]',NULL),(1159,107,'widget','ahead.android',1157,4,'[]',NULL),(1160,108,'container','top',NULL,1,'[]',NULL),(1161,108,'container','main',NULL,2,'[]',NULL),(1162,108,'container','middle',1161,6,'[]',NULL),(1164,108,'widget','ahead.ios',1162,4,'[]',NULL),(1165,109,'container','top',NULL,1,'[]',NULL),(1166,109,'container','main',NULL,2,'[]',NULL),(1167,109,'container','middle',1166,6,'[]',NULL),(1169,109,'widget','ahead.react-native',1167,4,'[]',NULL),(1170,110,'container','top',NULL,1,'[]',NULL),(1171,110,'container','main',NULL,2,'[]',NULL),(1172,110,'container','middle',1171,6,'[]',NULL),(1174,110,'widget','ahead.mern',1172,4,'[]',NULL),(1175,111,'container','top',NULL,1,'[]',NULL),(1176,111,'container','main',NULL,2,'[]',NULL),(1177,111,'container','middle',1176,6,'[]',NULL),(1179,111,'widget','ahead.ui-ux',1177,4,'[]',NULL),(1180,112,'container','top',NULL,1,'[]',NULL),(1181,112,'container','main',NULL,2,'[]',NULL),(1182,112,'container','middle',1181,6,'[]',NULL),(1184,112,'widget','ahead.php',1182,4,'[]',NULL),(1185,113,'container','top',NULL,1,'[]',NULL),(1186,113,'container','main',NULL,2,'[]',NULL),(1187,113,'container','middle',1186,6,'[]',NULL),(1189,113,'widget','ahead.html',1187,4,'[]',NULL),(1190,114,'container','top',NULL,1,'[]',NULL),(1191,114,'container','main',NULL,2,'[]',NULL),(1192,114,'container','middle',1191,6,'[]',NULL),(1194,114,'widget','ahead.qa',1192,4,'[]',NULL),(1195,115,'container','top',NULL,1,'[]',NULL),(1196,115,'container','main',NULL,2,'[]',NULL),(1197,115,'container','middle',1196,6,'[]',NULL),(1199,115,'widget','ahead.seo',1197,4,'[]',NULL),(1200,116,'container','top',NULL,1,'[]',NULL),(1201,116,'container','main',NULL,2,'[]',NULL),(1202,116,'container','middle',1201,6,'[]',NULL),(1204,116,'widget','ahead.content-writer',1202,4,'[]',NULL),(1205,117,'container','top',NULL,1,'[]',NULL),(1206,117,'container','main',NULL,2,'[]',NULL),(1207,117,'container','middle',1206,6,'[]',NULL),(1209,117,'widget','ahead.project-manager',1207,4,'[]',NULL),(1210,118,'container','top',NULL,1,'[\"[]\"]',NULL),(1211,118,'container','main',NULL,2,'[\"[]\"]',NULL),(1212,118,'container','middle',1211,6,'[\"[]\"]',NULL),(1214,118,'widget','ahead.digital-marketing',1212,4,'[\"[]\"]',NULL),(1215,119,'container','top',NULL,1,'[]',NULL),(1216,119,'container','main',NULL,2,'[]',NULL),(1217,119,'container','middle',1216,6,'[]',NULL),(1219,119,'widget','ahead.industries',1217,4,'[]',NULL),(1220,120,'container','top',NULL,1,'[]',NULL),(1221,120,'container','main',NULL,2,'[]',NULL),(1222,120,'container','middle',1221,6,'[]',NULL),(1224,120,'widget','ahead.automotive',1222,4,'[]',NULL),(1225,121,'container','top',NULL,1,'[]',NULL),(1226,121,'container','main',NULL,2,'[]',NULL),(1227,121,'container','middle',1226,6,'[]',NULL),(1229,121,'widget','ahead.real-estate',1227,4,'[\"[]\"]',NULL),(1235,123,'container','top',NULL,1,'[]',NULL),(1236,123,'container','main',NULL,2,'[]',NULL),(1237,123,'container','middle',1236,6,'[]',NULL),(1239,123,'widget','ahead.travel',1237,4,'[]',NULL),(1240,124,'container','top',NULL,1,'[]',NULL),(1241,124,'container','main',NULL,2,'[]',NULL),(1242,124,'container','middle',1241,6,'[]',NULL),(1244,124,'widget','ahead.media',1242,4,'[]',NULL),(1245,125,'container','top',NULL,1,'[]',NULL),(1246,125,'container','main',NULL,2,'[]',NULL),(1247,125,'container','middle',1246,6,'[]',NULL),(1249,125,'widget','ahead.ecommerce',1247,4,'[]',NULL),(1250,126,'container','top',NULL,1,'[]',NULL),(1251,126,'container','main',NULL,2,'[]',NULL),(1252,126,'container','middle',1251,6,'[]',NULL),(1254,126,'widget','ahead.finance',1252,4,'[]',NULL),(1255,127,'container','top',NULL,1,'[]',NULL),(1256,127,'container','main',NULL,2,'[]',NULL),(1257,127,'container','middle',1256,6,'[]',NULL),(1259,127,'widget','ahead.education',1257,4,'[]',NULL),(1260,128,'container','top',NULL,1,'[]',NULL),(1261,128,'container','main',NULL,2,'[]',NULL),(1262,128,'container','middle',1261,6,'[]',NULL),(1264,128,'widget','ahead.food',1262,4,'[]',NULL),(1265,129,'container','top',NULL,1,'[]',NULL),(1266,129,'container','main',NULL,2,'[]',NULL),(1267,129,'container','middle',1266,6,'[]',NULL),(1269,129,'widget','ahead.sports',1267,4,'[]',NULL),(1270,130,'container','top',NULL,1,'[]',NULL),(1271,130,'container','main',NULL,2,'[]',NULL),(1272,130,'container','middle',1271,6,'[]',NULL),(1274,130,'widget','ahead.professional-solutions',1272,4,'[]',NULL),(1275,131,'container','top',NULL,1,'[]',NULL),(1276,131,'container','main',NULL,2,'[]',NULL),(1277,131,'container','middle',1276,6,'[]',NULL),(1279,131,'widget','ahead.healthcare',1277,4,'[]',NULL),(1280,132,'container','top',NULL,1,'[]',NULL),(1281,132,'container','main',NULL,2,'[]',NULL),(1282,132,'container','middle',1281,6,'[]',NULL),(1284,132,'widget','ahead.it-solutions',1282,4,'[]',NULL),(1285,133,'container','top',NULL,1,'[]',NULL),(1286,133,'container','main',NULL,2,'[]',NULL),(1287,133,'container','middle',1286,6,'[]',NULL),(1289,133,'widget','ahead.solutions',1287,4,'[]',NULL),(1290,134,'container','main',NULL,1,NULL,NULL),(1291,134,'container','middle',1290,2,NULL,NULL),(1292,134,'widget','core.content',1291,1,NULL,NULL),(1293,135,'container','main',NULL,1,NULL,NULL),(1294,135,'container','middle',1293,2,NULL,NULL),(1295,135,'widget','core.content',1294,1,NULL,NULL),(1296,136,'container','main',NULL,1,NULL,NULL),(1297,136,'container','middle',1296,1,NULL,NULL),(1298,136,'widget','core.content',1297,1,NULL,NULL),(1299,137,'container','top',NULL,1,NULL,NULL),(1300,137,'container','main',NULL,2,NULL,NULL),(1301,137,'container','middle',1300,2,NULL,NULL),(1302,137,'container','right',1300,1,NULL,NULL),(1303,137,'widget','core.content',1301,1,NULL,NULL),(1304,137,'widget','activity.photo-video-info',1302,1,NULL,NULL),(1305,137,'widget','core.comments',1302,2,NULL,NULL),(1306,138,'container','top',NULL,1,NULL,NULL),(1307,138,'container','main',NULL,2,NULL,NULL),(1308,138,'container','middle',1306,1,NULL,NULL),(1309,138,'container','middle',1307,2,NULL,NULL),(1310,138,'container','left',1307,1,NULL,NULL),(1311,138,'widget','activity.onthisday-banner',1309,1,NULL,NULL),(1312,138,'widget','activity.feed',1309,2,NULL,NULL),(1313,138,'widget','user.home-links',1310,1,NULL,NULL),(1314,138,'widget','core.statistics',1310,2,NULL,NULL),(1315,139,'container','top',NULL,1,NULL,NULL),(1316,139,'container','main',NULL,2,NULL,NULL),(1317,139,'container','middle',1316,2,NULL,NULL),(1318,139,'widget','activity.sell-something',1317,1,NULL,NULL),(1319,89,'widget','blog.breadcrumb',1073,1,NULL,NULL),(1320,140,'container','top',NULL,1,'[\"[]\"]',NULL),(1321,140,'container','main',NULL,2,'[\"[]\"]',NULL),(1322,140,'container','middle',1321,6,'[\"[]\"]',NULL),(1324,140,'widget','ahead.contact',1322,4,'[\"[]\"]',NULL);

--
